000
CDUS43 KLOT 180639
CLIVPZ


CLIMATE REPORT
NATIONAL WEATHER SERVICE CHICAGO IL
1237 AM CST WED JAN 18 2017


...................................

...THE VALPARAISO CLIMATE SUMMARY FOR JANUARY 17 2017...

CLIMATE NORMAL PERIOD 1981 TO 2010
CLIMATE RECORD PERIOD 1998 TO 2017


WEATHER ITEM   OBSERVED TIME   RECORD YEAR NORMAL DEPARTURE LAST
                VALUE   (LST)  VALUE       VALUE  FROM      YEAR
                                                  NORMAL
..................................................................
TEMPERATURE (F)
 YESTERDAY
  MAXIMUM         52    345 AM  55    1999  31     21       20
  MINIMUM         36   1159 PM  -4    2009  16     20        1
                                      2005
  AVERAGE         44                        23     21       11

PRECIPITATION (IN)
  YESTERDAY        0.29R         0.28 2012   0.06   0.23      T
  MONTH TO DATE    1.82                      0.92   0.90     0.40
  SINCE DEC 1      2.57                      3.10  -0.53     2.53
  SINCE JAN 1      1.82                      0.92   0.90     0.40

DEGREE DAYS
 HEATING
  YESTERDAY       21                        42    -21       54
  MONTH TO DATE  643                       705    -62      659
  SINCE DEC 1   1841                      1849     -8     1372
  SINCE JUL 1   2654                      3107   -453     2348

 COOLING
  YESTERDAY        0                         0      0        0
  MONTH TO DATE    0                         0      0        0
  SINCE DEC 1      0                         0      0        0
  SINCE JAN 1      0                         0      0        0
..................................................................


WIND (MPH)
  RESULTANT WIND SPEED  12   RESULTANT WIND DIRECTION   W (250)
  HIGHEST WIND SPEED    22   HIGHEST WIND DIRECTION    SW (240)
  HIGHEST GUST SPEED    27   HIGHEST GUST DIRECTION    SW (240)
  AVERAGE WIND SPEED    13.0



WEATHER CONDITIONS
 THE FOLLOWING WEATHER WAS RECORDED YESTERDAY.
  HEAVY RAIN
  RAIN
  LIGHT RAIN
  FOG
  FOG W/VISIBILITY <= 1/4 MILE


..........................................................


THE VALPARAISO CLIMATE NORMALS FOR TODAY
                         NORMAL    RECORD    YEAR
 MAXIMUM TEMPERATURE (F)   31        46      1999
 MINIMUM TEMPERATURE (F)   16        -3      2016


SUNRISE AND SUNSET
JANUARY 18 2017.......SUNRISE   710 AM CST   SUNSET   447 PM CST
JANUARY 19 2017.......SUNRISE   710 AM CST   SUNSET   448 PM CST


-  INDICATES NEGATIVE NUMBERS.
R  INDICATES RECORD WAS SET OR TIED.
MM INDICATES DATA IS MISSING.
T  INDICATES TRACE AMOUNT.




$$
