000
CDUS43 KLOT 260639
CLIVPZ


CLIMATE REPORT
NATIONAL WEATHER SERVICE CHICAGO IL
138 AM CDT FRI MAY 26 2017


...................................

...THE VALPARAISO CLIMATE SUMMARY FOR MAY 25 2017...

CLIMATE NORMAL PERIOD 1981 TO 2010
CLIMATE RECORD PERIOD 1998 TO 2017


WEATHER ITEM   OBSERVED TIME   RECORD YEAR NORMAL DEPARTURE LAST
                VALUE   (LST)  VALUE       VALUE  FROM      YEAR
                                                  NORMAL
..................................................................
TEMPERATURE (F)
 YESTERDAY
  MAXIMUM         65    435 PM  88    2016  73     -8       88
  MINIMUM         51    343 AM  36    2013  51      0       60
  AVERAGE         58                        62     -4       74

PRECIPITATION (IN)
  YESTERDAY        0.00          1.72 2011   0.12  -0.12     0.04
  MONTH TO DATE    3.23                      3.17   0.06     1.70
  SINCE MAR 1     11.68                      9.18   2.50     7.43
  SINCE JAN 1     15.12                     12.35   2.77     8.76

DEGREE DAYS
 HEATING
  YESTERDAY        7                         5      2        0
  MONTH TO DATE  215                       195     20      237
  SINCE MAR 1   1320                      1522   -202     1380
  SINCE JUL 1   5034                      6254  -1220     5238

 COOLING
  YESTERDAY        0                         2     -2        9
  MONTH TO DATE   33                        28      5       15
  SINCE MAR 1     46                        33     13       21
  SINCE JAN 1     46                        33     13       21
..................................................................


WIND (MPH)
  RESULTANT WIND SPEED   9   RESULTANT WIND DIRECTION  NW (330)
  HIGHEST WIND SPEED    17   HIGHEST WIND DIRECTION    NW (320)
  HIGHEST GUST SPEED    22   HIGHEST GUST DIRECTION    NW (310)
  AVERAGE WIND SPEED     8.9



WEATHER CONDITIONS
 THE FOLLOWING WEATHER WAS RECORDED YESTERDAY.
  FOG


..........................................................


THE VALPARAISO CLIMATE NORMALS FOR TODAY
                         NORMAL    RECORD    YEAR
 MAXIMUM TEMPERATURE (F)   74        91      2012
 MINIMUM TEMPERATURE (F)   51        37      2002


SUNRISE AND SUNSET
MAY 26 2017...........SUNRISE   520 AM CDT   SUNSET   811 PM CDT
MAY 27 2017...........SUNRISE   519 AM CDT   SUNSET   812 PM CDT


-  INDICATES NEGATIVE NUMBERS.
R  INDICATES RECORD WAS SET OR TIED.
MM INDICATES DATA IS MISSING.
T  INDICATES TRACE AMOUNT.




$$
