000
CDUS43 KLOT 230634
CLIVPZ


CLIMATE REPORT
NATIONAL WEATHER SERVICE CHICAGO IL
133 AM CDT SAT SEP 23 2017


...................................

...THE VALPARAISO CLIMATE SUMMARY FOR SEPTEMBER 22 2017...

CLIMATE NORMAL PERIOD 1981 TO 2010
CLIMATE RECORD PERIOD 1998 TO 2017


WEATHER ITEM   OBSERVED TIME   RECORD YEAR NORMAL DEPARTURE LAST
                VALUE   (LST)  VALUE       VALUE  FROM      YEAR
                                                  NORMAL
..................................................................
TEMPERATURE (F)
 YESTERDAY
  MAXIMUM         95R   208 PM  91    2005  72     23       84
  MINIMUM         66    555 AM  38    1999  50     16       61
  AVERAGE         81                        61     20       73

PRECIPITATION (IN)
  YESTERDAY        0.00          0.39 2009   0.10  -0.10      T
  MONTH TO DATE    1.39                      2.36  -0.97     0.72
  SINCE SEP 1      1.39                      2.36  -0.97     0.72
  SINCE JAN 1     25.44                     27.90  -2.46    23.56

DEGREE DAYS
 HEATING
  YESTERDAY        0                         5     -5        0
  MONTH TO DATE   46                        58    -12        0
  SINCE SEP 1     46                        58    -12        0
  SINCE JUL 1     52                        75    -23        8

 COOLING
  YESTERDAY       16                         1     15        8
  MONTH TO DATE  101                        57     44      119
  SINCE SEP 1    101                        57     44      119
  SINCE JAN 1    865                       693    172      968
..................................................................


WIND (MPH)
  RESULTANT WIND SPEED   1   RESULTANT WIND DIRECTION  SE (120)
  HIGHEST WIND SPEED     9   HIGHEST WIND DIRECTION    SW (220)
  HIGHEST GUST SPEED    14   HIGHEST GUST DIRECTION    SW (220)
  AVERAGE WIND SPEED     2.0



WEATHER CONDITIONS
 THE FOLLOWING WEATHER WAS RECORDED YESTERDAY.
  FOG
  HAZE


..........................................................


THE VALPARAISO CLIMATE NORMALS FOR TODAY
                         NORMAL    RECORD    YEAR
 MAXIMUM TEMPERATURE (F)   72        90      2010
 MINIMUM TEMPERATURE (F)   50        39      2012


SUNRISE AND SUNSET
SEPTEMBER 23 2017.....SUNRISE   637 AM CDT   SUNSET   643 PM CDT
SEPTEMBER 24 2017.....SUNRISE   638 AM CDT   SUNSET   641 PM CDT


-  INDICATES NEGATIVE NUMBERS.
R  INDICATES RECORD WAS SET OR TIED.
MM INDICATES DATA IS MISSING.
T  INDICATES TRACE AMOUNT.




$$
