000
CDUS43 KLOT 280639
CLIVPZ


CLIMATE REPORT
NATIONAL WEATHER SERVICE CHICAGO IL
134 AM CDT FRI AUG 28 2015


...................................

...THE VALPARAISO CLIMATE SUMMARY FOR AUGUST 27 2015...

CLIMATE NORMAL PERIOD 1981 TO 2010
CLIMATE RECORD PERIOD 1998 TO 2015


WEATHER ITEM   OBSERVED TIME   RECORD YEAR NORMAL DEPARTURE LAST
                VALUE   (LST)  VALUE       VALUE  FROM      YEAR
                                                  NORMAL
..................................................................
TEMPERATURE (F)
 YESTERDAY
  MAXIMUM         73    318 PM  93    2013  80     -7       80
  MINIMUM         55   1137 PM  50    2010  59     -4       59
  AVERAGE         64                        70     -6       70

PRECIPITATION (IN)
  YESTERDAY        0.00          1.39 2009   0.14  -0.14     0.00
  MONTH TO DATE    4.28                      3.78   0.50     9.62
  SINCE JUN 1     14.81                     12.03   2.78    19.56
  SINCE JAN 1     23.60                     25.01  -1.41    28.49

DEGREE DAYS
 HEATING
  YESTERDAY        1                         1      0        0
  MONTH TO DATE    5                         3      2       15
  SINCE JUN 1     38                        48    -10       60
  SINCE JUL 1     11                         7      4       40

 COOLING
  YESTERDAY        0                         5     -5        5
  MONTH TO DATE  160                       167     -7      169
  SINCE JUN 1    494                       571    -77      440
  SINCE JAN 1    570                       618    -48      513
..................................................................


WIND (MPH)
  RESULTANT WIND SPEED   2   RESULTANT WIND DIRECTION   E (80)
  HIGHEST WIND SPEED     9   HIGHEST WIND DIRECTION     E (100)
  HIGHEST GUST SPEED    14   HIGHEST GUST DIRECTION    SE (130)
  AVERAGE WIND SPEED     3.9



WEATHER CONDITIONS
 THE FOLLOWING WEATHER WAS RECORDED YESTERDAY.
  NO SIGNIFICANT WEATHER WAS OBSERVED.


..........................................................


THE VALPARAISO CLIMATE NORMALS FOR TODAY
                         NORMAL    RECORD    YEAR
 MAXIMUM TEMPERATURE (F)   79        91      2003
 MINIMUM TEMPERATURE (F)   59        54      2010


SUNRISE AND SUNSET
AUGUST 28 2015........SUNRISE   610 AM CDT   SUNSET   728 PM CDT
AUGUST 29 2015........SUNRISE   611 AM CDT   SUNSET   726 PM CDT


-  INDICATES NEGATIVE NUMBERS.
R  INDICATES RECORD WAS SET OR TIED.
MM INDICATES DATA IS MISSING.
T  INDICATES TRACE AMOUNT.




$$
