000
CDUS43 KLOT 240637
CLIVPZ


CLIMATE REPORT
NATIONAL WEATHER SERVICE CHICAGO IL
1237 AM CST FRI NOV 24 2017


...................................

...THE VALPARAISO CLIMATE SUMMARY FOR NOVEMBER 23 2017...

CLIMATE NORMAL PERIOD 1981 TO 2010
CLIMATE RECORD PERIOD 1998 TO 2017


WEATHER ITEM   OBSERVED TIME   RECORD YEAR NORMAL DEPARTURE LAST
                VALUE   (LST)  VALUE       VALUE  FROM      YEAR
                                                  NORMAL
..................................................................
TEMPERATURE (F)
 YESTERDAY
  MAXIMUM         47    324 PM  65    2003  44      3       46
                                      1999
  MINIMUM         30   1223 AM  15    2008  30      0       36
                                      2000
  AVERAGE         39                        37      2       41

PRECIPITATION (IN)
  YESTERDAY        0.00          1.22 2014   0.10  -0.10     0.57
  MONTH TO DATE    2.53                      2.62  -0.09     1.93
  SINCE SEP 1     10.44                      9.08   1.36     7.82
  SINCE JAN 1     34.49                     34.62  -0.13    30.66

DEGREE DAYS
 HEATING
  YESTERDAY       26                        28     -2       24
  MONTH TO DATE  557                       519     38      366
  SINCE SEP 1    861                      1032   -171      648
  SINCE JUL 1    867                      1049   -182      656

 COOLING
  YESTERDAY        0                         0      0        0
  MONTH TO DATE    0                         0      0        4
  SINCE SEP 1    204                        77    127      168
  SINCE JAN 1    968                       713    255     1017
..................................................................


WIND (MPH)
  RESULTANT WIND SPEED   8   RESULTANT WIND DIRECTION  SW (210)
  HIGHEST WIND SPEED    17   HIGHEST WIND DIRECTION    SW (220)
  HIGHEST GUST SPEED    21   HIGHEST GUST DIRECTION    SW (210)
  AVERAGE WIND SPEED     7.9



WEATHER CONDITIONS
 THE FOLLOWING WEATHER WAS RECORDED YESTERDAY.
  NO SIGNIFICANT WEATHER WAS OBSERVED.


..........................................................


THE VALPARAISO CLIMATE NORMALS FOR TODAY
                         NORMAL    RECORD    YEAR
 MAXIMUM TEMPERATURE (F)   44        62      2001
 MINIMUM TEMPERATURE (F)   30        13      2013


SUNRISE AND SUNSET
NOVEMBER 24 2017......SUNRISE   647 AM CST   SUNSET   422 PM CST
NOVEMBER 25 2017......SUNRISE   649 AM CST   SUNSET   421 PM CST


-  INDICATES NEGATIVE NUMBERS.
R  INDICATES RECORD WAS SET OR TIED.
MM INDICATES DATA IS MISSING.
T  INDICATES TRACE AMOUNT.




$$
