000
CDUS43 KLOT 300632
CLIVPZ


CLIMATE REPORT
NATIONAL WEATHER SERVICE CHICAGO IL
132 AM CDT MON MAY 30 2016


...................................

...THE VALPARAISO CLIMATE SUMMARY FOR MAY 29 2016...

CLIMATE NORMAL PERIOD 1981 TO 2010
CLIMATE RECORD PERIOD 1998 TO 2016


WEATHER ITEM   OBSERVED TIME   RECORD YEAR NORMAL DEPARTURE LAST
                VALUE   (LST)  VALUE       VALUE  FROM      YEAR
                                                  NORMAL
..................................................................
TEMPERATURE (F)
 YESTERDAY
  MAXIMUM         84    203 PM  91    2006  74     10       85
  MINIMUM         62    305 AM  41    2008  53      9       62
  AVERAGE         73                        64      9       74

PRECIPITATION (IN)
  YESTERDAY        0.00          0.42 2015   0.10  -0.10     0.42
  MONTH TO DATE    1.90                      3.60  -1.70     2.89
  SINCE MAR 1      7.63                      9.61  -1.98     5.66
  SINCE JAN 1      8.96                     12.78  -3.82     7.27

DEGREE DAYS
 HEATING
  YESTERDAY        0                         4     -4        0
  MONTH TO DATE  237                       212     25      133
  SINCE MAR 1   1380                      1539   -159     1543
  SINCE JUL 1   5238                      6271  -1033     6801

 COOLING
  YESTERDAY        8                         3      5        9
  MONTH TO DATE   53                        37     16       76
  SINCE MAR 1     59                        42     17       76
  SINCE JAN 1     59                        42     17       76
..................................................................


WIND (MPH)
  RESULTANT WIND SPEED   9   RESULTANT WIND DIRECTION   W (250)
  HIGHEST WIND SPEED    25   HIGHEST WIND DIRECTION     W (250)
  HIGHEST GUST SPEED    33   HIGHEST GUST DIRECTION    SW (240)
  AVERAGE WIND SPEED    10.1



WEATHER CONDITIONS
 THE FOLLOWING WEATHER WAS RECORDED YESTERDAY.
  NO SIGNIFICANT WEATHER WAS OBSERVED.


..........................................................


THE VALPARAISO CLIMATE NORMALS FOR TODAY
                         NORMAL    RECORD    YEAR
 MAXIMUM TEMPERATURE (F)   75        90      2010
 MINIMUM TEMPERATURE (F)   53        44      2003
                                             2001


SUNRISE AND SUNSET
MAY 30 2016...........SUNRISE   517 AM CDT   SUNSET   814 PM CDT
MAY 31 2016...........SUNRISE   517 AM CDT   SUNSET   815 PM CDT


-  INDICATES NEGATIVE NUMBERS.
R  INDICATES RECORD WAS SET OR TIED.
MM INDICATES DATA IS MISSING.
T  INDICATES TRACE AMOUNT.




$$
