000
CDUS43 KLOT 210641
CLIVPZ


CLIMATE REPORT
NATIONAL WEATHER SERVICE CHICAGO IL
136 AM CDT MON APR 21 2014


...................................

...THE VALPARAISO CLIMATE SUMMARY FOR APRIL 20 2014...

CLIMATE NORMAL PERIOD 1981 TO 2010
CLIMATE RECORD PERIOD 1998 TO 2014


WEATHER ITEM   OBSERVED TIME   RECORD YEAR NORMAL DEPARTURE LAST
                VALUE   (LST)  VALUE       VALUE  FROM      YEAR
                                                  NORMAL
..................................................................
TEMPERATURE (F)
 YESTERDAY
  MAXIMUM         76R   343 PM  76    2006  62     14       46
  MINIMUM         35    514 AM  29    2013  40     -5       29
  AVERAGE         56                        51      5       38

PRECIPITATION (IN)
  YESTERDAY        0.00          1.04 2000   0.10  -0.10     0.00
  MONTH TO DATE    1.71                      2.23  -0.52     5.69
  SINCE MAR 1      2.50                      4.71  -2.21     6.23
  SINCE JAN 1      5.13                      7.88  -2.75     9.78

DEGREE DAYS
 HEATING
  YESTERDAY        9                        14     -5       27
  MONTH TO DATE  387                       356     31      384
  SINCE MAR 1   1387                      1201    186     1362
  SINCE JUL 1   6836                      5933    903     5753

 COOLING
  YESTERDAY        0                         0      0        0
  MONTH TO DATE    0                         0      0        0
  SINCE MAR 1      0                         0      0        0
  SINCE JAN 1      0                         0      0        0
..................................................................


WIND (MPH)
  RESULTANT WIND SPEED   5   RESULTANT WIND DIRECTION   S (160)
  HIGHEST WIND SPEED    14   HIGHEST WIND DIRECTION    SW (220)
  HIGHEST GUST SPEED    19   HIGHEST GUST DIRECTION    SW (210)
  AVERAGE WIND SPEED     6.9



WEATHER CONDITIONS
 THE FOLLOWING WEATHER WAS RECORDED YESTERDAY.
  NO SIGNIFICANT WEATHER WAS OBSERVED.


..........................................................


THE VALPARAISO CLIMATE NORMALS FOR TODAY
                         NORMAL    RECORD    YEAR
 MAXIMUM TEMPERATURE (F)   62        75      2007
 MINIMUM TEMPERATURE (F)   40        27      2013


SUNRISE AND SUNSET
APRIL 21 2014.........SUNRISE   559 AM CDT   SUNSET   735 PM CDT
APRIL 22 2014.........SUNRISE   558 AM CDT   SUNSET   736 PM CDT


-  INDICATES NEGATIVE NUMBERS.
R  INDICATES RECORD WAS SET OR TIED.
MM INDICATES DATA IS MISSING.
T  INDICATES TRACE AMOUNT.




$$
