960
CDUS43 KLOT 240644
CLIVPZ


CLIMATE REPORT
NATIONAL WEATHER SERVICE CHICAGO IL
143 AM CDT FRI MAR 24 2017


...................................

...THE VALPARAISO CLIMATE SUMMARY FOR MARCH 23 2017...

CLIMATE NORMAL PERIOD 1981 TO 2010
CLIMATE RECORD PERIOD 1998 TO 2017


WEATHER ITEM   OBSERVED TIME   RECORD YEAR NORMAL DEPARTURE LAST
                VALUE   (LST)  VALUE       VALUE  FROM      YEAR
                                                  NORMAL
..................................................................
TEMPERATURE (F)
 YESTERDAY
  MAXIMUM         49   1106 PM  75    1930  50     -1       65
  MINIMUM         25   1239 AM   7    1940  31     -6       40
  AVERAGE         37                        40     -3       53

PRECIPITATION (IN)
  YESTERDAY        T             0.84 1938   0.10  -0.10     0.07
  MONTH TO DATE    0.74                      1.75  -1.01     1.26
  SINCE MAR 1      0.74                      1.75  -1.01     1.26
  SINCE JAN 1      4.18                      4.92  -0.74     2.59

DEGREE DAYS
 HEATING
  YESTERDAY       28                        25      3       12
  MONTH TO DATE  660                       661     -1      490
  SINCE MAR 1    660                       661     -1      490
  SINCE JUL 1   4374                      5393  -1019     4348

 COOLING
  YESTERDAY        0                         0      0        0
  MONTH TO DATE    0                         0      0        0
  SINCE MAR 1      0                         0      0        0
  SINCE JAN 1      0                         0      0        0
..................................................................


WIND (MPH)
  RESULTANT WIND SPEED  11   RESULTANT WIND DIRECTION  SE (140)
  HIGHEST WIND SPEED    20   HIGHEST WIND DIRECTION    SE (140)
  HIGHEST GUST SPEED    26   HIGHEST GUST DIRECTION     S (170)
  AVERAGE WIND SPEED    11.1



WEATHER CONDITIONS
 THE FOLLOWING WEATHER WAS RECORDED YESTERDAY.
  THUNDERSTORM
  LIGHT RAIN


..........................................................


THE VALPARAISO CLIMATE NORMALS FOR TODAY
                         NORMAL    RECORD    YEAR
 MAXIMUM TEMPERATURE (F)   50        78      1939
 MINIMUM TEMPERATURE (F)   31        10      1974


SUNRISE AND SUNSET
MARCH 24 2017.........SUNRISE   644 AM CDT   SUNSET   705 PM CDT
MARCH 25 2017.........SUNRISE   642 AM CDT   SUNSET   706 PM CDT


-  INDICATES NEGATIVE NUMBERS.
R  INDICATES RECORD WAS SET OR TIED.
MM INDICATES DATA IS MISSING.
T  INDICATES TRACE AMOUNT.




$$
