000
CDUS42 KMLB 220628
CLIVRB


CLIMATE REPORT
NATIONAL WEATHER SERVICE MELBOURNE FL
128 AM EST WED FEB 22 2017


...................................

...THE VERO BEACH CLIMATE SUMMARY FOR FEBRUARY 21 2017...

CLIMATE NORMAL PERIOD 1981 TO 2010
CLIMATE RECORD PERIOD 1942 TO 2017


WEATHER ITEM   OBSERVED TIME   RECORD YEAR NORMAL DEPARTURE LAST
                VALUE   (LST)  VALUE       VALUE  FROM      YEAR
                                                  NORMAL
..................................................................
TEMPERATURE (F)
 YESTERDAY
  MAXIMUM         80   1205 PM  87    2014  75      5       76
                                      1989
                                      1975
  MINIMUM         54    625 AM  33    1977  55     -1       54
  AVERAGE         67                        65      2       65

PRECIPITATION (IN)
  YESTERDAY        0.00          0.59 1989   0.09  -0.09     0.00
  MONTH TO DATE    0.62                      1.94  -1.32     3.15
  SINCE DEC 1      3.49                      6.63  -3.14    17.11
  SINCE JAN 1      1.35                      4.44  -3.09    12.54

SNOWFALL (IN)
  YESTERDAY        0.0
  MONTH TO DATE    0.0
  SINCE JUL 1      0.0

DEGREE DAYS
 HEATING
  YESTERDAY        0                         3     -3        0
  MONTH TO DATE   20                        77    -57       96
  SINCE DEC 1    124                       334   -210      236
  SINCE JUL 1    143                       364   -221      237

 COOLING
  YESTERDAY        2                         3     -1        0
  MONTH TO DATE   59                        55      4       44
  SINCE DEC 1    364                       209    155      373
  SINCE JAN 1    159                       116     43       81
..................................................................


WIND (MPH)
  HIGHEST WIND SPEED    20   HIGHEST WIND DIRECTION    SE (130)
  HIGHEST GUST SPEED    24   HIGHEST GUST DIRECTION    SE (120)
  AVERAGE WIND SPEED     7.4


SKY COVER
  AVERAGE SKY COVER 0.2


WEATHER CONDITIONS
 THE FOLLOWING WEATHER WAS RECORDED YESTERDAY.
  NO SIGNIFICANT WEATHER WAS OBSERVED.


RELATIVE HUMIDITY (PERCENT)
 HIGHEST   100           200 AM
 LOWEST     54          1200 PM
 AVERAGE    77

..........................................................


THE VERO BEACH CLIMATE NORMALS FOR TODAY
                         NORMAL    RECORD    YEAR
 MAXIMUM TEMPERATURE (F)   75        89      2003
                                             1997
 MINIMUM TEMPERATURE (F)   55        35      1977


SUNRISE AND SUNSET
FEBRUARY 22 2017......SUNRISE   653 AM EST   SUNSET   618 PM EST
FEBRUARY 23 2017......SUNRISE   652 AM EST   SUNSET   619 PM EST


-  INDICATES NEGATIVE NUMBERS.
R  INDICATES RECORD WAS SET OR TIED.
MM INDICATES DATA IS MISSING.
T  INDICATES TRACE AMOUNT.




$$
