000
CDUS42 KMLB 250627
CLIVRB


CLIMATE REPORT
NATIONAL WEATHER SERVICE MELBOURNE FL
227 AM EDT THU MAY 25 2017


...................................

...THE VERO BEACH CLIMATE SUMMARY FOR MAY 24 2017...

CLIMATE NORMAL PERIOD 1981 TO 2010
CLIMATE RECORD PERIOD 1942 TO 2017


WEATHER ITEM   OBSERVED TIME   RECORD YEAR NORMAL DEPARTURE LAST
                VALUE   (LST)  VALUE       VALUE  FROM      YEAR
                                                  NORMAL
..................................................................
TEMPERATURE (F)
 YESTERDAY
  MAXIMUM         95R   151 PM  94    2005  86      9       87
                                      2000
  MINIMUM         71   1139 PM  60    1981  70      1       72
  AVERAGE         83                        78      5       80

PRECIPITATION (IN)
  YESTERDAY        0.23          1.80 1988   0.14   0.09      T
  MONTH TO DATE    3.51                      2.30   1.21    16.37
  SINCE MAR 1      8.02                      9.14  -1.12    20.83
  SINCE JAN 1      9.98                     14.31  -4.33    34.18

SNOWFALL (IN)
  YESTERDAY        0.0
  MONTH TO DATE    0.0
  SINCE JUL 1      0.0

DEGREE DAYS
 HEATING
  YESTERDAY        0                         0      0        0
  MONTH TO DATE    0                         0      0        0
  SINCE MAR 1     42                        70    -28       16
  SINCE JUL 1    185                       455   -270      284

 COOLING
  YESTERDAY       18                        13      5       15
  MONTH TO DATE  308                       254     54      274
  SINCE MAR 1    765                       573    192      732
  SINCE JAN 1    966                       712    254      830
..................................................................


WIND (MPH)
  HIGHEST WIND SPEED    29   HIGHEST WIND DIRECTION     S (190)
  HIGHEST GUST SPEED    40   HIGHEST GUST DIRECTION     S (180)
  AVERAGE WIND SPEED    14.7


SKY COVER
  AVERAGE SKY COVER 0.2


WEATHER CONDITIONS
 THE FOLLOWING WEATHER WAS RECORDED YESTERDAY.
  THUNDERSTORM
  HEAVY RAIN
  RAIN
  LIGHT RAIN
  FOG
  HAZE


RELATIVE HUMIDITY (PERCENT)
 HIGHEST    94           400 AM
 LOWEST     46          1200 PM
 AVERAGE    70

..........................................................


THE VERO BEACH CLIMATE NORMALS FOR TODAY
                         NORMAL    RECORD    YEAR
 MAXIMUM TEMPERATURE (F)   86        95      1949
 MINIMUM TEMPERATURE (F)   70        57      1967


SUNRISE AND SUNSET
MAY 25 2017...........SUNRISE   628 AM EDT   SUNSET   809 PM EDT
MAY 26 2017...........SUNRISE   628 AM EDT   SUNSET   810 PM EDT


-  INDICATES NEGATIVE NUMBERS.
R  INDICATES RECORD WAS SET OR TIED.
MM INDICATES DATA IS MISSING.
T  INDICATES TRACE AMOUNT.




$$
