000
CDUS42 KMLB 170626
CLIVRB


CLIMATE REPORT
NATIONAL WEATHER SERVICE MELBOURNE FL
126 AM EST WED JAN 17 2018


...................................

...THE VERO BEACH CLIMATE SUMMARY FOR JANUARY 16 2018...

CLIMATE NORMAL PERIOD 1981 TO 2010
CLIMATE RECORD PERIOD 1942 TO 2018


WEATHER ITEM   OBSERVED TIME   RECORD YEAR NORMAL DEPARTURE LAST
                VALUE   (LST)  VALUE       VALUE  FROM      YEAR
                                                  NORMAL
..................................................................
TEMPERATURE (F)
 YESTERDAY
  MAXIMUM         72    225 PM  83    1989  72      0       78
                                      1987
                                      1943
  MINIMUM         51    733 AM  31    1978  51      0       63
  AVERAGE         62                        62      0       71

PRECIPITATION (IN)
  YESTERDAY        0.00          1.12 1991   0.08  -0.08     0.00
  MONTH TO DATE    2.50                      1.29   1.21     0.46
  SINCE DEC 1      4.73                      3.48   1.25     2.60
  SINCE JAN 1      2.50                      1.29   1.21     0.46

SNOWFALL (IN)
  YESTERDAY        0.0
  MONTH TO DATE    0.0
  SINCE JUL 1      0.0

DEGREE DAYS
 HEATING
  YESTERDAY        3                         5     -2        0
  MONTH TO DATE  101                        80     21       30
  SINCE DEC 1    184                       185     -1       45
  SINCE JUL 1    204                       215    -11       64

 COOLING
  YESTERDAY        0                         2     -2        6
  MONTH TO DATE   28                        32     -4       54
  SINCE DEC 1    146                       125     21      259
  SINCE JAN 1     28                        32     -4       54
..................................................................


WIND (MPH)
  HIGHEST WIND SPEED    16   HIGHEST WIND DIRECTION    NE (30)
  HIGHEST GUST SPEED    22   HIGHEST GUST DIRECTION    NE (30)
  AVERAGE WIND SPEED     9.0


SKY COVER
  AVERAGE SKY COVER 0.1


WEATHER CONDITIONS
 THE FOLLOWING WEATHER WAS RECORDED YESTERDAY.
  NO SIGNIFICANT WEATHER WAS OBSERVED.


RELATIVE HUMIDITY (PERCENT)
 HIGHEST    93           900 PM
 LOWEST     47          1200 PM
 AVERAGE    70

..........................................................


THE VERO BEACH CLIMATE NORMALS FOR TODAY
                         NORMAL    RECORD    YEAR
 MAXIMUM TEMPERATURE (F)   72        85      1987
 MINIMUM TEMPERATURE (F)   51        31      1965


SUNRISE AND SUNSET
JANUARY 17 2018.......SUNRISE   713 AM EST   SUNSET   551 PM EST
JANUARY 18 2018.......SUNRISE   713 AM EST   SUNSET   551 PM EST


-  INDICATES NEGATIVE NUMBERS.
R  INDICATES RECORD WAS SET OR TIED.
MM INDICATES DATA IS MISSING.
T  INDICATES TRACE AMOUNT.




$$
