000
CDUS42 KMLB 282017
CLIVRB


CLIMATE REPORT
NATIONAL WEATHER SERVICE MELBOURNE FL
417 PM EDT TUE MAR 28 2017


...................................

...THE VERO BEACH CLIMATE SUMMARY FOR MARCH 28 2017...
VALID TODAY AS OF 0400 PM LOCAL TIME.

CLIMATE NORMAL PERIOD 1981 TO 2010
CLIMATE RECORD PERIOD 1942 TO 2017


WEATHER ITEM   OBSERVED TIME   RECORD YEAR NORMAL DEPARTURE LAST
                VALUE   (LST)  VALUE       VALUE  FROM      YEAR
                                                  NORMAL
..................................................................
TEMPERATURE (F)
 TODAY
  MAXIMUM         81    241 PM  90    1994  78      3       88
                                      1946
  MINIMUM         57    636 AM  41    2013  59     -2       71
  AVERAGE         69                        69      0       80

PRECIPITATION (IN)
  TODAY            0.00          2.26 2010   0.12  -0.12     0.39
  MONTH TO DATE    1.62                      3.72  -2.10     1.94
  SINCE MAR 1      1.62                      3.72  -2.10     1.94
  SINCE JAN 1      3.58                      8.89  -5.31    15.29

SNOWFALL (IN)
  TODAY            0.0
  MONTH TO DATE    0.0
  SINCE JUL 1      0.0

DEGREE DAYS
 HEATING
  TODAY            0                         1     -1        0
  MONTH TO DATE   39                        52    -13       11
  SINCE MAR 1     39                        52    -13       11
  SINCE JUL 1    182                       437   -255      279

 COOLING
  TODAY            4                         5     -1       15
  MONTH TO DATE  132                       115     17      206
  SINCE MAR 1    132                       115     17      206
  SINCE JAN 1    333                       254     79      304
..................................................................


WIND (MPH)
  HIGHEST WIND SPEED    13   HIGHEST WIND DIRECTION    NE (50)
  HIGHEST GUST SPEED    18   HIGHEST GUST DIRECTION    NE (50)
  AVERAGE WIND SPEED     4.3


SKY COVER
  AVERAGE SKY COVER 0.1


WEATHER CONDITIONS
 THE FOLLOWING WEATHER WAS RECORDED TODAY.
  FOG


RELATIVE HUMIDITY (PERCENT)
 HIGHEST   100           200 AM
 LOWEST     45           300 PM
 AVERAGE    73

..........................................................


THE VERO BEACH CLIMATE NORMALS FOR TOMORROW
                         NORMAL    RECORD    YEAR
 MAXIMUM TEMPERATURE (F)   79        91      1997
 MINIMUM TEMPERATURE (F)   59        44      2013


SUNRISE AND SUNSET
MARCH 28 2017.........SUNRISE   716 AM EDT   SUNSET   737 PM EDT
MARCH 29 2017.........SUNRISE   715 AM EDT   SUNSET   738 PM EDT


-  INDICATES NEGATIVE NUMBERS.
R  INDICATES RECORD WAS SET OR TIED.
MM INDICATES DATA IS MISSING.
T  INDICATES TRACE AMOUNT.




$$
