000
CDUS42 KMLB 290628
CLIVRB


CLIMATE REPORT
NATIONAL WEATHER SERVICE MELBOURNE FL
228 AM EDT SUN MAY 29 2016


...................................

...THE VERO BEACH CLIMATE SUMMARY FOR MAY 28 2016...

CLIMATE NORMAL PERIOD 1981 TO 2010
CLIMATE RECORD PERIOD 1942 TO 2016


WEATHER ITEM   OBSERVED TIME   RECORD YEAR NORMAL DEPARTURE LAST
                VALUE   (LST)  VALUE       VALUE  FROM      YEAR
                                                  NORMAL
..................................................................
TEMPERATURE (F)
 YESTERDAY
  MAXIMUM         88    250 PM  96    1967  87      1       87
  MINIMUM         71    554 AM  62    1985  70      1       75
  AVERAGE         80                        78      2       81

PRECIPITATION (IN)
  YESTERDAY        0.00          2.31 1996   0.15  -0.15     0.00
  MONTH TO DATE   16.38                      2.88  13.50     0.45
  SINCE MAR 1     20.84                      9.72  11.12     7.55
  SINCE JAN 1     34.19                     14.89  19.30    11.18

SNOWFALL (IN)
  YESTERDAY        0.0
  MONTH TO DATE    0.0
  SINCE JUL 1      0.0

DEGREE DAYS
 HEATING
  YESTERDAY        0                         0      0        0
  MONTH TO DATE    0                         0      0        0
  SINCE MAR 1     16                        70    -54       12
  SINCE JUL 1    284                       455   -171      384

 COOLING
  YESTERDAY       15                        13      2       16
  MONTH TO DATE  329                       306     23      379
  SINCE MAR 1    787                       625    162      987
  SINCE JAN 1    885                       764    121     1112
..................................................................


WIND (MPH)
  HIGHEST WIND SPEED    13   HIGHEST WIND DIRECTION    NE (50)
  HIGHEST GUST SPEED    16   HIGHEST GUST DIRECTION    NE (60)
  AVERAGE WIND SPEED     5.2


SKY COVER
  AVERAGE SKY COVER 0.1


WEATHER CONDITIONS
 THE FOLLOWING WEATHER WAS RECORDED YESTERDAY.
  FOG


RELATIVE HUMIDITY (PERCENT)
 HIGHEST    90           400 AM
 LOWEST     43           300 PM
 AVERAGE    67

..........................................................


THE VERO BEACH CLIMATE NORMALS FOR TODAY
                         NORMAL    RECORD    YEAR
 MAXIMUM TEMPERATURE (F)   87        99      2000
 MINIMUM TEMPERATURE (F)   70        62      2008


SUNRISE AND SUNSET
MAY 29 2016...........SUNRISE   627 AM EDT   SUNSET   812 PM EDT
MAY 30 2016...........SUNRISE   627 AM EDT   SUNSET   812 PM EDT


-  INDICATES NEGATIVE NUMBERS.
R  INDICATES RECORD WAS SET OR TIED.
MM INDICATES DATA IS MISSING.
T  INDICATES TRACE AMOUNT.




$$
