000
CDUS42 KMLB 212017
CLIVRB


CLIMATE REPORT
NATIONAL WEATHER SERVICE MELBOURNE FL
417 PM EDT THU SEP 21 2017


...................................

...THE VERO BEACH CLIMATE SUMMARY FOR SEPTEMBER 21 2017...
VALID TODAY AS OF 0400 PM LOCAL TIME.

CLIMATE NORMAL PERIOD 1981 TO 2010
CLIMATE RECORD PERIOD 1942 TO 2017


WEATHER ITEM   OBSERVED TIME   RECORD YEAR NORMAL DEPARTURE LAST
                VALUE   (LST)  VALUE       VALUE  FROM      YEAR
                                                  NORMAL
..................................................................
TEMPERATURE (F)
 TODAY
  MAXIMUM         88   1248 PM  93    1987  88      0       89
  MINIMUM         71    609 AM  67    1981  73     -2       74
                                      1978
                                      1967
  AVERAGE         80                        80      0       82

PRECIPITATION (IN)
  TODAY            0.00          1.43 2014   0.22  -0.22     0.28
  MONTH TO DATE    8.17                      4.76   3.41     4.14
  SINCE SEP 1      8.17                      4.76   3.41     4.14
  SINCE JAN 1     37.59                     39.46  -1.87    57.57

SNOWFALL (IN)
  TODAY            0.0
  MONTH TO DATE    0.0
  SINCE JUL 1      0.0

DEGREE DAYS
 HEATING
  TODAY            0                         0      0        0
  MONTH TO DATE    0                         0      0        0
  SINCE SEP 1      0                         0      0        0
  SINCE JUL 1      0                         0      0        0

 COOLING
  TODAY           15                        15      0       17
  MONTH TO DATE  350                       335     15      372
  SINCE SEP 1    350                       335     15      372
  SINCE JAN 1   3062                      2633    429     2962
..................................................................


WIND (MPH)
  HIGHEST WIND SPEED    17   HIGHEST WIND DIRECTION    NE (40)
  HIGHEST GUST SPEED    23   HIGHEST GUST DIRECTION    NE (30)
  AVERAGE WIND SPEED     7.4


SKY COVER
  AVERAGE SKY COVER 0.2


WEATHER CONDITIONS
 THE FOLLOWING WEATHER WAS RECORDED TODAY.
  NO SIGNIFICANT WEATHER WAS OBSERVED.


RELATIVE HUMIDITY (PERCENT)
 HIGHEST   100           300 AM
 LOWEST     59          1200 PM
 AVERAGE    80

..........................................................


THE VERO BEACH CLIMATE NORMALS FOR TOMORROW
                         NORMAL    RECORD    YEAR
 MAXIMUM TEMPERATURE (F)   88        94      1990
 MINIMUM TEMPERATURE (F)   73        67      1972
                                             1968


SUNRISE AND SUNSET
SEPTEMBER 21 2017.....SUNRISE   710 AM EDT   SUNSET   719 PM EDT
SEPTEMBER 22 2017.....SUNRISE   710 AM EDT   SUNSET   718 PM EDT


-  INDICATES NEGATIVE NUMBERS.
R  INDICATES RECORD WAS SET OR TIED.
MM INDICATES DATA IS MISSING.
T  INDICATES TRACE AMOUNT.




$$
