000
CDUS42 KMLB 282150
CLIVRB


CLIMATE REPORT
NATIONAL WEATHER SERVICE MELBOURNE FL
448 PM EST FRI NOV 28 2014


...................................

...THE VERO BEACH CLIMATE SUMMARY FOR NOVEMBER 28 2014...
VALID TODAY AS OF 0400 PM LOCAL TIME.

CLIMATE NORMAL PERIOD 1981 TO 2010
CLIMATE RECORD PERIOD 1942 TO 2014


WEATHER ITEM   OBSERVED TIME   RECORD YEAR NORMAL DEPARTURE LAST
                VALUE   (LST)  VALUE       VALUE  FROM      YEAR
                                                  NORMAL
..................................................................
TEMPERATURE (F)
 TODAY
  MAXIMUM         63    255 PM  89    1981  77    -14       71
  MINIMUM         45    726 AM  40    2008  59    -14       41
  AVERAGE         54                        68    -14       56

PRECIPITATION (IN)
  TODAY            0.00          1.10 1964   0.10  -0.10      T
  MONTH TO DATE    2.60                      3.09  -0.49     7.06
  SINCE SEP 1     17.37                     14.79   2.58    14.21
  SINCE JAN 1     50.68                     49.49   1.19    41.89

SNOWFALL (IN)
  TODAY            0.0
  MONTH TO DATE    0.0
  SINCE JUL 1      0.0

DEGREE DAYS
 HEATING
  TODAY           11                         2      9        9
  MONTH TO DATE   73                        23     50       11
  SINCE SEP 1     73                        26     47       11
  SINCE JUL 1     73                        26     47       11

 COOLING
  TODAY            0                         4     -4        0
  MONTH TO DATE   94                       173    -79      263
  SINCE SEP 1    787                      1003   -216     1061
  SINCE JAN 1   3154                      3301   -147     3467
..................................................................


WIND (MPH)
  HIGHEST WIND SPEED    22   HIGHEST WIND DIRECTION     N (350)
  HIGHEST GUST SPEED    27   HIGHEST GUST DIRECTION     N (360)
  AVERAGE WIND SPEED    13.7


SKY COVER
  AVERAGE SKY COVER 0.0


WEATHER CONDITIONS
 THE FOLLOWING WEATHER WAS RECORDED TODAY.
  NO SIGNIFICANT WEATHER WAS OBSERVED.


RELATIVE HUMIDITY (PERCENT)
 HIGHEST    83           600 AM
 LOWEST     56          1200 PM
 AVERAGE    70

..........................................................


THE VERO BEACH CLIMATE NORMALS FOR TOMORROW
                         NORMAL    RECORD    YEAR
 MAXIMUM TEMPERATURE (F)   77        87      1986
 MINIMUM TEMPERATURE (F)   59        37      1966


SUNRISE AND SUNSET
NOVEMBER 28 2014......SUNRISE   653 AM EST   SUNSET   526 PM EST
NOVEMBER 29 2014......SUNRISE   653 AM EST   SUNSET   526 PM EST


-  INDICATES NEGATIVE NUMBERS.
R  INDICATES RECORD WAS SET OR TIED.
MM INDICATES DATA IS MISSING.
T  INDICATES TRACE AMOUNT.




$$
