000
CDUS42 KMLB 202029
CLIVRB


CLIMATE REPORT
NATIONAL WEATHER SERVICE MELBOURNE FL
428 PM EDT MON OCT 20 2014


...................................

...THE VERO BEACH CLIMATE SUMMARY FOR OCTOBER 20 2014...
VALID TODAY AS OF 0400 PM LOCAL TIME.

CLIMATE NORMAL PERIOD 1981 TO 2010
CLIMATE RECORD PERIOD 1942 TO 2014


WEATHER ITEM   OBSERVED TIME   RECORD YEAR NORMAL DEPARTURE LAST
                VALUE   (LST)  VALUE       VALUE  FROM      YEAR
                                                  NORMAL
..................................................................
TEMPERATURE (F)
 TODAY
  MAXIMUM         83   1256 PM  91    2006  84     -1       88
  MINIMUM         59    629 AM  47    1989  68     -9       72
  AVERAGE         71                        76     -5       80

PRECIPITATION (IN)
  TODAY            0.00          2.05 1986   0.14  -0.14     0.09
  MONTH TO DATE    2.47                      3.57  -1.10     0.51
  SINCE SEP 1     13.21                     10.36   2.85     7.13
  SINCE JAN 1     46.52                     45.06   1.46    34.81

SNOWFALL (IN)
  TODAY            0.0
  MONTH TO DATE    0.0
  SINCE JUL 1      0.0

DEGREE DAYS
 HEATING
  TODAY            0                         0      0        0
  MONTH TO DATE    0                         0      0        0
  SINCE SEP 1      0                         0      0        0
  SINCE JUL 1      0                         0      0        0

 COOLING
  TODAY            6                        11     -5       15
  MONTH TO DATE  209                       255    -46      246
  SINCE SEP 1    627                       724    -97      698
  SINCE JAN 1   2994                      3022    -28     3104
..................................................................


WIND (MPH)
  HIGHEST WIND SPEED    12   HIGHEST WIND DIRECTION     E (80)
  HIGHEST GUST SPEED    16   HIGHEST GUST DIRECTION     E (90)
  AVERAGE WIND SPEED     3.9


SKY COVER
  AVERAGE SKY COVER 0.1


WEATHER CONDITIONS
 THE FOLLOWING WEATHER WAS RECORDED TODAY.
  FOG
  FOG W/VISIBILITY <= 1/4 MILE
  HAZE


RELATIVE HUMIDITY (PERCENT)
 HIGHEST   100           300 AM
 LOWEST     51          1100 AM
 AVERAGE    76

..........................................................


THE VERO BEACH CLIMATE NORMALS FOR TOMORROW
                         NORMAL    RECORD    YEAR
 MAXIMUM TEMPERATURE (F)   83        89      2013
                                             2002
                                             1988
 MINIMUM TEMPERATURE (F)   68        46      1989


SUNRISE AND SUNSET
OCTOBER 20 2014.......SUNRISE   725 AM EDT   SUNSET   648 PM EDT
OCTOBER 21 2014.......SUNRISE   725 AM EDT   SUNSET   647 PM EDT


-  INDICATES NEGATIVE NUMBERS.
R  INDICATES RECORD WAS SET OR TIED.
MM INDICATES DATA IS MISSING.
T  INDICATES TRACE AMOUNT.




$$
