000
CDUS41 KBTV 220613
CLIVSF


CLIMATE REPORT
NATIONAL WEATHER SERVICE BURLINGTON VT
211 AM EDT FRI SEP 22 2017


...................................

...THE SPRINGFIELD VT CLIMATE SUMMARY FOR SEPTEMBER 21 2017...

CLIMATE NORMAL PERIOD 1981 TO 2010
CLIMATE RECORD PERIOD 9999 TO 9999


WEATHER ITEM   OBSERVED TIME   NORMAL DEPARTURE LAST
                VALUE   (LST)  VALUE  FROM      YEAR
                                      NORMAL
......................................................
TEMPERATURE (F)
 YESTERDAY
  MAXIMUM         78    157 PM  69      9       79
  MINIMUM         52   1143 PM  45      7       52
  AVERAGE         65            57      8       66

PRECIPITATION (IN)
  YESTERDAY        0.00          0.13  -0.13     0.00
  MONTH TO DATE    2.23          2.40  -0.17     0.96
  SINCE SEP 1      2.23          2.40  -0.17     0.96
  SINCE JAN 1     30.52         30.77  -0.25    19.84

DEGREE DAYS
 HEATING
  YESTERDAY        0             8     -8        0
  MONTH TO DATE   80           103    -23       42
  SINCE SEP 1     80           103    -23       42
  SINCE JUL 1    145           158    -13       64

 COOLING
  YESTERDAY        0             0      0        1
  MONTH TO DATE   39            21     18       44
  SINCE SEP 1     39            21     18       44
  SINCE JAN 1    339           342     -3      481
......................................................


WIND (MPH)
  HIGHEST WIND SPEED    13   HIGHEST WIND DIRECTION     N (340)
  HIGHEST GUST SPEED    17   HIGHEST GUST DIRECTION     N (360)
  AVERAGE WIND SPEED     2.3


SKY COVER
  AVERAGE SKY COVER 0.0


WEATHER CONDITIONS
 THE FOLLOWING WEATHER WAS RECORDED YESTERDAY.
  NO SIGNIFICANT WEATHER WAS OBSERVED.


RELATIVE HUMIDITY (PERCENT)
 HIGHEST    97           100 AM
 LOWEST     43           200 PM
 AVERAGE    70

..........................................................


THE SPRINGFIELD VT CLIMATE NORMALS FOR TODAY
                         NORMAL    RECORD    YEAR
 MAXIMUM TEMPERATURE (F)   68        83      2016
 MINIMUM TEMPERATURE (F)   45        30      1997


SUNRISE AND SUNSET
SEPTEMBER 22 2017.....SUNRISE   638 AM EDT   SUNSET   647 PM EDT
SEPTEMBER 23 2017.....SUNRISE   639 AM EDT   SUNSET   645 PM EDT


-  INDICATES NEGATIVE NUMBERS.
R  INDICATES RECORD WAS SET OR TIED.
MM INDICATES DATA IS MISSING.
T  INDICATES TRACE AMOUNT.




$$
