000
CDUS41 KBTV 221245
CLIVSF


CLIMATE REPORT
NATIONAL WEATHER SERVICE BURLINGTON VT
845 AM EDT WED OCT 22 2014


...................................

...THE SPRINGFIELD VT CLIMATE SUMMARY FOR OCTOBER 21 2014...

CLIMATE NORMAL PERIOD 1981 TO 2010
CLIMATE RECORD PERIOD 9999 TO 9999


WEATHER ITEM   OBSERVED TIME   NORMAL DEPARTURE LAST
                VALUE   (LST)  VALUE  FROM      YEAR
                                      NORMAL
......................................................
TEMPERATURE (F)
 YESTERDAY
  MAXIMUM         50    731 PM  57     -7       64
  MINIMUM         43    700 AM  34      9       29
  AVERAGE         47            45      2       47

PRECIPITATION (IN)
  YESTERDAY        0.06          0.16  -0.10     0.00
  MONTH TO DATE    3.30          3.23   0.07     1.68
  SINCE SEP 1      4.45          6.99  -2.54     4.66
  SINCE JAN 1     32.14         35.36  -3.22    32.14

DEGREE DAYS
 HEATING
  YESTERDAY       18            20     -2       18
  MONTH TO DATE  256           345    -89      243
  SINCE SEP 1    423           542   -119      469
  SINCE JUL 1    472           597   -125      514

 COOLING
  YESTERDAY        0             0      0        0
  MONTH TO DATE    5             0      5        0
  SINCE SEP 1     45            23     22       42
  SINCE JAN 1    282           344    -62      495
......................................................


WIND (MPH)
  HIGHEST WIND SPEED     8   HIGHEST WIND DIRECTION     N (10)
  HIGHEST GUST SPEED    11   HIGHEST GUST DIRECTION     N (10)
  AVERAGE WIND SPEED     1.7


SKY COVER
  AVERAGE SKY COVER 1.0


WEATHER CONDITIONS
 THE FOLLOWING WEATHER WAS RECORDED YESTERDAY.
  LIGHT RAIN
  FOG


RELATIVE HUMIDITY (PERCENT)
 HIGHEST   100           300 AM
 LOWEST     86           800 PM
 AVERAGE    93

..........................................................


THE SPRINGFIELD VT CLIMATE NORMALS FOR TODAY
                         NORMAL    RECORD    YEAR
 MAXIMUM TEMPERATURE (F)   56        MM        MM
 MINIMUM TEMPERATURE (F)   34        MM        MM


SUNRISE AND SUNSET
OCTOBER 22 2014.......SUNRISE   712 AM EDT   SUNSET   556 PM EDT
OCTOBER 23 2014.......SUNRISE   714 AM EDT   SUNSET   554 PM EDT


-  INDICATES NEGATIVE NUMBERS.
R  INDICATES RECORD WAS SET OR TIED.
MM INDICATES DATA IS MISSING.
T  INDICATES TRACE AMOUNT.




$$
