000
CDUS41 KBTV 060550
CLIVSF


CLIMATE REPORT
NATIONAL WEATHER SERVICE BURLINGTON VT
1241 AM EST TUE DEC 6 2016


...................................

...THE SPRINGFIELD VT CLIMATE SUMMARY FOR DECEMBER 5 2016...

CLIMATE NORMAL PERIOD 1981 TO 2010
CLIMATE RECORD PERIOD 9999 TO 9999


WEATHER ITEM   OBSERVED TIME   NORMAL DEPARTURE LAST
                VALUE   (LST)  VALUE  FROM      YEAR
                                      NORMAL
......................................................
TEMPERATURE (F)
 YESTERDAY
  MAXIMUM         31    333 PM  38     -7       51
  MINIMUM         18   1157 PM  22     -4       26
  AVERAGE         25            30     -5       39

PRECIPITATION (IN)
  YESTERDAY        0.13          0.12   0.01     0.00
  MONTH TO DATE    0.65          0.59   0.06     0.35
  SINCE DEC 1      0.65          0.59   0.06     0.35
  SINCE JAN 1     25.61         41.17 -15.56    28.90

DEGREE DAYS
 HEATING
  YESTERDAY       40            35      5       26
  MONTH TO DATE  152           173    -21      153
  SINCE DEC 1    152           173    -21      153
  SINCE JUL 1   1608          1816   -208     1566

 COOLING
  YESTERDAY        0             0      0        0
  MONTH TO DATE    0             0      0        0
  SINCE DEC 1      0             0      0        0
  SINCE JAN 1    481           345    136      460
......................................................


WIND (MPH)
  HIGHEST WIND SPEED     6   HIGHEST WIND DIRECTION     S (170)
  HIGHEST GUST SPEED     7   HIGHEST GUST DIRECTION     S (190)
  AVERAGE WIND SPEED     0.4


SKY COVER
  AVERAGE SKY COVER 0.6


WEATHER CONDITIONS
 THE FOLLOWING WEATHER WAS RECORDED YESTERDAY.
  HEAVY SNOW
  SNOW
  LIGHT SNOW
  FOG


RELATIVE HUMIDITY (PERCENT)
 HIGHEST   100           600 PM
 LOWEST     84          1200 AM
 AVERAGE    92

..........................................................


THE SPRINGFIELD VT CLIMATE NORMALS FOR TODAY
                         NORMAL    RECORD    YEAR
 MAXIMUM TEMPERATURE (F)   37        70      2001
 MINIMUM TEMPERATURE (F)   21         8      2007


SUNRISE AND SUNSET
DECEMBER  6 2016......SUNRISE   708 AM EST   SUNSET   414 PM EST
DECEMBER  7 2016......SUNRISE   709 AM EST   SUNSET   414 PM EST


-  INDICATES NEGATIVE NUMBERS.
R  INDICATES RECORD WAS SET OR TIED.
MM INDICATES DATA IS MISSING.
T  INDICATES TRACE AMOUNT.




$$
