000
CDUS41 KBTV 280717
CLIVSF


CLIMATE REPORT
NATIONAL WEATHER SERVICE BURLINGTON VT
316 AM EDT FRI JUL 28 2017


...................................

...THE SPRINGFIELD VT CLIMATE SUMMARY FOR JULY 27 2017...

CLIMATE NORMAL PERIOD 1981 TO 2010
CLIMATE RECORD PERIOD 9999 TO 9999


WEATHER ITEM   OBSERVED TIME   NORMAL DEPARTURE LAST
                VALUE   (LST)  VALUE  FROM      YEAR
                                      NORMAL
......................................................
TEMPERATURE (F)
 YESTERDAY
  MAXIMUM         73    452 PM  81     -8       88
  MINIMUM         60    410 AM  57      3       59
  AVERAGE         67            69     -2       74

PRECIPITATION (IN)
  YESTERDAY        0.04          0.13  -0.09     0.00
  MONTH TO DATE    3.23          3.86  -0.63     3.17
  SINCE JUN 1      7.71          7.75  -0.04     5.45
  SINCE JAN 1     25.30         24.02   1.28    15.87

DEGREE DAYS
 HEATING
  YESTERDAY        0             1     -1        0
  MONTH TO DATE   15            13      2       14
  SINCE JUN 1    113           109      4       86
  SINCE JUL 1     15            13      2       14

 COOLING
  YESTERDAY        2             4     -2        9
  MONTH TO DATE  124           127     -3      143
  SINCE JUN 1    206           191     15      200
  SINCE JAN 1    220           203     17      241
......................................................


WIND (MPH)
  HIGHEST WIND SPEED    15   HIGHEST WIND DIRECTION     W (260)
  HIGHEST GUST SPEED    20   HIGHEST GUST DIRECTION     W (260)
  AVERAGE WIND SPEED     3.3


SKY COVER
  AVERAGE SKY COVER 0.7


WEATHER CONDITIONS
 THE FOLLOWING WEATHER WAS RECORDED YESTERDAY.
  LIGHT RAIN
  FOG


RELATIVE HUMIDITY (PERCENT)
 HIGHEST    97          1200 AM
 LOWEST     68           300 PM
 AVERAGE    83

..........................................................


THE SPRINGFIELD VT CLIMATE NORMALS FOR TODAY
                         NORMAL    RECORD    YEAR
 MAXIMUM TEMPERATURE (F)   81        89      2015
                                             2010
 MINIMUM TEMPERATURE (F)   57        43      2001


SUNRISE AND SUNSET
JULY 28 2017..........SUNRISE   536 AM EDT   SUNSET   816 PM EDT
JULY 29 2017..........SUNRISE   537 AM EDT   SUNSET   815 PM EDT


-  INDICATES NEGATIVE NUMBERS.
R  INDICATES RECORD WAS SET OR TIED.
MM INDICATES DATA IS MISSING.
T  INDICATES TRACE AMOUNT.




$$
