000
CDUS41 KBTV 030525
CLIVSF


CLIMATE REPORT
NATIONAL WEATHER SERVICE BURLINGTON VT
123 AM EDT FRI JUL 3 2015


...................................

...THE SPRINGFIELD VT CLIMATE SUMMARY FOR JULY 2 2015...

CLIMATE NORMAL PERIOD 1981 TO 2010
CLIMATE RECORD PERIOD 9999 TO 9999


WEATHER ITEM   OBSERVED TIME   NORMAL DEPARTURE LAST
                VALUE   (LST)  VALUE  FROM      YEAR
                                      NORMAL
......................................................
TEMPERATURE (F)
 YESTERDAY
  MAXIMUM         77    356 PM  80     -3       90
  MINIMUM         53   1159 PM  56     -3       67
  AVERAGE         65            68     -3       79

PRECIPITATION (IN)
  YESTERDAY        0.00          0.12  -0.12     0.45
  MONTH TO DATE    0.53          0.24   0.29     0.45
  SINCE JUN 1      5.73          4.13   1.60     4.63
  SINCE JAN 1     14.23         20.40  -6.17    18.16

DEGREE DAYS
 HEATING
  YESTERDAY        0             1     -1        0
  MONTH TO DATE    0             2     -2        0
  SINCE JUN 1    107            98      9       58
  SINCE JUL 1      0             2     -2        0

 COOLING
  YESTERDAY        0             4     -4       14
  MONTH TO DATE    1             8     -7       25
  SINCE JUN 1     44            72    -28       84
  SINCE JAN 1     93            84      9       89
......................................................


WIND (MPH)
  HIGHEST WIND SPEED    16   HIGHEST WIND DIRECTION     W (290)
  HIGHEST GUST SPEED    24   HIGHEST GUST DIRECTION     W (290)
  AVERAGE WIND SPEED     5.2


SKY COVER
  AVERAGE SKY COVER 0.2


WEATHER CONDITIONS
 THE FOLLOWING WEATHER WAS RECORDED YESTERDAY.
  NO SIGNIFICANT WEATHER WAS OBSERVED.


RELATIVE HUMIDITY (PERCENT)
 HIGHEST    93           500 AM
 LOWEST     33           300 PM
 AVERAGE    63

..........................................................


THE SPRINGFIELD VT CLIMATE NORMALS FOR TODAY
                         NORMAL    RECORD    YEAR
 MAXIMUM TEMPERATURE (F)   80        94      2002
 MINIMUM TEMPERATURE (F)   56        45      2001


SUNRISE AND SUNSET
JULY  3 2015..........SUNRISE   514 AM EDT   SUNSET   834 PM EDT
JULY  4 2015..........SUNRISE   515 AM EDT   SUNSET   834 PM EDT


-  INDICATES NEGATIVE NUMBERS.
R  INDICATES RECORD WAS SET OR TIED.
MM INDICATES DATA IS MISSING.
T  INDICATES TRACE AMOUNT.




$$
