000
CDUS41 KBTV 260532
CLIVSF


CLIMATE REPORT
NATIONAL WEATHER SERVICE BURLINGTON VT
131 AM EDT TUE MAY 26 2015


...................................

...THE SPRINGFIELD VT CLIMATE SUMMARY FOR MAY 25 2015...

CLIMATE NORMAL PERIOD 1981 TO 2010
CLIMATE RECORD PERIOD 9999 TO 9999


WEATHER ITEM   OBSERVED TIME   NORMAL DEPARTURE LAST
                VALUE   (LST)  VALUE  FROM      YEAR
                                      NORMAL
......................................................
TEMPERATURE (F)
 YESTERDAY
  MAXIMUM         76    457 PM  70      6       77
  MINIMUM         49    508 AM  45      4       48
  AVERAGE         63            58      5       63

PRECIPITATION (IN)
  YESTERDAY        T             0.14  -0.14     0.05
  MONTH TO DATE    0.60          2.81  -2.21     2.94
  SINCE MAR 1      3.69          9.73  -6.04     8.66
  SINCE JAN 1      7.84         15.34  -7.50    12.35

DEGREE DAYS
 HEATING
  YESTERDAY        2             8     -6        2
  MONTH TO DATE  170           274   -104      235
  SINCE MAR 1   2029          1935     94     2152
  SINCE JUL 1   7581          7380    201     7863

 COOLING
  YESTERDAY        0             0      0        0
  MONTH TO DATE   15             0     15        5
  SINCE MAR 1     15             2     13        5
  SINCE JAN 1     15             2     13        5
......................................................


WIND (MPH)
  HIGHEST WIND SPEED     9   HIGHEST WIND DIRECTION    SE (140)
  HIGHEST GUST SPEED    12   HIGHEST GUST DIRECTION    SE (150)
  AVERAGE WIND SPEED     0.9


SKY COVER
  AVERAGE SKY COVER 0.5


WEATHER CONDITIONS
 THE FOLLOWING WEATHER WAS RECORDED YESTERDAY.
  NO SIGNIFICANT WEATHER WAS OBSERVED.


RELATIVE HUMIDITY (PERCENT)
 HIGHEST    87           900 PM
 LOWEST     49           400 PM
 AVERAGE    68

..........................................................


THE SPRINGFIELD VT CLIMATE NORMALS FOR TODAY
                         NORMAL    RECORD    YEAR
 MAXIMUM TEMPERATURE (F)   70        94      2010
 MINIMUM TEMPERATURE (F)   46        33      2009


SUNRISE AND SUNSET
MAY 26 2015...........SUNRISE   516 AM EDT   SUNSET   818 PM EDT
MAY 27 2015...........SUNRISE   516 AM EDT   SUNSET   819 PM EDT


-  INDICATES NEGATIVE NUMBERS.
R  INDICATES RECORD WAS SET OR TIED.
MM INDICATES DATA IS MISSING.
T  INDICATES TRACE AMOUNT.




$$
