000
CDUS41 KBTV 240535
CLIVSF


CLIMATE REPORT
NATIONAL WEATHER SERVICE BURLINGTON VT
133 AM EDT FRI MAR 24 2017


...................................

...THE SPRINGFIELD VT CLIMATE SUMMARY FOR MARCH 23 2017...

CLIMATE NORMAL PERIOD 1981 TO 2010
CLIMATE RECORD PERIOD 9999 TO 9999


WEATHER ITEM   OBSERVED TIME   NORMAL DEPARTURE LAST
                VALUE   (LST)  VALUE  FROM      YEAR
                                      NORMAL
......................................................
TEMPERATURE (F)
 YESTERDAY
  MAXIMUM         35    456 PM  45    -10       49
  MINIMUM         13    619 AM  23    -10       30
  AVERAGE         24            34    -10       40

PRECIPITATION (IN)
  YESTERDAY        0.00          0.14  -0.14      T
  MONTH TO DATE    0.95          2.21  -1.26     1.02
  SINCE MAR 1      0.95          2.21  -1.26     1.02
  SINCE JAN 1      4.50          7.82  -3.32     6.24

DEGREE DAYS
 HEATING
  YESTERDAY       41            31     10       25
  MONTH TO DATE  875           801     74      623
  SINCE MAR 1    875           801     74      623
  SINCE JUL 1   5752          6246   -494     5279

 COOLING
  YESTERDAY        0             0      0        0
  MONTH TO DATE    0             0      0        0
  SINCE MAR 1      0             0      0        0
  SINCE JAN 1      0             0      0        0
......................................................


WIND (MPH)
  HIGHEST WIND SPEED    24   HIGHEST WIND DIRECTION     W (280)
  HIGHEST GUST SPEED    32   HIGHEST GUST DIRECTION     W (270)
  AVERAGE WIND SPEED     6.9


SKY COVER
  AVERAGE SKY COVER 0.0


WEATHER CONDITIONS
 THE FOLLOWING WEATHER WAS RECORDED YESTERDAY.
  NO SIGNIFICANT WEATHER WAS OBSERVED.


RELATIVE HUMIDITY (PERCENT)
 HIGHEST    62          1100 PM
 LOWEST     20           400 PM
 AVERAGE    41

..........................................................


THE SPRINGFIELD VT CLIMATE NORMALS FOR TODAY
                         NORMAL    RECORD    YEAR
 MAXIMUM TEMPERATURE (F)   45        61      2000
 MINIMUM TEMPERATURE (F)   24         3      2014


SUNRISE AND SUNSET
MARCH 24 2017.........SUNRISE   646 AM EDT   SUNSET   707 PM EDT
MARCH 25 2017.........SUNRISE   644 AM EDT   SUNSET   709 PM EDT


-  INDICATES NEGATIVE NUMBERS.
R  INDICATES RECORD WAS SET OR TIED.
MM INDICATES DATA IS MISSING.
T  INDICATES TRACE AMOUNT.




$$
