000
CDUS41 KBTV 190601
CLIVSF


CLIMATE REPORT
NATIONAL WEATHER SERVICE BURLINGTON VT
1259 AM EST SUN NOV 19 2017


...................................

...THE SPRINGFIELD VT CLIMATE SUMMARY FOR NOVEMBER 18 2017...

CLIMATE NORMAL PERIOD 1981 TO 2010
CLIMATE RECORD PERIOD 9999 TO 9999


WEATHER ITEM   OBSERVED TIME   NORMAL DEPARTURE LAST
                VALUE   (LST)  VALUE  FROM      YEAR
                                      NORMAL
......................................................
TEMPERATURE (F)
 YESTERDAY
  MAXIMUM         36    643 PM  45     -9       62
  MINIMUM         18    652 AM  28    -10       32
  AVERAGE         27            36     -9       47

PRECIPITATION (IN)
  YESTERDAY        0.11          0.15  -0.04     0.00
  MONTH TO DATE    1.13          2.41  -1.28     0.91
  SINCE SEP 1      8.76         10.59  -1.83     5.09
  SINCE JAN 1     37.05         38.96  -1.91    23.97

DEGREE DAYS
 HEATING
  YESTERDAY       38            29      9       18
  MONTH TO DATE  515           460     55      418
  SINCE SEP 1    955          1214   -259     1066
  SINCE JUL 1   1020          1269   -249     1088

 COOLING
  YESTERDAY        0             0      0        0
  MONTH TO DATE    0             0      0        0
  SINCE SEP 1     86            24     62       44
  SINCE JAN 1    386           345     41      481
......................................................


WIND (MPH)
  HIGHEST WIND SPEED     7   HIGHEST WIND DIRECTION     S (180)
  HIGHEST GUST SPEED     8   HIGHEST GUST DIRECTION     S (160)
  AVERAGE WIND SPEED     0.4


SKY COVER
  AVERAGE SKY COVER 0.5


WEATHER CONDITIONS
 THE FOLLOWING WEATHER WAS RECORDED YESTERDAY.
  LIGHT RAIN
  FOG
  HAZE


RELATIVE HUMIDITY (PERCENT)
 HIGHEST   100          1000 PM
 LOWEST     56           300 PM
 AVERAGE    78

..........................................................


THE SPRINGFIELD VT CLIMATE NORMALS FOR TODAY
                         NORMAL    RECORD    YEAR
 MAXIMUM TEMPERATURE (F)   45        61      2016
 MINIMUM TEMPERATURE (F)   28         7      1997


SUNRISE AND SUNSET
NOVEMBER 19 2017......SUNRISE   649 AM EST   SUNSET   422 PM EST
NOVEMBER 20 2017......SUNRISE   650 AM EST   SUNSET   421 PM EST


-  INDICATES NEGATIVE NUMBERS.
R  INDICATES RECORD WAS SET OR TIED.
MM INDICATES DATA IS MISSING.
T  INDICATES TRACE AMOUNT.




$$
