000
CDUS41 KBTV 280531
CLIVSF


CLIMATE REPORT
NATIONAL WEATHER SERVICE BURLINGTON VT
1229 AM EST SAT FEB 28 2015


...................................

...THE SPRINGFIELD VT CLIMATE SUMMARY FOR FEBRUARY 27 2015...

CLIMATE NORMAL PERIOD 1981 TO 2010
CLIMATE RECORD PERIOD 9999 TO 9999


WEATHER ITEM   OBSERVED TIME   NORMAL DEPARTURE LAST
                VALUE   (LST)  VALUE  FROM      YEAR
                                      NORMAL
......................................................
TEMPERATURE (F)
 YESTERDAY
  MAXIMUM         21    324 PM  36    -15       22
  MINIMUM         -5   1139 PM  16    -21        0
  AVERAGE          8            26    -18       11

PRECIPITATION (IN)
  YESTERDAY        0.00          0.08  -0.08     0.01
  MONTH TO DATE    1.62          2.60  -0.98     1.40
  SINCE DEC 1      8.68          8.79  -0.11     5.16
  SINCE JAN 1      4.15          5.52  -1.37     3.69

DEGREE DAYS
 HEATING
  YESTERDAY       57            39     18       54
  MONTH TO DATE 1492          1136    356     1228
  SINCE DEC 1   4092          3765    327     3953
  SINCE JUL 1   5495          5408     87     5653

 COOLING
  YESTERDAY        0             0      0        0
  MONTH TO DATE    0             0      0        0
  SINCE DEC 1      0             0      0        0
  SINCE JAN 1      0             0      0        0
......................................................


WIND (MPH)
  HIGHEST WIND SPEED    17   HIGHEST WIND DIRECTION     W (280)
  HIGHEST GUST SPEED    23   HIGHEST GUST DIRECTION     W (280)
  AVERAGE WIND SPEED     4.6


SKY COVER
  AVERAGE SKY COVER 0.2


WEATHER CONDITIONS
 THE FOLLOWING WEATHER WAS RECORDED YESTERDAY.
  HAZE


RELATIVE HUMIDITY (PERCENT)
 HIGHEST    72           700 AM
 LOWEST     31           100 PM
 AVERAGE    52

..........................................................


THE SPRINGFIELD VT CLIMATE NORMALS FOR TODAY
                         NORMAL    RECORD    YEAR
 MAXIMUM TEMPERATURE (F)   37        MM        MM
 MINIMUM TEMPERATURE (F)   16        MM        MM


SUNRISE AND SUNSET
FEBRUARY 28 2015......SUNRISE   628 AM EST   SUNSET   537 PM EST
MARCH  1 2015.........SUNRISE   627 AM EST   SUNSET   539 PM EST


-  INDICATES NEGATIVE NUMBERS.
R  INDICATES RECORD WAS SET OR TIED.
MM INDICATES DATA IS MISSING.
T  INDICATES TRACE AMOUNT.




$$
