000
CDUS41 KBTV 130533
CLIVSF


CLIMATE REPORT
NATIONAL WEATHER SERVICE BURLINGTON VT
132 AM EDT SUN JUL 13 2014


...................................

...THE SPRINGFIELD VT CLIMATE SUMMARY FOR JULY 12 2014...

CLIMATE NORMAL PERIOD 1981 TO 2010
CLIMATE RECORD PERIOD 9999 TO 9999


WEATHER ITEM   OBSERVED TIME   NORMAL DEPARTURE LAST
                VALUE   (LST)  VALUE  FROM      YEAR
                                      NORMAL
......................................................
TEMPERATURE (F)
 YESTERDAY
  MAXIMUM         85    323 PM  81      4       82
  MINIMUM         51    549 AM  57     -6       59
  AVERAGE         68            69     -1       71

PRECIPITATION (IN)
  YESTERDAY        0.00          0.15  -0.15     0.00
  MONTH TO DATE    1.45          1.61  -0.16     2.57
  SINCE JUN 1      5.63          5.50   0.13     8.97
  SINCE JAN 1     19.16         21.77  -2.61    20.68

DEGREE DAYS
 COOLING
  YESTERDAY        3             5     -2        6
  MONTH TO DATE   59            53      6      127
  SINCE JUN 1    118           117      1      216
  SINCE JAN 1    123           129     -6      240
......................................................


WIND (MPH)
  HIGHEST WIND SPEED    12   HIGHEST WIND DIRECTION     S (160)
  HIGHEST GUST SPEED    15   HIGHEST GUST DIRECTION     S (180)
  AVERAGE WIND SPEED     2.6


SKY COVER
  AVERAGE SKY COVER 0.5


WEATHER CONDITIONS
 THE FOLLOWING WEATHER WAS RECORDED YESTERDAY.
  FOG
  FOG W/VISIBILITY <= 1/4 MILE


RELATIVE HUMIDITY (PERCENT)
 HIGHEST   100           100 AM
 LOWEST     44           300 PM
 AVERAGE    72

..........................................................


THE SPRINGFIELD VT CLIMATE NORMALS FOR TODAY
                         NORMAL    RECORD    YEAR
 MAXIMUM TEMPERATURE (F)   81        MM        MM
 MINIMUM TEMPERATURE (F)   57        MM        MM


SUNRISE AND SUNSET
JULY 13 2014..........SUNRISE   522 AM EDT   SUNSET   829 PM EDT
JULY 14 2014..........SUNRISE   523 AM EDT   SUNSET   829 PM EDT


-  INDICATES NEGATIVE NUMBERS.
R  INDICATES RECORD WAS SET OR TIED.
MM INDICATES DATA IS MISSING.
T  INDICATES TRACE AMOUNT.




$$
