000
CDUS43 KLBF 280936
CLIVTN

CLIMATE REPORT
NATIONAL WEATHER SERVICE NORTH PLATTE
434 AM CDT THU AUG 28 2014


...................................

...THE VALENTINE NE CLIMATE SUMMARY FOR AUGUST 27 2014...

CLIMATE NORMAL PERIOD 1981 TO 2010
CLIMATE RECORD PERIOD 1885 TO 2014


WEATHER ITEM   OBSERVED TIME   RECORD YEAR NORMAL DEPARTURE LAST
                VALUE   (LST)  VALUE       VALUE  FROM      YEAR
                                                  NORMAL
..................................................................
TEMPERATURE (F)
 YESTERDAY
  MAXIMUM         79    122 PM 104    1962  85     -6      100
  MINIMUM         66    133 AM  37    1992  56     10       63
  AVERAGE         73                        71      2       82

PRECIPITATION (IN)
  YESTERDAY        0.14          1.00 1941   0.05   0.09     0.00
                                      1939
  MONTH TO DATE    2.20                      1.98   0.22     2.00
  SINCE JUN 1     11.41                      8.75   2.66     8.23
  SINCE JAN 1     18.62                     15.91   2.71    17.63

SNOWFALL (IN)
  YESTERDAY        0.0           0.0    MM   0.0    0.0      0.0
  MONTH TO DATE    0.0                       0.0    0.0      0.0
  SINCE JUN 1      0.0                       0.0    0.0      0.0
  SINCE JUL 1      0.0                       0.0    0.0      0.0
  SNOW DEPTH       0

DEGREE DAYS
 HEATING
  YESTERDAY        0                         1     -1        0
  MONTH TO DATE    2                         8     -6        0
  SINCE JUN 1     75                        77     -2       57
  SINCE JUL 1     21                        16      5        3

 COOLING
  YESTERDAY        8                         7      1       17
  MONTH TO DATE  218                       235    -17      255
  SINCE JUN 1    559                       676   -117      693
  SINCE JAN 1    620                       710    -90      732
..................................................................


WIND (MPH)
  HIGHEST WIND SPEED    21   HIGHEST WIND DIRECTION     S (160)
  HIGHEST GUST SPEED    25   HIGHEST GUST DIRECTION    SE (150)
  AVERAGE WIND SPEED     8.2


SKY COVER
  POSSIBLE SUNSHINE  MM
  AVERAGE SKY COVER 0.8


WEATHER CONDITIONS
 THE FOLLOWING WEATHER WAS RECORDED YESTERDAY.
  THUNDERSTORM
  HEAVY RAIN
  LIGHT RAIN
  FOG


RELATIVE HUMIDITY (PERCENT)
 HIGHEST   100           200 AM
 LOWEST     64           200 PM
 AVERAGE    82

..........................................................


THE VALENTINE NE CLIMATE NORMALS FOR TODAY
                         NORMAL    RECORD    YEAR
 MAXIMUM TEMPERATURE (F)   85       106      2012
 MINIMUM TEMPERATURE (F)   56        34      1988


SUNRISE AND SUNSET
AUGUST 28 2014........SUNRISE   702 AM CDT   SUNSET   823 PM CDT
AUGUST 29 2014........SUNRISE   704 AM CDT   SUNSET   822 PM CDT


-  INDICATES NEGATIVE NUMBERS.
R  INDICATES RECORD WAS SET OR TIED.
MM INDICATES DATA IS MISSING.
T  INDICATES TRACE AMOUNT.




$$
