000
CDUS43 KLBF 220906
CLIVTN


CLIMATE REPORT
NATIONAL WEATHER SERVICE NORTH PLATTE
404 AM CDT FRI SEP 22 2017


...................................

...THE VALENTINE NE CLIMATE SUMMARY FOR SEPTEMBER 21 2017...

CLIMATE NORMAL PERIOD 1981 TO 2010
CLIMATE RECORD PERIOD 1885 TO 2017


WEATHER ITEM   OBSERVED TIME   RECORD YEAR NORMAL DEPARTURE LAST
                VALUE   (LST)  VALUE       VALUE  FROM      YEAR
                                                  NORMAL
..................................................................
TEMPERATURE (F)
 YESTERDAY
  MAXIMUM         91    501 PM  96    1922  75     16       72
  MINIMUM         53    116 AM  25    1995  45      8       59
  AVERAGE         72                        60     12       66

PRECIPITATION (IN)
  YESTERDAY        0.00          1.44 1920   0.05  -0.05     0.00
  MONTH TO DATE    0.79                      1.14  -0.35     1.36
  SINCE SEP 1      0.79                      1.14  -0.35     1.36
  SINCE JAN 1     13.97                     17.25  -3.28    23.29

SNOWFALL (IN)
  YESTERDAY        0.0           0.0    MM   0.0    0.0      0.0
  MONTH TO DATE    0.0                       0.3   -0.3      0.0
  SINCE SEP 1      0.0                       0.3   -0.3      0.0
  SINCE JUL 1      0.0                       0.3   -0.3      0.0
  SNOW DEPTH       0

DEGREE DAYS
 HEATING
  YESTERDAY        0                         7     -7        0
  MONTH TO DATE   46                        82    -36       51
  SINCE SEP 1     46                        82    -36       51
  SINCE JUL 1     53                       107    -54       79

 COOLING
  YESTERDAY        7                         1      6        1
  MONTH TO DATE  124                        73     51       58
  SINCE SEP 1    124                        73     51       58
  SINCE JAN 1   1058                       809    249      855
..................................................................


WIND (MPH)
  HIGHEST WIND SPEED    24   HIGHEST WIND DIRECTION     S (170)
  HIGHEST GUST SPEED    30   HIGHEST GUST DIRECTION     S (170)
  AVERAGE WIND SPEED    12.8


SKY COVER
  POSSIBLE SUNSHINE  MM
  AVERAGE SKY COVER 0.0


WEATHER CONDITIONS
 THE FOLLOWING WEATHER WAS RECORDED YESTERDAY.
  NO SIGNIFICANT WEATHER WAS OBSERVED.


RELATIVE HUMIDITY (PERCENT)
 HIGHEST    77           700 AM
 LOWEST     23           500 PM
 AVERAGE    50

..........................................................


THE VALENTINE NE CLIMATE NORMALS FOR TODAY
                         NORMAL    RECORD    YEAR
 MAXIMUM TEMPERATURE (F)   74        95      1922
 MINIMUM TEMPERATURE (F)   44        23      1995


SUNRISE AND SUNSET
SEPTEMBER 22 2017.....SUNRISE   730 AM CDT   SUNSET   739 PM CDT
SEPTEMBER 23 2017.....SUNRISE   731 AM CDT   SUNSET   737 PM CDT


-  INDICATES NEGATIVE NUMBERS.
R  INDICATES RECORD WAS SET OR TIED.
MM INDICATES DATA IS MISSING.
T  INDICATES TRACE AMOUNT.




$$
