000
CDUS43 KLBF 280950
CLIVTN

CLIMATE REPORT
NATIONAL WEATHER SERVICE NORTH PLATTE
446 AM CDT THU MAY 28 2015


...................................

...THE VALENTINE NE CLIMATE SUMMARY FOR MAY 27 2015...

CLIMATE NORMAL PERIOD 1981 TO 2010
CLIMATE RECORD PERIOD 1885 TO 2015


WEATHER ITEM   OBSERVED TIME   RECORD YEAR NORMAL DEPARTURE LAST
                VALUE   (LST)  VALUE       VALUE  FROM      YEAR
                                                  NORMAL
..................................................................
TEMPERATURE (F)
 YESTERDAY
  MAXIMUM         79    331 PM  98    1969  74      5       88
  MINIMUM         45    459 AM  30    1907  48     -3       52
  AVERAGE         62                        61      1       70

PRECIPITATION (IN)
  YESTERDAY        T             1.97 1995   0.11  -0.11     0.02
  MONTH TO DATE    7.07                      2.66   4.41     1.90
  SINCE MAR 1      8.72                      5.95   2.77     5.44
  SINCE JAN 1      9.34                      6.69   2.65     6.10

SNOWFALL (IN)
  YESTERDAY        0.0           0.0    MM   0.0    0.0      0.0
  MONTH TO DATE    0.0                       0.1   -0.1      1.0
  SINCE MAR 1      0.8                      11.2  -10.4      9.3
  SINCE JUL 1     22.5                      33.3  -10.8     35.8
  SNOW DEPTH       0

DEGREE DAYS
 HEATING
  YESTERDAY        3                         5     -2        0
  MONTH TO DATE  277                       242     35      271
  SINCE MAR 1   1412                      1689   -277     1766
  SINCE JUL 1   6538                      6925   -387     7244

 COOLING
  YESTERDAY        0                         1     -1        5
  MONTH TO DATE    3                        24    -21       25
  SINCE MAR 1      5                        28    -23       25
  SINCE JAN 1      5                        28    -23       25
..................................................................


WIND (MPH)
  HIGHEST WIND SPEED    25   HIGHEST WIND DIRECTION     S (200)
  HIGHEST GUST SPEED    31   HIGHEST GUST DIRECTION     S (190)
  AVERAGE WIND SPEED    10.8


SKY COVER
  POSSIBLE SUNSHINE  MM
  AVERAGE SKY COVER 0.3


WEATHER CONDITIONS
 THE FOLLOWING WEATHER WAS RECORDED YESTERDAY.
  LIGHT RAIN


RELATIVE HUMIDITY (PERCENT)
 HIGHEST    93           300 AM
 LOWEST     35           100 PM
 AVERAGE    64

..........................................................


THE VALENTINE NE CLIMATE NORMALS FOR TODAY
                         NORMAL    RECORD    YEAR
 MAXIMUM TEMPERATURE (F)   74        99      1934
 MINIMUM TEMPERATURE (F)   48        29      1947


SUNRISE AND SUNSET
MAY 28 2015...........SUNRISE   609 AM CDT   SUNSET   911 PM CDT
MAY 29 2015...........SUNRISE   608 AM CDT   SUNSET   912 PM CDT


-  INDICATES NEGATIVE NUMBERS.
R  INDICATES RECORD WAS SET OR TIED.
MM INDICATES DATA IS MISSING.
T  INDICATES TRACE AMOUNT.

$$
