000
CDUS43 KLBF 250945
CLIVTN

CLIMATE REPORT
NATIONAL WEATHER SERVICE NORTH PLATTE
442 AM CDT FRI JUL 25 2014


...................................

...THE VALENTINE NE CLIMATE SUMMARY FOR JULY 24 2014...

CLIMATE NORMAL PERIOD 1981 TO 2010
CLIMATE RECORD PERIOD 1885 TO 2014


WEATHER ITEM   OBSERVED TIME   RECORD YEAR NORMAL DEPARTURE LAST
                VALUE   (LST)  VALUE       VALUE  FROM      YEAR
                                                  NORMAL
..................................................................
TEMPERATURE (F)
 YESTERDAY
  MAXIMUM        104    438 PM 108    1940  89     15       90
  MINIMUM         64    519 AM  44    1911  61      3       57
  AVERAGE         84                        75      9       74

PRECIPITATION (IN)
  YESTERDAY        T             1.94 1977   0.11  -0.11     0.00
  MONTH TO DATE    0.58                      2.53  -1.95     1.59
  SINCE JUN 1      9.21                      6.09   3.12     4.04
  SINCE JAN 1     16.42                     13.25   3.17    13.44

SNOWFALL (IN)
  YESTERDAY        0.0           0.0    MM   0.0    0.0      0.0
  MONTH TO DATE    0.0                       0.0    0.0      0.0
  SINCE JUN 1      0.0                       0.0    0.0      0.0
  SINCE JUL 1      0.0                       0.0    0.0      0.0
  SNOW DEPTH       0

DEGREE DAYS
 HEATING
  YESTERDAY        0                         0      0        0
  MONTH TO DATE   19                         2     17        0
  SINCE JUN 1     73                        63     10       54
  SINCE JUL 1     19                         2     17        0

 COOLING
  YESTERDAY       19                        11      8        9
  MONTH TO DATE  196                       230    -34      263
  SINCE JUN 1    307                       367    -60      409
  SINCE JAN 1    368                       401    -33      448
..................................................................


WIND (MPH)
  HIGHEST WIND SPEED    30   HIGHEST WIND DIRECTION     S (170)
  HIGHEST GUST SPEED    38   HIGHEST GUST DIRECTION     S (180)
  AVERAGE WIND SPEED    15.3


SKY COVER
  POSSIBLE SUNSHINE  MM
  AVERAGE SKY COVER 0.0


WEATHER CONDITIONS
 THE FOLLOWING WEATHER WAS RECORDED YESTERDAY.
  THUNDERSTORM
  LIGHT RAIN


RELATIVE HUMIDITY (PERCENT)
 HIGHEST    87           400 AM
 LOWEST     31           300 PM
 AVERAGE    59

..........................................................


THE VALENTINE NE CLIMATE NORMALS FOR TODAY
                         NORMAL    RECORD    YEAR
 MAXIMUM TEMPERATURE (F)   89       111      2003
 MINIMUM TEMPERATURE (F)   61        40      1911


SUNRISE AND SUNSET
JULY 25 2014..........SUNRISE   626 AM CDT   SUNSET   911 PM CDT
JULY 26 2014..........SUNRISE   627 AM CDT   SUNSET   910 PM CDT


-  INDICATES NEGATIVE NUMBERS.
R  INDICATES RECORD WAS SET OR TIED.
MM INDICATES DATA IS MISSING.
T  INDICATES TRACE AMOUNT.




$$
