000
CDUS43 KLBF 200948
CLIVTN


CLIMATE REPORT
NATIONAL WEATHER SERVICE NORTH PLATTE
345 AM CST MON FEB 20 2017


...................................

...THE VALENTINE NE CLIMATE SUMMARY FOR FEBRUARY 19 2017...

CLIMATE NORMAL PERIOD 1981 TO 2010
CLIMATE RECORD PERIOD 1885 TO 2017


WEATHER ITEM   OBSERVED TIME   RECORD YEAR NORMAL DEPARTURE LAST
                VALUE   (LST)  VALUE       VALUE  FROM      YEAR
                                                  NORMAL
..................................................................
TEMPERATURE (F)
 YESTERDAY
  MAXIMUM         67    353 PM  69    1930  41     26       65
  MINIMUM         41    754 AM -24    1936  15     26       35
  AVERAGE         54                        28     26       50

PRECIPITATION (IN)
  YESTERDAY        0.00          0.71 1953   0.02  -0.02      T
  MONTH TO DATE    0.52                      0.28   0.24     0.13
  SINCE DEC 1      2.37                      0.91   1.46     1.69
  SINCE JAN 1      1.43                      0.54   0.89     0.65

SNOWFALL (IN)
  YESTERDAY        0.0           7.2  1953   0.3   -0.3      0.0
  MONTH TO DATE    6.4                       3.6    2.8      1.0
  SINCE DEC 1     23.3                      12.5   10.8     21.1
  SINCE JUL 1     29.6                      20.1    9.5     31.2
  SNOW DEPTH       0

DEGREE DAYS
 HEATING
  YESTERDAY       11                        37    -26       15
  MONTH TO DATE  623                       738   -115      576
  SINCE DEC 1   3341                      3298     43     3113
  SINCE JUL 1   4447                      4916   -469     4406

 COOLING
  YESTERDAY        0                         0      0        0
  MONTH TO DATE    0                         0      0        0
  SINCE DEC 1      0                         0      0        0
  SINCE JAN 1      0                         0      0        0
..................................................................


WIND (MPH)
  HIGHEST WIND SPEED    25   HIGHEST WIND DIRECTION     S (170)
  HIGHEST GUST SPEED    32   HIGHEST GUST DIRECTION     S (170)
  AVERAGE WIND SPEED    11.8


SKY COVER
  POSSIBLE SUNSHINE  MM
  AVERAGE SKY COVER 0.1


WEATHER CONDITIONS
 THE FOLLOWING WEATHER WAS RECORDED YESTERDAY.
  NO SIGNIFICANT WEATHER WAS OBSERVED.


RELATIVE HUMIDITY (PERCENT)
 HIGHEST    73           800 AM
 LOWEST     32           400 PM
 AVERAGE    53

..........................................................


THE VALENTINE NE CLIMATE NORMALS FOR TODAY
                         NORMAL    RECORD    YEAR
 MAXIMUM TEMPERATURE (F)   41        74      1930
 MINIMUM TEMPERATURE (F)   16       -22      1918


SUNRISE AND SUNSET
FEBRUARY 20 2017......SUNRISE   732 AM CST   SUNSET   621 PM CST
FEBRUARY 21 2017......SUNRISE   730 AM CST   SUNSET   622 PM CST


-  INDICATES NEGATIVE NUMBERS.
R  INDICATES RECORD WAS SET OR TIED.
MM INDICATES DATA IS MISSING.
T  INDICATES TRACE AMOUNT.




$$
