000
CDUS43 KLBF 072217
CLIVTN


CLIMATE REPORT
NATIONAL WEATHER SERVICE NORTH PLATTE
416 PM CST WED DEC 7 2016


...................................

...THE VALENTINE NE CLIMATE SUMMARY FOR DECEMBER 7 2016...
VALID TODAY AS OF 0400 PM LOCAL TIME.

CLIMATE NORMAL PERIOD 1981 TO 2010
CLIMATE RECORD PERIOD 1885 TO 2016


WEATHER ITEM   OBSERVED TIME   RECORD YEAR NORMAL DEPARTURE LAST
                VALUE   (LST)  VALUE       VALUE  FROM      YEAR
                                                  NORMAL
..................................................................
TEMPERATURE (F)
 TODAY
  MAXIMUM         17    201 PM  66    2003  38    -21       55
                                      1889
  MINIMUM          6    930 AM -25    2013  12     -6       27
  AVERAGE         12                        25    -13       41

PRECIPITATION (IN)
  TODAY            0.00          0.46 1924   0.01  -0.01     0.00
  MONTH TO DATE    T                         0.09  -0.09     0.10
  SINCE DEC 1      T                         0.09  -0.09     0.10
  SINCE JAN 1     25.64                     19.74   5.90    26.13

SNOWFALL (IN)
  TODAY            0.0           5.8  1924   0.2   -0.2      0.0
  MONTH TO DATE    T                         1.1   -1.1      2.3
  SINCE DEC 1      T                         1.1   -1.1      2.3
  SINCE JUL 1      6.3                       8.7   -2.4     12.4
  SNOW DEPTH       0

DEGREE DAYS
 HEATING
  TODAY           53                        40     13       24
  MONTH TO DATE  268                       274     -6      241
  SINCE DEC 1    268                       274     -6      241
  SINCE JUL 1   1374                      1892   -518     1534

 COOLING
  TODAY            0                         0      0        0
  MONTH TO DATE    0                         0      0        0
  SINCE DEC 1      0                         0      0        0
  SINCE JAN 1    880                       821     59      800
..................................................................


WIND (MPH)
  HIGHEST WIND SPEED    24   HIGHEST WIND DIRECTION    NW (300)
  HIGHEST GUST SPEED    32   HIGHEST GUST DIRECTION    NW (320)
  AVERAGE WIND SPEED    16.0


SKY COVER
  POSSIBLE SUNSHINE  MM
  AVERAGE SKY COVER 0.0


WEATHER CONDITIONS
 THE FOLLOWING WEATHER WAS RECORDED TODAY.
  NO SIGNIFICANT WEATHER WAS OBSERVED.


RELATIVE HUMIDITY (PERCENT)
 HIGHEST    69          1200 AM
 LOWEST     51           100 PM
 AVERAGE    60

..........................................................


THE VALENTINE NE CLIMATE NORMALS FOR TOMORROW
                         NORMAL    RECORD    YEAR
 MAXIMUM TEMPERATURE (F)   37        69      1939
 MINIMUM TEMPERATURE (F)   12       -25      1917


SUNRISE AND SUNSET
DECEMBER  7 2016......SUNRISE   800 AM CST   SUNSET   508 PM CST
DECEMBER  8 2016......SUNRISE   801 AM CST   SUNSET   508 PM CST


-  INDICATES NEGATIVE NUMBERS.
R  INDICATES RECORD WAS SET OR TIED.
MM INDICATES DATA IS MISSING.
T  INDICATES TRACE AMOUNT.

$$
