000
CDUS43 KLBF 241007
CLIVTN


CLIMATE REPORT
NATIONAL WEATHER SERVICE NORTH PLATTE
405 AM CST TUE JAN 24 2017


...................................

...THE VALENTINE NE CLIMATE SUMMARY FOR JANUARY 23 2017...

CLIMATE NORMAL PERIOD 1981 TO 2010
CLIMATE RECORD PERIOD 1885 TO 2017


WEATHER ITEM   OBSERVED TIME   RECORD YEAR NORMAL DEPARTURE LAST
                VALUE   (LST)  VALUE       VALUE  FROM      YEAR
                                                  NORMAL
..................................................................
TEMPERATURE (F)
 YESTERDAY
  MAXIMUM         47    404 PM  69    1981  37     10       46
  MINIMUM         16    252 AM -22    2003  11      5       25
                                      1915
  AVERAGE         32                        24      8       36

PRECIPITATION (IN)
  YESTERDAY        0.00          0.16 1894   0.01  -0.01     0.00
  MONTH TO DATE    0.12                      0.19  -0.07     0.22
  SINCE DEC 1      1.06                      0.56   0.50     1.26
  SINCE JAN 1      0.12                      0.19  -0.07     0.22

SNOWFALL (IN)
  YESTERDAY        0.0           2.0  1964   0.1   -0.1      0.0
                                      1920
  MONTH TO DATE    1.2                       2.8   -1.6      3.5
  SINCE DEC 1      6.6                       7.9   -1.3     16.6
  SINCE JUL 1     12.9                      15.5   -2.6     26.7
  SNOW DEPTH       0

DEGREE DAYS
 HEATING
  YESTERDAY       33                        41     -8       29
  MONTH TO DATE 1013                       956     57     1027
  SINCE DEC 1   2428                      2233    195     2259
  SINCE JUL 1   3534                      3851   -317     3552

 COOLING
  YESTERDAY        0                         0      0        0
  MONTH TO DATE    0                         0      0        0
  SINCE DEC 1      0                         0      0        0
  SINCE JAN 1      0                         0      0        0
..................................................................


WIND (MPH)
  HIGHEST WIND SPEED    16   HIGHEST WIND DIRECTION     S (170)
  HIGHEST GUST SPEED    21   HIGHEST GUST DIRECTION     E (110)
  AVERAGE WIND SPEED     7.0


SKY COVER
  POSSIBLE SUNSHINE  MM
  AVERAGE SKY COVER 0.5


WEATHER CONDITIONS
 THE FOLLOWING WEATHER WAS RECORDED YESTERDAY.
  FOG


RELATIVE HUMIDITY (PERCENT)
 HIGHEST    92           200 AM
 LOWEST     45           300 PM
 AVERAGE    69

..........................................................


THE VALENTINE NE CLIMATE NORMALS FOR TODAY
                         NORMAL    RECORD    YEAR
 MAXIMUM TEMPERATURE (F)   37        68      2005
                                             1981
 MINIMUM TEMPERATURE (F)   11       -38      1894


SUNRISE AND SUNSET
JANUARY 24 2017.......SUNRISE   804 AM CST   SUNSET   545 PM CST
JANUARY 25 2017.......SUNRISE   803 AM CST   SUNSET   546 PM CST


-  INDICATES NEGATIVE NUMBERS.
R  INDICATES RECORD WAS SET OR TIED.
MM INDICATES DATA IS MISSING.
T  INDICATES TRACE AMOUNT.

$$
