000
CDUS46 KPQR 260323
CLIVUO


CLIMATE REPORT
NATIONAL WEATHER SERVICE PORTLAND OREGON
723 PM PST TUE NOV 25 2014


...................................

...THE VANCOUVER WA CLIMATE SUMMARY FOR NOVEMBER 25 2014...
VALID TODAY AS OF 0700 PM LOCAL TIME.

CLIMATE NORMAL PERIOD 1981 TO 2010
CLIMATE RECORD PERIOD 1891 TO 2014


WEATHER ITEM   OBSERVED TIME   RECORD YEAR NORMAL DEPARTURE LAST
                VALUE   (LST)  VALUE       VALUE  FROM      YEAR
                                                  NORMAL
..................................................................
TEMPERATURE (F)
 TODAY
  MAXIMUM         63R   226 PM  62    1998  50     13       51
  MINIMUM         54    219 AM  24    2013  38     16       24
                                      2007
  AVERAGE         59                        44     15       38

PRECIPITATION (IN)
  TODAY            T                         0.22  -0.22     0.00
  MONTH TO DATE    2.15                      4.78  -2.63     2.68
  SINCE OCT 1      8.18                      7.85   0.33     3.80
  SINCE JAN 1     31.62                     31.24   0.38    24.87

DEGREE DAYS
 HEATING
  TODAY            6                                        27
  MONTH TO DATE  499                                       479
  SINCE SEP 1    713                                       960
  SINCE JUL 1    716                                       973

 COOLING
  TODAY            0                                         0
  MONTH TO DATE    0                                         0
  SINCE SEP 1     79                                        74
  SINCE JAN 1    531                                       450
..................................................................


WIND (MPH)
  HIGHEST WIND SPEED    12   HIGHEST WIND DIRECTION    SW (210)
  HIGHEST GUST SPEED    20   HIGHEST GUST DIRECTION    SW (230)
  AVERAGE WIND SPEED     6.7


SKY COVER
  POSSIBLE SUNSHINE  MM
  AVERAGE SKY COVER 1.0


WEATHER CONDITIONS
 THE FOLLOWING WEATHER WAS RECORDED TODAY.
  NO SIGNIFICANT WEATHER WAS OBSERVED.


RELATIVE HUMIDITY (PERCENT)
 HIGHEST    86           300 AM
 LOWEST     72          1100 AM
 AVERAGE    79

..........................................................


THE VANCOUVER WA CLIMATE NORMALS FOR TOMORROW
                         NORMAL    RECORD    YEAR
 MAXIMUM TEMPERATURE (F)   50        60      1950
 MINIMUM TEMPERATURE (F)   38        21      1952


SUNRISE AND SUNSET
NOVEMBER 25 2014......SUNRISE   723 AM PST   SUNSET   431 PM PST
NOVEMBER 26 2014......SUNRISE   725 AM PST   SUNSET   431 PM PST


-  INDICATES NEGATIVE NUMBERS.
R  INDICATES RECORD WAS SET OR TIED.
MM INDICATES DATA IS MISSING.
T  INDICATES TRACE AMOUNT.




$$
