000
CDUS46 KPQR 281141
CLIVUO


CLIMATE REPORT
NATIONAL WEATHER SERVICE PORTLAND OREGON
441 AM PDT SAT MAR 28 2015


...................................

...THE VANCOUVER WA CLIMATE SUMMARY FOR MARCH 27 2015...

CLIMATE NORMAL PERIOD 1981 TO 2010
CLIMATE RECORD PERIOD 1891 TO 2015


WEATHER ITEM   OBSERVED TIME   RECORD YEAR NORMAL DEPARTURE LAST
                VALUE   (LST)  VALUE       VALUE  FROM      YEAR
                                                  NORMAL
..................................................................
TEMPERATURE (F)
 YESTERDAY
  MAXIMUM         70    216 PM  77    1994  59     11       57
  MINIMUM         43    539 AM  25    1975  41      2       45
  AVERAGE         57                        50      7       51

PRECIPITATION (IN)
  YESTERDAY        T                         0.10  -0.10     0.19
  MONTH TO DATE    4.67                      3.16   1.51     4.84
  SINCE OCT 1     26.98                     28.44  -1.46    17.20
  SINCE JAN 1     12.09                     12.69  -0.60    11.73

DEGREE DAYS
 HEATING
  YESTERDAY        8                                        14
  MONTH TO DATE  387                                       456
  SINCE JUL 1   3039                                      3919

 COOLING
  YESTERDAY        0                                         0
  MONTH TO DATE    0                                         0
  SINCE JAN 1      0                                         0
..................................................................


WIND (MPH)
  HIGHEST WIND SPEED    16   HIGHEST WIND DIRECTION     W (260)
  HIGHEST GUST SPEED    22   HIGHEST GUST DIRECTION     W (250)
  AVERAGE WIND SPEED     3.9


SKY COVER
  POSSIBLE SUNSHINE  MM
  AVERAGE SKY COVER 0.5


WEATHER CONDITIONS
 THE FOLLOWING WEATHER WAS RECORDED YESTERDAY.
  FOG
  FOG W/VISIBILITY <= 1/4 MILE


RELATIVE HUMIDITY (PERCENT)
 HIGHEST   100           400 AM
 LOWEST     55           200 PM
 AVERAGE    78

..........................................................




SUNRISE AND SUNSET
MARCH 28 2015.........SUNRISE   659 AM PDT   SUNSET   733 PM PDT
MARCH 29 2015.........SUNRISE   657 AM PDT   SUNSET   735 PM PDT


-  INDICATES NEGATIVE NUMBERS.
R  INDICATES RECORD WAS SET OR TIED.
MM INDICATES DATA IS MISSING.
T  INDICATES TRACE AMOUNT.




$$
