000
CDUS46 KPQR 270220
CLIVUO


CLIMATE REPORT
NATIONAL WEATHER SERVICE PORTLAND OREGON
720 PM PDT FRI AUG 26 2016


...................................

...THE VANCOUVER WA CLIMATE SUMMARY FOR AUGUST 26 2016...
VALID TODAY AS OF 0700 PM LOCAL TIME.

CLIMATE NORMAL PERIOD 1981 TO 2010
CLIMATE RECORD PERIOD 1891 TO 2016


WEATHER ITEM   OBSERVED TIME   RECORD YEAR NORMAL DEPARTURE LAST
                VALUE   (LST)  VALUE       VALUE  FROM      YEAR
                                                  NORMAL
..................................................................
TEMPERATURE (F)
 TODAY
  MAXIMUM         96    326 PM  99    1935  81     15       89
  MINIMUM         58    540 AM  40    1970  56      2       53
  AVERAGE         77                        68      9       71

PRECIPITATION (IN)
  TODAY            0.00                      0.03  -0.03     0.00
  MONTH TO DATE    0.13                      0.57  -0.44     0.01
  SINCE OCT 1     45.36                     37.38   7.98    30.23
  SINCE JAN 1     21.51                     21.63  -0.12    15.34

DEGREE DAYS
 HEATING
  TODAY            0                                         0
  MONTH TO DATE    8                                         0
  SINCE JUN 1    105                                        28
  SINCE JUL 1     19                                         4

 COOLING
  TODAY           12                                         6
  MONTH TO DATE  165                                       174
  SINCE JUN 1    350                                       586
  SINCE JAN 1    374                                       602
..................................................................


WIND (MPH)
  HIGHEST WIND SPEED    10   HIGHEST WIND DIRECTION    NW (320)
  HIGHEST GUST SPEED    15   HIGHEST GUST DIRECTION     W (290)
  AVERAGE WIND SPEED     3.5


SKY COVER
  POSSIBLE SUNSHINE  MM
  AVERAGE SKY COVER 0.0


WEATHER CONDITIONS
 THE FOLLOWING WEATHER WAS RECORDED TODAY.
  NO SIGNIFICANT WEATHER WAS OBSERVED.


RELATIVE HUMIDITY (PERCENT)
 HIGHEST    80           500 AM
 LOWEST     14           300 PM
 AVERAGE    47

..........................................................


THE VANCOUVER WA CLIMATE NORMALS FOR TOMORROW
                         NORMAL    RECORD    YEAR
 MAXIMUM TEMPERATURE (F)   81        98      1935
 MINIMUM TEMPERATURE (F)   56        40      1981


SUNRISE AND SUNSET
AUGUST 26 2016........SUNRISE   625 AM PDT   SUNSET   758 PM PDT
AUGUST 27 2016........SUNRISE   626 AM PDT   SUNSET   756 PM PDT


-  INDICATES NEGATIVE NUMBERS.
R  INDICATES RECORD WAS SET OR TIED.
MM INDICATES DATA IS MISSING.
T  INDICATES TRACE AMOUNT.




$$
