000
CDUS46 KPQR 221141
CLIVUO


CLIMATE REPORT
NATIONAL WEATHER SERVICE PORTLAND OREGON
340 AM PST WED NOV 22 2017


...................................

...THE VANCOUVER WA CLIMATE SUMMARY FOR NOVEMBER 21 2017...

CLIMATE NORMAL PERIOD 1981 TO 2010
CLIMATE RECORD PERIOD 1891 TO 2017


WEATHER ITEM   OBSERVED TIME   RECORD YEAR NORMAL DEPARTURE LAST
                VALUE   (LST)  VALUE       VALUE  FROM      YEAR
                                                  NORMAL
..................................................................
TEMPERATURE (F)
 YESTERDAY
  MAXIMUM         52    120 PM  65    1917  52      0       56
  MINIMUM         45    344 AM  15    1900  39      6       45
  AVERAGE         49                        45      4       51

PRECIPITATION (IN)
  YESTERDAY        0.65                      0.20   0.45     0.02
  MONTH TO DATE    4.84                      3.93   0.91     2.74
  SINCE OCT 1      9.39                      7.00   2.39    10.96
  SINCE JAN 1     41.07                     30.39  10.68    33.69

DEGREE DAYS
 HEATING
  YESTERDAY       16                                        14
  MONTH TO DATE  372                                       239
  SINCE JUL 1    807                                       636

 COOLING
  YESTERDAY        0                                         0
  MONTH TO DATE    0                                         0
  SINCE JAN 1    639                                       407
..................................................................


WIND (MPH)
  HIGHEST WIND SPEED    17   HIGHEST WIND DIRECTION    SE (120)
  HIGHEST GUST SPEED    22   HIGHEST GUST DIRECTION    SE (120)
  AVERAGE WIND SPEED     5.7


SKY COVER
  POSSIBLE SUNSHINE  MM
  AVERAGE SKY COVER 1.0


WEATHER CONDITIONS
 THE FOLLOWING WEATHER WAS RECORDED YESTERDAY.
  LIGHT RAIN
  FOG


RELATIVE HUMIDITY (PERCENT)
 HIGHEST   100          1200 AM
 LOWEST     89           200 PM
 AVERAGE    95

..........................................................




SUNRISE AND SUNSET
NOVEMBER 22 2017......SUNRISE   720 AM PST   SUNSET   433 PM PST
NOVEMBER 23 2017......SUNRISE   721 AM PST   SUNSET   433 PM PST


-  INDICATES NEGATIVE NUMBERS.
R  INDICATES RECORD WAS SET OR TIED.
MM INDICATES DATA IS MISSING.
T  INDICATES TRACE AMOUNT.




$$
