000
CDUS46 KPQR 211141
CLIVUO


CLIMATE REPORT
NATIONAL WEATHER SERVICE PORTLAND OREGON
441 AM PDT THU SEP 21 2017


...................................

...THE VANCOUVER WA CLIMATE SUMMARY FOR SEPTEMBER 20 2017...

CLIMATE NORMAL PERIOD 1981 TO 2010
CLIMATE RECORD PERIOD 1891 TO 2017


WEATHER ITEM   OBSERVED TIME   RECORD YEAR NORMAL DEPARTURE LAST
                VALUE   (LST)  VALUE       VALUE  FROM      YEAR
                                                  NORMAL
..................................................................
TEMPERATURE (F)
 YESTERDAY
  MAXIMUM         60   1140 AM  97    1952  75    -15       72
  MINIMUM         50   1159 PM  36    1983  51     -1       45
  AVERAGE         55                        62     -7       59

PRECIPITATION (IN)
  YESTERDAY        1.34                      0.06   1.28     0.00
  MONTH TO DATE    2.33                      0.77   1.56     1.11
  SINCE OCT 1     51.31                     38.35  12.96    46.54
  SINCE JAN 1     31.45                     22.60   8.85    22.69

DEGREE DAYS
 HEATING
  YESTERDAY       10                                         6
  MONTH TO DATE   32                                        60
  SINCE JUL 1     35                                        82

 COOLING
  YESTERDAY        0                                         0
  MONTH TO DATE  110                                         9
  SINCE JAN 1    629                                       398
..................................................................


WIND (MPH)
  HIGHEST WIND SPEED    14   HIGHEST WIND DIRECTION     N (350)
  HIGHEST GUST SPEED    22   HIGHEST GUST DIRECTION     S (190)
  AVERAGE WIND SPEED     4.5


SKY COVER
  POSSIBLE SUNSHINE  MM
  AVERAGE SKY COVER 0.7


WEATHER CONDITIONS
 THE FOLLOWING WEATHER WAS RECORDED YESTERDAY.
  THUNDERSTORM
  HEAVY RAIN
  RAIN
  LIGHT RAIN
  FOG


RELATIVE HUMIDITY (PERCENT)
 HIGHEST   100          1200 AM
 LOWEST     67          1100 AM
 AVERAGE    84

..........................................................




SUNRISE AND SUNSET
SEPTEMBER 21 2017.....SUNRISE   657 AM PDT   SUNSET   709 PM PDT
SEPTEMBER 22 2017.....SUNRISE   658 AM PDT   SUNSET   707 PM PDT


-  INDICATES NEGATIVE NUMBERS.
R  INDICATES RECORD WAS SET OR TIED.
MM INDICATES DATA IS MISSING.
T  INDICATES TRACE AMOUNT.




$$
