000
CDUS46 KPQR 221147
CLIVUO


CLIMATE REPORT
NATIONAL WEATHER SERVICE PORTLAND OREGON
346 AM PST THU FEB 22 2018


...................................

...THE VANCOUVER WA CLIMATE SUMMARY FOR FEBRUARY 21 2018...

CLIMATE NORMAL PERIOD 1981 TO 2010
CLIMATE RECORD PERIOD 1891 TO 2018


WEATHER ITEM   OBSERVED TIME   RECORD YEAR NORMAL DEPARTURE LAST
                VALUE   (LST)  VALUE       VALUE  FROM      YEAR
                                                  NORMAL
..................................................................
TEMPERATURE (F)
 YESTERDAY
  MAXIMUM         36    533 PM  66    1958  53    -17       50
  MINIMUM         20R   821 AM  23    1975  35    -15       36
  AVERAGE         28                        44    -16       43

PRECIPITATION (IN)
  YESTERDAY        0.03                      0.11  -0.08     0.44
  MONTH TO DATE    1.13                      3.05  -1.92     9.93
  SINCE OCT 1     20.91                     24.30  -3.39    34.10
  SINCE JAN 1      6.72                      8.55  -1.83    14.24

DEGREE DAYS
 HEATING
  YESTERDAY       37                                        22
  MONTH TO DATE  462                                       490
  SINCE JUL 1   2849                                      3123

 COOLING
  YESTERDAY        0                                         0
  MONTH TO DATE    0                                         0
  SINCE JAN 1      0                                         0
..................................................................


WIND (MPH)
  HIGHEST WIND SPEED    12   HIGHEST WIND DIRECTION     E (110)
  HIGHEST GUST SPEED    14   HIGHEST GUST DIRECTION    SE (120)
  AVERAGE WIND SPEED     2.5


SKY COVER
  POSSIBLE SUNSHINE  MM
  AVERAGE SKY COVER 0.4


WEATHER CONDITIONS
 THE FOLLOWING WEATHER WAS RECORDED YESTERDAY.
  SNOW
  LIGHT SNOW
  FOG
  FOG W/VISIBILITY <= 1/4 MILE


RELATIVE HUMIDITY (PERCENT)
 HIGHEST   100           200 AM
 LOWEST     64           400 PM
 AVERAGE    82

..........................................................




SUNRISE AND SUNSET
FEBRUARY 22 2018......SUNRISE   701 AM PST   SUNSET   548 PM PST
FEBRUARY 23 2018......SUNRISE   659 AM PST   SUNSET   549 PM PST


-  INDICATES NEGATIVE NUMBERS.
R  INDICATES RECORD WAS SET OR TIED.
MM INDICATES DATA IS MISSING.
T  INDICATES TRACE AMOUNT.




$$
