000
CDUS46 KPQR 271142
CLIVUO


CLIMATE REPORT
NATIONAL WEATHER SERVICE PORTLAND OREGON
341 AM PST SAT DEC 27 2014


...................................

...THE VANCOUVER WA CLIMATE SUMMARY FOR DECEMBER 26 2014...

CLIMATE NORMAL PERIOD 1981 TO 2010
CLIMATE RECORD PERIOD 1891 TO 2014


WEATHER ITEM   OBSERVED TIME   RECORD YEAR NORMAL DEPARTURE LAST
                VALUE   (LST)  VALUE       VALUE  FROM      YEAR
                                                  NORMAL
..................................................................
TEMPERATURE (F)
 YESTERDAY
  MAXIMUM         49    314 PM  57    1917  46      3       43
  MINIMUM         40    734 AM   6    1924  34      6       34
  AVERAGE         45                        40      5       39

PRECIPITATION (IN)
  YESTERDAY        T                         0.24  -0.24     0.00
  MONTH TO DATE    5.52                      5.70  -0.18     1.51
  SINCE OCT 1     14.47                     14.68  -0.21     5.46
  SINCE JAN 1     37.91                     38.07  -0.16    26.53

DEGREE DAYS
 HEATING
  YESTERDAY       20                                        26
  MONTH TO DATE  520                                       768
  SINCE JUL 1   1328                                      1869

 COOLING
  YESTERDAY        0                                         0
  MONTH TO DATE    0                                         0
  SINCE JAN 1    531                                       450
..................................................................


WIND (MPH)
  HIGHEST WIND SPEED     6   HIGHEST WIND DIRECTION    SW (210)
  HIGHEST GUST SPEED     7   HIGHEST GUST DIRECTION     E (110)
  AVERAGE WIND SPEED     1.2


SKY COVER
  POSSIBLE SUNSHINE  MM
  AVERAGE SKY COVER 1.0


WEATHER CONDITIONS
 THE FOLLOWING WEATHER WAS RECORDED YESTERDAY.
  FOG


RELATIVE HUMIDITY (PERCENT)
 HIGHEST    96          1200 AM
 LOWEST     71           300 PM
 AVERAGE    84

..........................................................




SUNRISE AND SUNSET
DECEMBER 27 2014......SUNRISE   750 AM PST   SUNSET   433 PM PST
DECEMBER 28 2014......SUNRISE   751 AM PST   SUNSET   434 PM PST


-  INDICATES NEGATIVE NUMBERS.
R  INDICATES RECORD WAS SET OR TIED.
MM INDICATES DATA IS MISSING.
T  INDICATES TRACE AMOUNT.




$$
