000
CDUS46 KPQR 251142
CLIVUO


CLIMATE REPORT
NATIONAL WEATHER SERVICE PORTLAND OREGON
442 AM PDT THU MAY 25 2017


...................................

...THE VANCOUVER WA CLIMATE SUMMARY FOR MAY 24 2017...

CLIMATE NORMAL PERIOD 1981 TO 2010
CLIMATE RECORD PERIOD 1891 TO 2017


WEATHER ITEM   OBSERVED TIME   RECORD YEAR NORMAL DEPARTURE LAST
                VALUE   (LST)  VALUE       VALUE  FROM      YEAR
                                                  NORMAL
..................................................................
TEMPERATURE (F)
 YESTERDAY
  MAXIMUM         66    251 PM  91    1992  70     -4       71
  MINIMUM         48   1153 PM  30    1984  50     -2       53
  AVERAGE         57                        60     -3       62

PRECIPITATION (IN)
  YESTERDAY        0.00                      0.07  -0.07     0.00
  MONTH TO DATE    1.78                      2.01  -0.23     1.57
  SINCE OCT 1     47.63                     33.87  13.76    43.29
  SINCE JAN 1     27.77                     18.12   9.65    19.44

DEGREE DAYS
 HEATING
  YESTERDAY        8                                         3
  MONTH TO DATE  184                                       110
  SINCE JUL 1   4416                                      3701

 COOLING
  YESTERDAY        0                                         0
  MONTH TO DATE   26                                        15
  SINCE JAN 1     26                                        21
..................................................................


WIND (MPH)
  HIGHEST WIND SPEED    20   HIGHEST WIND DIRECTION     W (290)
  HIGHEST GUST SPEED    24   HIGHEST GUST DIRECTION     W (270)
  AVERAGE WIND SPEED     5.5


SKY COVER
  POSSIBLE SUNSHINE  MM
  AVERAGE SKY COVER 0.5


WEATHER CONDITIONS
 THE FOLLOWING WEATHER WAS RECORDED YESTERDAY.
  NO SIGNIFICANT WEATHER WAS OBSERVED.


RELATIVE HUMIDITY (PERCENT)
 HIGHEST    80          1100 PM
 LOWEST     44           400 PM
 AVERAGE    62

..........................................................




SUNRISE AND SUNSET
MAY 25 2017...........SUNRISE   529 AM PDT   SUNSET   846 PM PDT
MAY 26 2017...........SUNRISE   529 AM PDT   SUNSET   847 PM PDT


-  INDICATES NEGATIVE NUMBERS.
R  INDICATES RECORD WAS SET OR TIED.
MM INDICATES DATA IS MISSING.
T  INDICATES TRACE AMOUNT.




$$
