000
CDUS46 KPQR 300220
CLIVUO


CLIMATE REPORT
NATIONAL WEATHER SERVICE PORTLAND OREGON
720 PM PDT THU SEP 29 2016


...................................

...THE VANCOUVER WA CLIMATE SUMMARY FOR SEPTEMBER 29 2016...
VALID TODAY AS OF 0700 PM LOCAL TIME.

CLIMATE NORMAL PERIOD 1981 TO 2010
CLIMATE RECORD PERIOD 1891 TO 2016


WEATHER ITEM   OBSERVED TIME   RECORD YEAR NORMAL DEPARTURE LAST
                VALUE   (LST)  VALUE       VALUE  FROM      YEAR
                                                  NORMAL
..................................................................
TEMPERATURE (F)
 TODAY
  MAXIMUM         70    256 PM  92    2008  71     -1       80
  MINIMUM         47    639 AM  31    1985  48     -1       43
  AVERAGE         59                        59      0       62

PRECIPITATION (IN)
  TODAY            0.00                      0.08  -0.08     0.00
  MONTH TO DATE    1.15                      1.47  -0.32     1.23
  SINCE OCT 1     46.58                     39.05   7.53    32.00
  SINCE JAN 1     22.73                     23.30  -0.57    17.11

DEGREE DAYS
 HEATING
  TODAY            6                                         3
  MONTH TO DATE   96                                       103
  SINCE SEP 1     96                                       103
  SINCE JUL 1    118                                       107

 COOLING
  TODAY            0                                         0
  MONTH TO DATE   18                                        33
  SINCE SEP 1     18                                        33
  SINCE JAN 1    407                                       660
..................................................................


WIND (MPH)
  HIGHEST WIND SPEED    14   HIGHEST WIND DIRECTION    NW (310)
  HIGHEST GUST SPEED    18   HIGHEST GUST DIRECTION    NW (300)
  AVERAGE WIND SPEED     3.9


SKY COVER
  POSSIBLE SUNSHINE  MM
  AVERAGE SKY COVER 0.0


WEATHER CONDITIONS
 THE FOLLOWING WEATHER WAS RECORDED TODAY.
  NO SIGNIFICANT WEATHER WAS OBSERVED.


RELATIVE HUMIDITY (PERCENT)
 HIGHEST    86           600 AM
 LOWEST     39           100 PM
 AVERAGE    63

..........................................................


THE VANCOUVER WA CLIMATE NORMALS FOR TOMORROW
                         NORMAL    RECORD    YEAR
 MAXIMUM TEMPERATURE (F)   70        87      1987
 MINIMUM TEMPERATURE (F)   48        30      1985


SUNRISE AND SUNSET
SEPTEMBER 29 2016.....SUNRISE   707 AM PDT   SUNSET   653 PM PDT
SEPTEMBER 30 2016.....SUNRISE   708 AM PDT   SUNSET   652 PM PDT


-  INDICATES NEGATIVE NUMBERS.
R  INDICATES RECORD WAS SET OR TIED.
MM INDICATES DATA IS MISSING.
T  INDICATES TRACE AMOUNT.




$$
