000
CDUS41 KAKQ 270945
CLIWAL


CLIMATE REPORT
NATIONAL WEATHER SERVICE WAKEFIELD, VA
445 AM EST SAT DEC 27 2014


...................................

...THE WALLOPS ISLAND VA CLIMATE SUMMARY FOR DECEMBER 26 2014...

CLIMATE NORMAL PERIOD 1981 TO 2010
CLIMATE RECORD PERIOD 1963 TO 2014


WEATHER ITEM   OBSERVED TIME   RECORD YEAR NORMAL DEPARTURE
                VALUE   (LST)  VALUE       VALUE  FROM
                                                  NORMAL
...............................................................
TEMPERATURE (F)
 YESTERDAY
  MAXIMUM         53    154 PM  72    1982  47      6
  MINIMUM         30    724 AM   8    1983  30      0
                                      1980
  AVERAGE         42                        38      4

PRECIPITATION (IN)
  YESTERDAY        0.00          2.33        0.11  -0.11
  MONTH TO DATE    2.93                      2.95  -0.02
  SINCE DEC 1      2.93                      2.95  -0.02
  SINCE JAN 1     37.69                     40.36  -2.67

SNOWFALL (IN)
  YESTERDAY        0.0          10.2  2010   0.0    0.0
  MONTH TO DATE    0.0                       1.6   -1.6
  SINCE NOV 1      0.0                       1.7   -1.7
  SINCE JUL 1      0.0                       1.7   -1.7

DEGREE DAYS
 HEATING
  YESTERDAY       23                               -4
  MONTH TO DATE  560                              -61
  SINCE DEC 1    560                              -61
  SINCE JUL 1   1254                              -71

 COOLING
  YESTERDAY        0                                0
  MONTH TO DATE    0                                0
  SINCE DEC 1      0                                0
  SINCE JAN 1   1352                              155
...............................................................


WIND (MPH)
  HIGHEST WIND SPEED     9   HIGHEST WIND DIRECTION    NW (300)
  HIGHEST GUST SPEED    12   HIGHEST GUST DIRECTION     W (280)
  AVERAGE WIND SPEED     2.9




RELATIVE HUMIDITY (PERCENT)
 HIGHEST   100
 LOWEST     46
 AVERAGE    73

..........................................................


THE WALLOPS ISLAND VA CLIMATE NORMALS FOR TODAY
                         NORMAL    RECORD    YEAR
 MAXIMUM TEMPERATURE (F)   46        66      1973
 MINIMUM TEMPERATURE (F)   30        14      1989


SUNRISE AND SUNSET
DECEMBER 27 2014......SUNRISE   716 AM EST   SUNSET   450 PM EST
DECEMBER 28 2014......SUNRISE   717 AM EST   SUNSET   450 PM EST


-  INDICATES NEGATIVE NUMBERS.
R  INDICATES RECORD WAS SET OR TIED.
MM INDICATES DATA IS MISSING.
T  INDICATES TRACE AMOUNT.




$$
