000
CDUS41 KAKQ 290545
CLIWAL


CLIMATE REPORT
NATIONAL WEATHER SERVICE WAKEFIELD, VA
145 AM EDT SAT APR 29 2017


...................................

...THE WALLOPS ISLAND VA CLIMATE SUMMARY FOR APRIL 28 2017...

CLIMATE NORMAL PERIOD 1981 TO 2010
CLIMATE RECORD PERIOD 1963 TO 2017


WEATHER ITEM   OBSERVED TIME   RECORD YEAR NORMAL DEPARTURE
                VALUE   (LST)  VALUE       VALUE  FROM
                                                  NORMAL
...............................................................
TEMPERATURE (F)
 YESTERDAY
  MAXIMUM         80   1202 PM  85    2009  67     13
                                      1990
  MINIMUM         63    420 AM  36    1998  49     14
  AVERAGE         72                        58     14

PRECIPITATION (IN)
  YESTERDAY        0.09          1.49        0.09   0.00
  MONTH TO DATE    2.31                      2.90  -0.59
  SINCE MAR 1      5.69                      6.90  -1.21
  SINCE JAN 1     11.89                     12.70  -0.81

SNOWFALL (IN)
  YESTERDAY        0.0           0.0    MM   0.0    0.0
  MONTH TO DATE    0.0                       0.1   -0.1
  SINCE NOV 1     10.1                       7.9    2.2
  SINCE JUL 1     10.1                       7.9    2.2

DEGREE DAYS
 HEATING
  YESTERDAY        0                               -8
  MONTH TO DATE  176                             -152
  SINCE MAR 1    790                             -157
  SINCE JUL 1   3366                             -661

 COOLING
  YESTERDAY        7                                6
  MONTH TO DATE   31                               25
  SINCE MAR 1     33                               26
  SINCE JAN 1     33                               26
...............................................................


WIND (MPH)
  HIGHEST WIND SPEED    16   HIGHEST WIND DIRECTION     S (200)
  HIGHEST GUST SPEED    21   HIGHEST GUST DIRECTION    SW (210)
  AVERAGE WIND SPEED     8.2




RELATIVE HUMIDITY (PERCENT)
 HIGHEST   100
 LOWEST     67
 AVERAGE    84

..........................................................


THE WALLOPS ISLAND VA CLIMATE NORMALS FOR TODAY
                         NORMAL    RECORD    YEAR
 MAXIMUM TEMPERATURE (F)   67        90      1974
 MINIMUM TEMPERATURE (F)   49        38      1993


SUNRISE AND SUNSET
APRIL 29 2017.........SUNRISE   608 AM EDT   SUNSET   751 PM EDT
APRIL 30 2017.........SUNRISE   607 AM EDT   SUNSET   752 PM EDT


-  INDICATES NEGATIVE NUMBERS.
R  INDICATES RECORD WAS SET OR TIED.
MM INDICATES DATA IS MISSING.
T  INDICATES TRACE AMOUNT.




$$
