000
CDUS41 KAKQ 260545
CLIWAL


CLIMATE REPORT
NATIONAL WEATHER SERVICE WAKEFIELD, VA
145 AM EDT SUN MAR 26 2017


...................................

...THE WALLOPS ISLAND VA CLIMATE SUMMARY FOR MARCH 25 2017...

CLIMATE NORMAL PERIOD 1981 TO 2010
CLIMATE RECORD PERIOD 1963 TO 2017


WEATHER ITEM   OBSERVED TIME   RECORD YEAR NORMAL DEPARTURE
                VALUE   (LST)  VALUE       VALUE  FROM
                                                  NORMAL
...............................................................
TEMPERATURE (F)
 YESTERDAY
  MAXIMUM         77    332 PM  79    2016  56     21
  MINIMUM         48    200 AM  25    2009  39      9
  AVERAGE         63                        48     15

PRECIPITATION (IN)
  YESTERDAY        0.00          0.63        0.13  -0.13
  MONTH TO DATE    1.79                      3.21  -1.42
  SINCE MAR 1      1.79                      3.21  -1.42
  SINCE JAN 1      7.99                      9.01  -1.02

SNOWFALL (IN)
  YESTERDAY        0.0           3.0  2014   0.0    0.0
  MONTH TO DATE    T                         0.4   -0.4
  SINCE NOV 1     10.1                       7.8    2.3
  SINCE JUL 1     10.1                       7.8    2.3

DEGREE DAYS
 HEATING
  YESTERDAY        2                              -16
  MONTH TO DATE  546                               25
  SINCE MAR 1    546                               25
  SINCE JUL 1   3122                             -479

 COOLING
  YESTERDAY        0                                0
  MONTH TO DATE    2                                2
  SINCE MAR 1      2                                2
  SINCE JAN 1      2                                2
...............................................................


WIND (MPH)
  HIGHEST WIND SPEED    20   HIGHEST WIND DIRECTION    SW (240)
  HIGHEST GUST SPEED    27   HIGHEST GUST DIRECTION     W (250)
  AVERAGE WIND SPEED     9.5




RELATIVE HUMIDITY (PERCENT)
 HIGHEST    93
 LOWEST     46
 AVERAGE    70

..........................................................


THE WALLOPS ISLAND VA CLIMATE NORMALS FOR TODAY
                         NORMAL    RECORD    YEAR
 MAXIMUM TEMPERATURE (F)   57        70      2004
 MINIMUM TEMPERATURE (F)   39        27      2001
                                             1983


SUNRISE AND SUNSET
MARCH 26 2017.........SUNRISE   656 AM EDT   SUNSET   720 PM EDT
MARCH 27 2017.........SUNRISE   654 AM EDT   SUNSET   721 PM EDT


-  INDICATES NEGATIVE NUMBERS.
R  INDICATES RECORD WAS SET OR TIED.
MM INDICATES DATA IS MISSING.
T  INDICATES TRACE AMOUNT.




$$
