000
CDUS41 KAKQ 250827
CLIWAL


CLIMATE REPORT
NATIONAL WEATHER SERVICE WAKEFIELD, VA
326 AM EST SUN JAN 25 2015


...................................

...THE WALLOPS ISLAND VA CLIMATE SUMMARY FOR JANUARY 24 2015...

CLIMATE NORMAL PERIOD 1981 TO 2010
CLIMATE RECORD PERIOD 1963 TO 2015


WEATHER ITEM   OBSERVED TIME   RECORD YEAR NORMAL DEPARTURE
                VALUE   (LST)  VALUE       VALUE  FROM
                                                  NORMAL
...............................................................
TEMPERATURE (F)
 YESTERDAY
  MAXIMUM         49    410 AM  70    2002  45      4
  MINIMUM         35    358 PM  11    2011  28      7
                                      2005
  AVERAGE         42                        36      6

PRECIPITATION (IN)
  YESTERDAY        1.62R         1.17        0.10   1.52
  MONTH TO DATE    4.52                      2.36   2.16
  SINCE DEC 1      7.74                      5.79   1.95
  SINCE JAN 1      4.52                      2.36   2.16

SNOWFALL (IN)
  YESTERDAY       MM             4.0  2013   0.0   MM
  MONTH TO DATE    T                         1.4   -1.4
  SINCE NOV 1      T                         3.4   -3.4
  SINCE JUL 1      T                         3.4   -3.4

DEGREE DAYS
 HEATING
  YESTERDAY       23                               -6
  MONTH TO DATE  694                                7
  SINCE DEC 1   1372                              -73
  SINCE JUL 1   2066                              -83

 COOLING
  YESTERDAY        0                                0
  MONTH TO DATE    0                                0
  SINCE DEC 1      0                                0
  SINCE JAN 1      0                                0
...............................................................


WIND (MPH)
  HIGHEST WIND SPEED    21   HIGHEST WIND DIRECTION    NW (310)
  HIGHEST GUST SPEED    29   HIGHEST GUST DIRECTION    NW (300)
  AVERAGE WIND SPEED     9.8




RELATIVE HUMIDITY (PERCENT)
 HIGHEST   100
 LOWEST     92
 AVERAGE    96

..........................................................


THE WALLOPS ISLAND VA CLIMATE NORMALS FOR TODAY
                         NORMAL    RECORD    YEAR
 MAXIMUM TEMPERATURE (F)   45        61      2010
                                             2002
                                             1997
 MINIMUM TEMPERATURE (F)   28        12      2013


SUNRISE AND SUNSET
JANUARY 25 2015.......SUNRISE   712 AM EST   SUNSET   517 PM EST
JANUARY 26 2015.......SUNRISE   711 AM EST   SUNSET   518 PM EST


-  INDICATES NEGATIVE NUMBERS.
R  INDICATES RECORD WAS SET OR TIED.
MM INDICATES DATA IS MISSING.
T  INDICATES TRACE AMOUNT.




$$
