000
CDUS46 KLOX 200116
CLIWJF


CLIMATE REPORT
NATIONAL WEATHER SERVICE LOS ANGELES/OXNARD CA
516 PM PST MON FEB 19 2018


...................................

...THE LANCASTER CLIMATE SUMMARY FOR FEBRUARY 19 2018...
VALID TODAY AS OF 0500 PM LOCAL TIME.

CLIMATE NORMAL PERIOD 1981 TO 2010
CLIMATE RECORD PERIOD 1948 TO 2018


WEATHER ITEM   OBSERVED TIME   RECORD YEAR NORMAL DEPARTURE LAST
                VALUE   (LST)  VALUE       VALUE  FROM      YEAR
                                                  NORMAL
..................................................................
TEMPERATURE (F)
 TODAY
  MAXIMUM         46    150 PM  80    1981  62    -16       57
  MINIMUM         33    706 AM  19    1955  36     -3       45
  AVERAGE         40                        49     -9       51

PRECIPITATION (IN)
  TODAY            0.00          1.35 2005   0.07  -0.07      T
  MONTH TO DATE    0.01                      1.23  -1.22     1.80
  SINCE OCT 1      0.98                      4.86  -3.88     6.26
  SINCE JAN 1      0.96                      2.73  -1.77     4.27

SNOWFALL (IN)
  TODAY            0.0           0.0    MM   0.0            MM
  MONTH TO DATE    0.0                       0.5             0.0
  SINCE DEC 1      0.0                       2.2             0.0
  SINCE JUL 1      0.0                       2.2             0.0
  SNOW DEPTH       0

DEGREE DAYS
 HEATING
  TODAY           25                        16      9       14
  MONTH TO DATE  269                       332    -63      220
  SINCE DEC 1   1393                      1612   -219     1409
  SINCE JUL 1   1755                      2157   -402     1835

 COOLING
  TODAY            0                         0      0        0
  MONTH TO DATE    0                         0      0        0
  SINCE DEC 1      0                         0      0        0
  SINCE JAN 1      0                         0      0        0
..................................................................


WIND (MPH)
  HIGHEST WIND SPEED    38   HIGHEST WIND DIRECTION     W (280)
  HIGHEST GUST SPEED    45   HIGHEST GUST DIRECTION     W (280)
  AVERAGE WIND SPEED    23.5


SKY COVER
  POSSIBLE SUNSHINE  MM
  AVERAGE SKY COVER 0.2


WEATHER CONDITIONS
 THE FOLLOWING WEATHER WAS RECORDED TODAY.
  NO SIGNIFICANT WEATHER WAS OBSERVED.


RELATIVE HUMIDITY (PERCENT)
 HIGHEST    64           100 AM
 LOWEST     27           200 PM
 AVERAGE    46

..........................................................


THE LANCASTER CLIMATE NORMALS FOR TOMORROW
                         NORMAL    RECORD    YEAR
 MAXIMUM TEMPERATURE (F)   63        79      1977
 MINIMUM TEMPERATURE (F)   36        14      1953


SUNRISE AND SUNSET
FEBRUARY 19 2018......SUNRISE   634 AM PST   SUNSET   540 PM PST
FEBRUARY 20 2018......SUNRISE   633 AM PST   SUNSET   541 PM PST


-  INDICATES NEGATIVE NUMBERS.
R  INDICATES RECORD WAS SET OR TIED.
MM INDICATES DATA IS MISSING.
T  INDICATES TRACE AMOUNT.




$$
