000
CDUS46 KLOX 290927
CLIWJF


CLIMATE REPORT
NATIONAL WEATHER SERVICE LOS ANGELES/OXNARD CA
227 AM PDT MON MAY 29 2017


...................................

...THE LANCASTER FOX FIELD CA CLIMATE SUMMARY FOR MAY 28 2017...

CLIMATE NORMAL PERIOD 1981 TO 2010
CLIMATE RECORD PERIOD 1948 TO 2017


WEATHER ITEM   OBSERVED TIME   RECORD YEAR NORMAL DEPARTURE
                VALUE   (LST)  VALUE       VALUE  FROM
                                                  NORMAL
...............................................................
TEMPERATURE (F)
 YESTERDAY
  MAXIMUM         96    213 PM 106    2003  86     10
  MINIMUM         50    456 AM  42    1953  57     -7
  AVERAGE         73                        71      2

PRECIPITATION (IN)
  YESTERDAY        0.00          0.25 1971   0.00   0.00
  MONTH TO DATE    0.00                      0.08  -0.08
  SINCE OCT 1      6.51                      6.98  -0.47
  SINCE JAN 1      4.52                      4.85  -0.33

SNOWFALL (IN)
  YESTERDAY        0.0           0.0    MM
  MONTH TO DATE    0.0
  SINCE MAR 1      0.0
  SINCE JUL 1      0.0
  SNOW DEPTH       0

DEGREE DAYS
 HEATING
  YESTERDAY        0                               -1
  MONTH TO DATE   73                               16
  SINCE MAR 1    484                             -148
  SINCE JUL 1   2483                             -442

 COOLING
  YESTERDAY        8                                1
  MONTH TO DATE  120                              -15
  SINCE MAR 1    130                              -35
  SINCE JAN 1    130                              -35
...............................................................


WIND (MPH)
  HIGHEST WIND SPEED    24   HIGHEST WIND DIRECTION    SW (240)
  HIGHEST GUST SPEED    31   HIGHEST GUST DIRECTION    SW (240)
  AVERAGE WIND SPEED     8.2




RELATIVE HUMIDITY (PERCENT)
 HIGHEST    74
 LOWEST     11
 AVERAGE    43

..........................................................


THE LANCASTER FOX FIELD CA CLIMATE NORMALS FOR TODAY
                         NORMAL    RECORD    YEAR
 MAXIMUM TEMPERATURE (F)   86       101      1984
 MINIMUM TEMPERATURE (F)   57        39      2010


SUNRISE AND SUNSET
MAY 29 2017...........SUNRISE   542 AM PDT   SUNSET   759 PM PDT
MAY 30 2017...........SUNRISE   541 AM PDT   SUNSET   800 PM PDT


-  INDICATES NEGATIVE NUMBERS.
R  INDICATES RECORD WAS SET OR TIED.
MM INDICATES DATA IS MISSING.
T  INDICATES TRACE AMOUNT.




$$
