000
CDUS46 KLOX 180910
CLIWJF


CLIMATE REPORT
NATIONAL WEATHER SERVICE LOS ANGELES/OXNARD CA
109 AM PST THU DEC 18 2014


...................................

...THE LANCASTER FOX FIELD CA CLIMATE SUMMARY FOR DECEMBER 17 2014...

CLIMATE NORMAL PERIOD 1981 TO 2010
CLIMATE RECORD PERIOD 1948 TO 2014


WEATHER ITEM   OBSERVED TIME   RECORD YEAR NORMAL DEPARTURE
                VALUE   (LST)  VALUE       VALUE  FROM
                                                  NORMAL
...............................................................
TEMPERATURE (F)
 YESTERDAY
  MAXIMUM         53   1129 AM  74    1980  57     -4
  MINIMUM         40   1159 PM  17    1975  29     11
  AVERAGE         47                        43      4

PRECIPITATION (IN)
  YESTERDAY        0.18          0.81 2008   0.04   0.14
  MONTH TO DATE    2.62                      0.53   2.09
  SINCE JUL 1      2.95                      1.85   1.10
  SINCE JAN 1      5.27                      6.76  -1.49

SNOWFALL (IN)
  YESTERDAY       MM             3.0  1948
  MONTH TO DATE    0.0
  SINCE DEC 1      0.0
  SINCE JUL 1      0.0
  SNOW DEPTH       0

DEGREE DAYS
 HEATING
  YESTERDAY       18                               -4
  MONTH TO DATE  273                              -80
  SINCE DEC 1    273                              -80
  SINCE JUL 1    670                             -228

 COOLING
  YESTERDAY        0                                0
  MONTH TO DATE    0                                0
  SINCE DEC 1      0                                0
  SINCE JAN 1   2055                              173
...............................................................


WIND (MPH)
  HIGHEST WIND SPEED    30   HIGHEST WIND DIRECTION     W (270)
  HIGHEST GUST SPEED    34   HIGHEST GUST DIRECTION     W (270)
  AVERAGE WIND SPEED    11.0




RELATIVE HUMIDITY (PERCENT)
 HIGHEST   100
 LOWEST     61
 AVERAGE    81

..........................................................


THE LANCASTER FOX FIELD CA CLIMATE NORMALS FOR TODAY
                         NORMAL    RECORD    YEAR
 MAXIMUM TEMPERATURE (F)   57        73      1980
 MINIMUM TEMPERATURE (F)   29        17      1995


SUNRISE AND SUNSET
DECEMBER 18 2014......SUNRISE   655 AM PST   SUNSET   444 PM PST
DECEMBER 19 2014......SUNRISE   655 AM PST   SUNSET   445 PM PST


-  INDICATES NEGATIVE NUMBERS.
R  INDICATES RECORD WAS SET OR TIED.
MM INDICATES DATA IS MISSING.
T  INDICATES TRACE AMOUNT.




$$
