000
CDUS46 KLOX 240904
CLIWJF


CLIMATE REPORT
NATIONAL WEATHER SERVICE LOS ANGELES/OXNARD CA
204 AM PDT THU APR 24 2014


...................................

...THE LANCASTER FOX FIELD CA CLIMATE SUMMARY FOR APRIL 23 2014...

CLIMATE NORMAL PERIOD 1981 TO 2010
CLIMATE RECORD PERIOD 1948 TO 2014


WEATHER ITEM   OBSERVED TIME   RECORD YEAR NORMAL DEPARTURE
                VALUE   (LST)  VALUE       VALUE  FROM
                                                  NORMAL
...............................................................
TEMPERATURE (F)
 YESTERDAY
  MAXIMUM         74    319 PM  98    1949  75     -1
  MINIMUM         45    541 AM  30    1968  47     -2
  AVERAGE         60                        61     -1

PRECIPITATION (IN)
  YESTERDAY        0.00          0.09 1988   0.00   0.00
  MONTH TO DATE    0.09                      0.29  -0.20
  SINCE JUL 1      3.79                      7.18  -3.39
  SINCE JAN 1      2.18                      4.71  -2.53

SNOWFALL (IN)
  YESTERDAY        0.0           0.0    MM
  MONTH TO DATE    0.0
  SINCE MAR 1      0.0
  SINCE JUL 1      0.0
  SNOW DEPTH       0

DEGREE DAYS
 HEATING
  YESTERDAY        5                                0
  MONTH TO DATE  111                              -65
  SINCE MAR 1    398                             -146
  SINCE JUL 1   2635                             -202

 COOLING
  YESTERDAY        0                               -1
  MONTH TO DATE   22                                8
  SINCE MAR 1     22                                6
  SINCE JAN 1     28                               12
...............................................................


WIND (MPH)
  HIGHEST WIND SPEED    35   HIGHEST WIND DIRECTION     W (270)
  HIGHEST GUST SPEED    43   HIGHEST GUST DIRECTION     W (270)
  AVERAGE WIND SPEED    15.1




RELATIVE HUMIDITY (PERCENT)
 HIGHEST    58
 LOWEST     10
 AVERAGE    34

..........................................................


THE LANCASTER FOX FIELD CA CLIMATE NORMALS FOR TODAY
                         NORMAL    RECORD    YEAR
 MAXIMUM TEMPERATURE (F)   76        93      1953
 MINIMUM TEMPERATURE (F)   47        31      1971


SUNRISE AND SUNSET
APRIL 24 2014.........SUNRISE   610 AM PDT   SUNSET   732 PM PDT
APRIL 25 2014.........SUNRISE   609 AM PDT   SUNSET   733 PM PDT


-  INDICATES NEGATIVE NUMBERS.
R  INDICATES RECORD WAS SET OR TIED.
MM INDICATES DATA IS MISSING.
T  INDICATES TRACE AMOUNT.




$$
