000
CDUS46 KLOX 040115
CLIWJF


CLIMATE REPORT
NATIONAL WEATHER SERVICE LOS ANGELES/OXNARD CA
514 PM PST TUE MAR 3 2015


...................................

...THE LANCASTER CLIMATE SUMMARY FOR MARCH 3 2015...
VALID TODAY AS OF 0500 PM LOCAL TIME.

CLIMATE NORMAL PERIOD 1981 TO 2010
CLIMATE RECORD PERIOD 1948 TO 2015


WEATHER ITEM   OBSERVED TIME   RECORD YEAR NORMAL DEPARTURE LAST
                VALUE   (LST)  VALUE       VALUE  FROM      YEAR
                                                  NORMAL
..................................................................
TEMPERATURE (F)
 TODAY
  MAXIMUM         60    132 PM  79    1959  65     -5       63
  MINIMUM         29    642 AM  18    2002  38     -9       38
  AVERAGE         45                        51     -6       51

PRECIPITATION (IN)
  TODAY            0.00          0.09 1980   0.05  -0.05     0.00
  MONTH TO DATE    0.04                      0.15  -0.11     0.22
  SINCE OCT 1      4.32                      5.56  -1.24     3.68
  SINCE JAN 1      1.40                      3.43  -2.03     2.09

SNOWFALL (IN)
  TODAY            0.0           T    1976   0.0             0.0
  MONTH TO DATE    0.0                       0.0             0.0
  SINCE MAR 1      0.0                       0.0             0.0
  SINCE JUL 1      0.0                       2.3             0.0
  SNOW DEPTH       0

DEGREE DAYS
 HEATING
  TODAY           20                        14      6       14
  MONTH TO DATE   57                        42     15       46
  SINCE MAR 1     57                        42     15       46
  SINCE JUL 1   1926                      2335   -409     2283

 COOLING
  TODAY            0                         0      0        0
  MONTH TO DATE    0                         0      0        0
  SINCE MAR 1      0                         0      0        0
  SINCE JAN 1      0                         0      0        6
..................................................................


WIND (MPH)
  HIGHEST WIND SPEED    25   HIGHEST WIND DIRECTION     W (270)
  HIGHEST GUST SPEED    29   HIGHEST GUST DIRECTION     W (270)
  AVERAGE WIND SPEED     6.0


SKY COVER
  POSSIBLE SUNSHINE  MM
  AVERAGE SKY COVER 0.2


WEATHER CONDITIONS
 THE FOLLOWING WEATHER WAS RECORDED TODAY.
  NO SIGNIFICANT WEATHER WAS OBSERVED.


RELATIVE HUMIDITY (PERCENT)
 HIGHEST    92           500 AM
 LOWEST     36           200 PM
 AVERAGE    64

..........................................................


THE LANCASTER CLIMATE NORMALS FOR TOMORROW
                         NORMAL    RECORD    YEAR
 MAXIMUM TEMPERATURE (F)   65        81      1972
 MINIMUM TEMPERATURE (F)   38        17      2002


SUNRISE AND SUNSET
MARCH  3 2015.........SUNRISE   620 AM PST   SUNSET   550 PM PST
MARCH  4 2015.........SUNRISE   618 AM PST   SUNSET   551 PM PST


-  INDICATES NEGATIVE NUMBERS.
R  INDICATES RECORD WAS SET OR TIED.
MM INDICATES DATA IS MISSING.
T  INDICATES TRACE AMOUNT.




$$
