000
CDUS46 KLOX 300113
CLIWJF


CLIMATE REPORT
NATIONAL WEATHER SERVICE LOS ANGELES/OXNARD CA
513 PM PST THU JAN 29 2015


...................................

...THE LANCASTER CLIMATE SUMMARY FOR JANUARY 29 2015...
VALID TODAY AS OF 0500 PM LOCAL TIME.

CLIMATE NORMAL PERIOD 1981 TO 2010
CLIMATE RECORD PERIOD 1948 TO 2015


WEATHER ITEM   OBSERVED TIME   RECORD YEAR NORMAL DEPARTURE LAST
                VALUE   (LST)  VALUE       VALUE  FROM      YEAR
                                                  NORMAL
..................................................................
TEMPERATURE (F)
 TODAY
  MAXIMUM         64    218 PM  77    2014  60      4       77
  MINIMUM         46    721 AM  15    1975  32     14       32
  AVERAGE         55                        46      9       55

PRECIPITATION (IN)
  TODAY            0.00          0.29 1980   0.06  -0.06     0.00
  MONTH TO DATE    0.92                      1.39  -0.47      T
  SINCE OCT 1      3.84                      3.52   0.32     1.59
  SINCE JAN 1      0.92                      1.39  -0.47      T

SNOWFALL (IN)
  TODAY            0.0           0.0    MM   0.1             0.0
  MONTH TO DATE    0.0                       0.4             0.0
  SINCE DEC 1      0.0                       1.7             0.0
  SINCE JUL 1      0.0                       1.7             0.0
  SNOW DEPTH       0

DEGREE DAYS
 HEATING
  TODAY           10                        19     -9       10
  MONTH TO DATE  557                       585    -28      511
  SINCE DEC 1   1123                      1242   -119     1216
  SINCE JUL 1   1520                      1787   -267     1867

 COOLING
  TODAY            0                         0      0        0
  MONTH TO DATE    0                         0      0        0
  SINCE DEC 1      0                         0      0        0
  SINCE JAN 1      0                         0      0        0
..................................................................


WIND (MPH)
  HIGHEST WIND SPEED    10   HIGHEST WIND DIRECTION    NE (60)
  HIGHEST GUST SPEED    14   HIGHEST GUST DIRECTION     E (80)
  AVERAGE WIND SPEED     2.9


SKY COVER
  POSSIBLE SUNSHINE  MM
  AVERAGE SKY COVER 0.3


WEATHER CONDITIONS
 THE FOLLOWING WEATHER WAS RECORDED TODAY.
  NO SIGNIFICANT WEATHER WAS OBSERVED.


RELATIVE HUMIDITY (PERCENT)
 HIGHEST    93          1200 AM
 LOWEST     43           300 PM
 AVERAGE    68

..........................................................


THE LANCASTER CLIMATE NORMALS FOR TOMORROW
                         NORMAL    RECORD    YEAR
 MAXIMUM TEMPERATURE (F)   60        73      2003
 MINIMUM TEMPERATURE (F)   33        12      1957


SUNRISE AND SUNSET
JANUARY 29 2015.......SUNRISE   653 AM PST   SUNSET   519 PM PST
JANUARY 30 2015.......SUNRISE   653 AM PST   SUNSET   520 PM PST


-  INDICATES NEGATIVE NUMBERS.
R  INDICATES RECORD WAS SET OR TIED.
MM INDICATES DATA IS MISSING.
T  INDICATES TRACE AMOUNT.




$$
