000
CDUS46 KLOX 250127
CLIWJF


CLIMATE REPORT
NATIONAL WEATHER SERVICE LOS ANGELES/OXNARD CA
625 PM PDT SUN JUL 24 2016


...................................

...THE LANCASTER CLIMATE SUMMARY FOR JULY 24 2016...
VALID TODAY AS OF 0600 PM LOCAL TIME.

CLIMATE NORMAL PERIOD 1981 TO 2010
CLIMATE RECORD PERIOD 1948 TO 2016


WEATHER ITEM   OBSERVED TIME   RECORD YEAR NORMAL DEPARTURE LAST
                VALUE   (LST)  VALUE       VALUE  FROM      YEAR
                                                  NORMAL
..................................................................
TEMPERATURE (F)
 TODAY
  MAXIMUM        100    158 PM 109    2006  99      1       94
  MINIMUM         73    232 AM  55    1995  67      6       65
  AVERAGE         87                        83      4       80

PRECIPITATION (IN)
  TODAY            0.00          0.20 1978   0.00   0.00     0.00
  MONTH TO DATE    0.00                      0.07  -0.07     2.34
  SINCE OCT 1      3.82                      7.11  -3.29     6.99
  SINCE JAN 1      2.53                      4.98  -2.45     4.07

SNOWFALL (IN)
  TODAY            0.0           0.0    MM   0.0             0.0
  MONTH TO DATE    0.0                       0.0             0.0
  SINCE JUN 1      0.0                       0.0             0.0
  SINCE JUL 1      0.0                       0.0             0.0
  SNOW DEPTH       0

DEGREE DAYS
 HEATING
  TODAY            0                         0      0        0
  MONTH TO DATE    0                         0      0        0
  SINCE JUN 1      0                         8     -8        2
  SINCE JUL 1      0                         0      0        0

 COOLING
  TODAY           22                        18      4       15
  MONTH TO DATE  431                       412     19      332
  SINCE JUN 1    965                       753    212      807
  SINCE JAN 1   1133                       942    191      905
..................................................................


WIND (MPH)
  HIGHEST WIND SPEED    30   HIGHEST WIND DIRECTION    SW (240)
  HIGHEST GUST SPEED    39   HIGHEST GUST DIRECTION    SW (230)
  AVERAGE WIND SPEED    18.5


SKY COVER
  POSSIBLE SUNSHINE  MM
  AVERAGE SKY COVER 0.1


WEATHER CONDITIONS
 THE FOLLOWING WEATHER WAS RECORDED TODAY.
  HAZE


RELATIVE HUMIDITY (PERCENT)
 HIGHEST    21           100 AM
 LOWEST      9          1100 AM
 AVERAGE    15

..........................................................


THE LANCASTER CLIMATE NORMALS FOR TOMORROW
                         NORMAL    RECORD    YEAR
 MAXIMUM TEMPERATURE (F)   99       110      2006
                                             1975
 MINIMUM TEMPERATURE (F)   67        55      1995


SUNRISE AND SUNSET
JULY 24 2016..........SUNRISE   557 AM PDT   SUNSET   801 PM PDT
JULY 25 2016..........SUNRISE   558 AM PDT   SUNSET   800 PM PDT


-  INDICATES NEGATIVE NUMBERS.
R  INDICATES RECORD WAS SET OR TIED.
MM INDICATES DATA IS MISSING.
T  INDICATES TRACE AMOUNT.




$$
