000
CDUS46 KLOX 201121
CLIWJF


CLIMATE REPORT
NATIONAL WEATHER SERVICE LOS ANGELES/OXNARD CA
321 AM PST MON FEB 20 2017


...................................

...THE LANCASTER FOX FIELD CA CLIMATE SUMMARY FOR FEBRUARY 19 2017...

CLIMATE NORMAL PERIOD 1981 TO 2010
CLIMATE RECORD PERIOD 1948 TO 2017


WEATHER ITEM   OBSERVED TIME   RECORD YEAR NORMAL DEPARTURE
                VALUE   (LST)  VALUE       VALUE  FROM
                                                  NORMAL
...............................................................
TEMPERATURE (F)
 YESTERDAY
  MAXIMUM         57    213 PM  80    1981  62     -5
  MINIMUM         45    622 AM  19    1955  36      9
  AVERAGE         51                        49      2

PRECIPITATION (IN)
  YESTERDAY        T             1.35 2005   0.07  -0.07
  MONTH TO DATE    1.80                      1.23   0.57
  SINCE OCT 1      6.26                      4.86   1.40
  SINCE JAN 1      4.27                      2.73   1.54

SNOWFALL (IN)
  YESTERDAY       MM             0.0    MM
  MONTH TO DATE    0.0
  SINCE DEC 1      0.0
  SINCE JUL 1      0.0
  SNOW DEPTH       0

DEGREE DAYS
 HEATING
  YESTERDAY       14                               -2
  MONTH TO DATE  220                             -112
  SINCE DEC 1   1409                             -203
  SINCE JUL 1   1835                             -322

 COOLING
  YESTERDAY        0                                0
  MONTH TO DATE    0                                0
  SINCE DEC 1      0                                0
  SINCE JAN 1      0                                0
...............................................................


WIND (MPH)
  HIGHEST WIND SPEED    28   HIGHEST WIND DIRECTION    SW (230)
  HIGHEST GUST SPEED    35   HIGHEST GUST DIRECTION    SW (220)
  AVERAGE WIND SPEED    18.0




RELATIVE HUMIDITY (PERCENT)
 HIGHEST    86
 LOWEST     66
 AVERAGE    76

..........................................................


THE LANCASTER FOX FIELD CA CLIMATE NORMALS FOR TODAY
                         NORMAL    RECORD    YEAR
 MAXIMUM TEMPERATURE (F)   63        79      1977
 MINIMUM TEMPERATURE (F)   36        14      1953


SUNRISE AND SUNSET
FEBRUARY 20 2017......SUNRISE   633 AM PST   SUNSET   541 PM PST
FEBRUARY 21 2017......SUNRISE   631 AM PST   SUNSET   542 PM PST


-  INDICATES NEGATIVE NUMBERS.
R  INDICATES RECORD WAS SET OR TIED.
MM INDICATES DATA IS MISSING.
T  INDICATES TRACE AMOUNT.




$$
