000
CDUS46 KLOX 030113
CLIWJF


CLIMATE REPORT
NATIONAL WEATHER SERVICE LOS ANGELES/OXNARD CA
613 PM PDT THU JUL 2 2015


...................................

...THE LANCASTER CLIMATE SUMMARY FOR JULY 2 2015...
VALID TODAY AS OF 0600 PM LOCAL TIME.

CLIMATE NORMAL PERIOD 1981 TO 2010
CLIMATE RECORD PERIOD 1948 TO 2015


WEATHER ITEM   OBSERVED TIME   RECORD YEAR NORMAL DEPARTURE LAST
                VALUE   (LST)  VALUE       VALUE  FROM      YEAR
                                                  NORMAL
..................................................................
TEMPERATURE (F)
 TODAY
  MAXIMUM         97    306 PM 110    2001  96      1      100
  MINIMUM         75    438 AM  50    1965  65     10       68
  AVERAGE         86                        80      6       84

PRECIPITATION (IN)
  TODAY            T   R         0.00   MM   0.00   0.00     0.00
  MONTH TO DATE    0.03                      0.00   0.03     0.00
  SINCE OCT 1      4.68                      7.04  -2.36     3.91
  SINCE JAN 1      1.76                      4.91  -3.15     2.32

SNOWFALL (IN)
  TODAY            0.0           0.0    MM   0.0             0.0
  MONTH TO DATE    0.0                       0.0             0.0
  SINCE JUN 1      0.0                       0.0             0.0
  SINCE JUL 1      0.0                       0.0             0.0
  SNOW DEPTH       0

DEGREE DAYS
 HEATING
  TODAY            0                         0      0        0
  MONTH TO DATE    0                         0      0        0
  SINCE JUN 1      2                         8     -6        0
  SINCE JUL 1      0                         0      0        0

 COOLING
  TODAY           21                        16      5       19
  MONTH TO DATE   36                        31      5       39
  SINCE JUN 1    511                       372    139      439
  SINCE JAN 1    609                       561     48      639
..................................................................


WIND (MPH)
  HIGHEST WIND SPEED    29   HIGHEST WIND DIRECTION    SW (210)
  HIGHEST GUST SPEED    35   HIGHEST GUST DIRECTION    SW (220)
  AVERAGE WIND SPEED    12.7


SKY COVER
  POSSIBLE SUNSHINE  MM
  AVERAGE SKY COVER 0.1


WEATHER CONDITIONS
 THE FOLLOWING WEATHER WAS RECORDED TODAY.
  NO SIGNIFICANT WEATHER WAS OBSERVED.


RELATIVE HUMIDITY (PERCENT)
 HIGHEST    39           100 AM
 LOWEST     21          1200 PM
 AVERAGE    30

..........................................................


THE LANCASTER CLIMATE NORMALS FOR TOMORROW
                         NORMAL    RECORD    YEAR
 MAXIMUM TEMPERATURE (F)   96       110      2001
 MINIMUM TEMPERATURE (F)   66        50      1975


SUNRISE AND SUNSET
JULY  2 2015..........SUNRISE   544 AM PDT   SUNSET   810 PM PDT
JULY  3 2015..........SUNRISE   544 AM PDT   SUNSET   810 PM PDT


-  INDICATES NEGATIVE NUMBERS.
R  INDICATES RECORD WAS SET OR TIED.
MM INDICATES DATA IS MISSING.
T  INDICATES TRACE AMOUNT.




$$
