000
CDUS46 KLOX 260111
CLIWJF


CLIMATE REPORT
NATIONAL WEATHER SERVICE LOS ANGELES/OXNARD CA
611 PM PDT MON SEP 25 2017


...................................

...THE LANCASTER CLIMATE SUMMARY FOR SEPTEMBER 25 2017...
VALID TODAY AS OF 0600 PM LOCAL TIME.

CLIMATE NORMAL PERIOD 1981 TO 2010
CLIMATE RECORD PERIOD 1948 TO 2017


WEATHER ITEM   OBSERVED TIME   RECORD YEAR NORMAL DEPARTURE LAST
                VALUE   (LST)  VALUE       VALUE  FROM      YEAR
                                                  NORMAL
..................................................................
TEMPERATURE (F)
 TODAY
  MAXIMUM         80    253 PM 101    1960  87     -7       92
  MINIMUM         43    547 AM  35    1958  53    -10       48
  AVERAGE         62                        70     -8       70

PRECIPITATION (IN)
  TODAY            0.00          0.87 1997   0.01  -0.01     0.00
  MONTH TO DATE    0.07                      0.12  -0.05     0.00
  SINCE OCT 1      6.61                      7.35  -0.74     3.82
  SINCE JAN 1      4.62                      5.22  -0.60     2.53

SNOWFALL (IN)
  TODAY            0.0           0.0    MM   0.0             0.0
  MONTH TO DATE    0.0                       0.0             0.0
  SINCE SEP 1      0.0                       0.0             0.0
  SINCE JUL 1      0.0                       0.0             0.0
  SNOW DEPTH       0

DEGREE DAYS
 HEATING
  TODAY            3                         1      2        0
  MONTH TO DATE   18                         4     14        2
  SINCE SEP 1     18                         4     14        2
  SINCE JUL 1     18                         4     14        2

 COOLING
  TODAY            0                         6     -6        5
  MONTH TO DATE  248                       244      4      195
  SINCE SEP 1    248                       244      4      195
  SINCE JAN 1   2152                      1803    349     2057
..................................................................


WIND (MPH)
  HIGHEST WIND SPEED    18   HIGHEST WIND DIRECTION    NE (50)
  HIGHEST GUST SPEED    24   HIGHEST GUST DIRECTION    NE (60)
  AVERAGE WIND SPEED     6.5


SKY COVER
  POSSIBLE SUNSHINE  MM
  AVERAGE SKY COVER 0.0


WEATHER CONDITIONS
 THE FOLLOWING WEATHER WAS RECORDED TODAY.
  NO SIGNIFICANT WEATHER WAS OBSERVED.


RELATIVE HUMIDITY (PERCENT)
 HIGHEST    49           500 AM
 LOWEST     12          1200 PM
 AVERAGE    31

..........................................................


THE LANCASTER CLIMATE NORMALS FOR TOMORROW
                         NORMAL    RECORD    YEAR
 MAXIMUM TEMPERATURE (F)   87       101      2010
                                             2009
 MINIMUM TEMPERATURE (F)   53        27      1948


SUNRISE AND SUNSET
SEPTEMBER 25 2017.....SUNRISE   643 AM PDT   SUNSET   645 PM PDT
SEPTEMBER 26 2017.....SUNRISE   644 AM PDT   SUNSET   643 PM PDT


-  INDICATES NEGATIVE NUMBERS.
R  INDICATES RECORD WAS SET OR TIED.
MM INDICATES DATA IS MISSING.
T  INDICATES TRACE AMOUNT.




$$
