000
CDUS45 KLKN 300033
CLIWMC


CLIMATE REPORT
NATIONAL WEATHER SERVICE ELKO NV
530 PM PDT SAT AUG 29 2015


...................................

...THE WINNEMUCCA AIRPORT NV CLIMATE SUMMARY FOR AUGUST 29 2015...
VALID TODAY AS OF 0500 PM LOCAL TIME.

CLIMATE NORMAL PERIOD 1981 TO 2010
CLIMATE RECORD PERIOD 1877 TO 2015


WEATHER ITEM   OBSERVED TIME   RECORD YEAR NORMAL DEPARTURE LAST
                VALUE   (LST)  VALUE       VALUE  FROM      YEAR
                                                  NORMAL
..................................................................
TEMPERATURE (F)
 TODAY
  MAXIMUM         91    141 PM 101    1998  88      3       91
                                      1915
  MINIMUM         54    550 AM  33    1964  46      8       48
                                      1879
  AVERAGE         73                        67      6       70

PRECIPITATION (IN)
  TODAY            0.00          0.53 1979   0.01  -0.01     0.00
  MONTH TO DATE    0.23                      0.17   0.06     0.49
  SINCE OCT 1      9.13                      7.83   1.30     7.24
  SINCE JAN 1      6.56                      5.35   1.21     4.58

SNOWFALL (IN)
  TODAY            0.0           0.0  1877   0.0    0.0      0.0
  MONTH TO DATE    0.0                       0.0    0.0      0.0
  SINCE JUN 1      0.0                       T      0.0      0.0
  SINCE JUL 1      0.0                       0.0    0.0      0.0
  SNOW DEPTH       0

DEGREE DAYS
 HEATING
  TODAY            0                         2     -2        0
  MONTH TO DATE    1                        14    -13       16
  SINCE JUN 1     28                       129   -101       90
  SINCE JUL 1      6                        24    -18       16

 COOLING
  TODAY            8                         3      5        5
  MONTH TO DATE  178                       170      8      143
  SINCE JUN 1    583                       492     91      611
  SINCE JAN 1    587                       503     84      620
..................................................................


WIND (MPH)
  HIGHEST WIND SPEED    29   HIGHEST WIND DIRECTION    SW (240)
  HIGHEST GUST SPEED    37   HIGHEST GUST DIRECTION    SW (220)



WEATHER CONDITIONS
 THE FOLLOWING WEATHER WAS RECORDED TODAY.
  NO SIGNIFICANT WEATHER WAS OBSERVED.


RELATIVE HUMIDITY (PERCENT)
 HIGHEST    40          1200 AM
 LOWEST     12           200 PM
 AVERAGE    26

..........................................................


THE WINNEMUCCA AIRPORT NV CLIMATE NORMALS FOR TOMORROW
                         NORMAL    RECORD    YEAR
 MAXIMUM TEMPERATURE (F)   87        99      1955
                                             1950
                                             1940
 MINIMUM TEMPERATURE (F)   45        29      1951


SUNRISE AND SUNSET
AUGUST 29 2015........SUNRISE   615 AM PDT   SUNSET   729 PM PDT
AUGUST 30 2015........SUNRISE   616 AM PDT   SUNSET   727 PM PDT


-  INDICATES NEGATIVE NUMBERS.
R  INDICATES RECORD WAS SET OR TIED.
MM INDICATES DATA IS MISSING.
T  INDICATES TRACE AMOUNT.




$$
