000
CDUS45 KLKN 280939
CLIWMC


CLIMATE REPORT
NATIONAL WEATHER SERVICE ELKO NV
237 AM PDT MON JUL 28 2014


...................................

...THE WINNEMUCCA AIRPORT NV CLIMATE SUMMARY FOR JULY 27 2014...

CLIMATE NORMAL PERIOD 1981 TO 2010
CLIMATE RECORD PERIOD 1877 TO 2014


WEATHER ITEM   OBSERVED TIME   RECORD YEAR NORMAL DEPARTURE LAST
                VALUE   (LST)  VALUE       VALUE  FROM      YEAR
                                                  NORMAL
..................................................................
TEMPERATURE (F)
 YESTERDAY
  MAXIMUM        101    314 PM 106    1975  95      6       95
  MINIMUM         51    500 AM  38    1909  52     -1       57
  AVERAGE         76                        74      2       76

PRECIPITATION (IN)
  YESTERDAY        0.00          0.16 1941   0.01  -0.01      T
  MONTH TO DATE    0.10                      0.21  -0.11     0.30
  SINCE OCT 1      6.75                      7.62  -0.87     4.67
  SINCE JAN 1      4.09                      5.14  -1.05     2.26

SNOWFALL (IN)
  YESTERDAY        0.0           0.0  1877   0.0    0.0      0.0
  MONTH TO DATE    0.0                       0.0    0.0       T
  SINCE JUN 1      0.0                       T      0.0       T
  SINCE JUL 1      0.0                       0.0    0.0       T
  SNOW DEPTH       0

DEGREE DAYS
 HEATING
  YESTERDAY        0                         0      0        0
  MONTH TO DATE    0                         6     -6        0
  SINCE JUN 1     74                       111    -37       70
  SINCE JUL 1      0                         6     -6        0

 COOLING
  YESTERDAY       11                         9      2       11
  MONTH TO DATE  341                       211    130      336
  SINCE JUN 1    415                       290    125      464
  SINCE JAN 1    424                       301    123      465
..................................................................


WIND (MPH)
  HIGHEST WIND SPEED    20   HIGHEST WIND DIRECTION    NE (40)
  HIGHEST GUST SPEED    27   HIGHEST GUST DIRECTION     W (270)
  AVERAGE WIND SPEED     7.5



WEATHER CONDITIONS
 THE FOLLOWING WEATHER WAS RECORDED YESTERDAY.
  NO SIGNIFICANT WEATHER WAS OBSERVED.


RELATIVE HUMIDITY (PERCENT)
 HIGHEST    35           400 AM
 LOWEST      7           300 PM
 AVERAGE    21

..........................................................


THE WINNEMUCCA AIRPORT NV CLIMATE NORMALS FOR TODAY
                         NORMAL    RECORD    YEAR
 MAXIMUM TEMPERATURE (F)   95       106      1971
                                             1934
 MINIMUM TEMPERATURE (F)   52        37      1916
                                             1909


SUNRISE AND SUNSET
JULY 28 2014..........SUNRISE   544 AM PDT   SUNSET   811 PM PDT
JULY 29 2014..........SUNRISE   545 AM PDT   SUNSET   810 PM PDT


-  INDICATES NEGATIVE NUMBERS.
R  INDICATES RECORD WAS SET OR TIED.
MM INDICATES DATA IS MISSING.
T  INDICATES TRACE AMOUNT.




$$
