000
CDUS45 KLKN 300931
CLIWMC


CLIMATE REPORT
NATIONAL WEATHER SERVICE ELKO NV
227 AM PDT THU JUL 30 2015


...................................

...THE WINNEMUCCA AIRPORT NV CLIMATE SUMMARY FOR JULY 29 2015...

CLIMATE NORMAL PERIOD 1981 TO 2010
CLIMATE RECORD PERIOD 1877 TO 2015


WEATHER ITEM   OBSERVED TIME   RECORD YEAR NORMAL DEPARTURE LAST
                VALUE   (LST)  VALUE       VALUE  FROM      YEAR
                                                  NORMAL
..................................................................
TEMPERATURE (F)
 YESTERDAY
  MAXIMUM         92    422 PM 105    1972  95     -3       95
  MINIMUM         46    540 AM  40    1916  52     -6       64
  AVERAGE         69                        74     -5       80

PRECIPITATION (IN)
  YESTERDAY        0.00          0.05 1891   0.01  -0.01      T
  MONTH TO DATE    0.66                      0.23   0.43     0.10
  SINCE OCT 1      8.90                      7.64   1.26     6.75
  SINCE JAN 1      6.33                      5.16   1.17     4.09

SNOWFALL (IN)
  YESTERDAY        0.0           0.0  1877   0.0    0.0      0.0
  MONTH TO DATE    0.0                       0.0    0.0      0.0
  SINCE JUN 1      0.0                       T      0.0      0.0
  SINCE JUL 1      0.0                       0.0    0.0      0.0
  SNOW DEPTH       0

DEGREE DAYS
 HEATING
  YESTERDAY        0                         0      0        0
  MONTH TO DATE    5                         6     -1        0
  SINCE JUN 1     27                       111    -84       74
  SINCE JUL 1      5                         6     -1        0

 COOLING
  YESTERDAY        4                         9     -5       15
  MONTH TO DATE  185                       229    -44      369
  SINCE JUN 1    390                       308     82      443
  SINCE JAN 1    394                       319     75      452
..................................................................


WIND (MPH)
  HIGHEST WIND SPEED    21   HIGHEST WIND DIRECTION    NE (30)
  HIGHEST GUST SPEED    26   HIGHEST GUST DIRECTION    NE (40)
  AVERAGE WIND SPEED     7.6



WEATHER CONDITIONS
 THE FOLLOWING WEATHER WAS RECORDED YESTERDAY.
  NO SIGNIFICANT WEATHER WAS OBSERVED.


RELATIVE HUMIDITY (PERCENT)
 HIGHEST    36           600 AM
 LOWEST      7           400 PM
 AVERAGE    22

..........................................................


THE WINNEMUCCA AIRPORT NV CLIMATE NORMALS FOR TODAY
                         NORMAL    RECORD    YEAR
 MAXIMUM TEMPERATURE (F)   95       104      2003
                                             2000
                                             1971
 MINIMUM TEMPERATURE (F)   52        40      1975
                                             1956


SUNRISE AND SUNSET
JULY 30 2015..........SUNRISE   545 AM PDT   SUNSET   809 PM PDT
JULY 31 2015..........SUNRISE   546 AM PDT   SUNSET   808 PM PDT


-  INDICATES NEGATIVE NUMBERS.
R  INDICATES RECORD WAS SET OR TIED.
MM INDICATES DATA IS MISSING.
T  INDICATES TRACE AMOUNT.




$$
