000
CDUS41 KALY 172100
CLIWRK


CLIMATE REPORT
NATIONAL WEATHER SERVICE ALBANY NY
500 PM EDT WED SEP 17 2014


...................................

...THE POUGHKEEPSIE NY CLIMATE SUMMARY FOR SEPTEMBER 17 2014...
VALID TODAY AS OF 0400 PM LOCAL TIME.

CLIMATE NORMAL PERIOD 1981 TO 2010
CLIMATE RECORD PERIOD 1949 TO 2014


WEATHER ITEM   OBSERVED TIME   RECORD YEAR NORMAL DEPARTURE LAST
                VALUE   (LST)  VALUE       VALUE  FROM      YEAR
                                                  NORMAL
..................................................................
TEMPERATURE (F)
 TODAY
  MAXIMUM         71    323 PM  93    1991  75     -4       65
  MINIMUM         44    417 AM  30    1986  51     -7       40
  AVERAGE         58                        63     -5       53

PRECIPITATION (IN)
  TODAY            0.00          1.05 1980   0.15  -0.15     0.00
  MONTH TO DATE    0.50                      2.37  -1.87     1.63
  SINCE SEP 1      0.50                      2.37  -1.87     1.63
  SINCE JAN 1     25.17                     33.15  -7.98    31.85

DEGREE DAYS
 HEATING
  TODAY            7                         4      3       12
  MONTH TO DATE   44                        42      2       56
  SINCE SEP 1     44                        42      2       56
  SINCE JUL 1     49                        59    -10       59

 COOLING
  TODAY            0                         2     -2        0
  MONTH TO DATE   73                        51     22       64
  SINCE SEP 1     73                        51     22       64
  SINCE JAN 1    670                       655     15      821
..................................................................


WIND (MPH)
  HIGHEST WIND SPEED     7   HIGHEST WIND DIRECTION     W (270)
  HIGHEST GUST SPEED    MM   HIGHEST GUST DIRECTION    MM
  AVERAGE WIND SPEED     1.6


SKY COVER
  AVERAGE SKY COVER 0.5



RELATIVE HUMIDITY (PERCENT)
 HIGHEST   100           300 AM
 LOWEST     39           100 PM
 AVERAGE    70

..........................................................


THE POUGHKEEPSIE NY CLIMATE NORMALS FOR TOMORROW
                         NORMAL    RECORD    YEAR
 MAXIMUM TEMPERATURE (F)   74        87      1972
 MINIMUM TEMPERATURE (F)   50        33      1990


SUNRISE AND SUNSET
SEPTEMBER 17 2014.....SUNRISE   638 AM EDT   SUNSET   701 PM EDT
SEPTEMBER 18 2014.....SUNRISE   639 AM EDT   SUNSET   700 PM EDT


-  INDICATES NEGATIVE NUMBERS.
R  INDICATES RECORD WAS SET OR TIED.
MM INDICATES DATA IS MISSING.
T  INDICATES TRACE AMOUNT.




$$
