000
CDUS41 KALY 180626
CLIWRK


CLIMATE REPORT
NATIONAL WEATHER SERVICE ALBANY NY
226 AM EDT FRI APR 18 2014


...................................

...THE POUGHKEEPSIE NY CLIMATE SUMMARY FOR APRIL 17 2014...

CLIMATE NORMAL PERIOD 1981 TO 2010
CLIMATE RECORD PERIOD 1949 TO 2014


WEATHER ITEM   OBSERVED TIME   RECORD YEAR NORMAL DEPARTURE LAST
                VALUE   (LST)  VALUE       VALUE  FROM      YEAR
                                                  NORMAL
..................................................................
TEMPERATURE (F)
 YESTERDAY
  MAXIMUM         53    424 PM  93    2002  62     -9       66
  MINIMUM         26    452 AM  22    1962  37    -11       42
  AVERAGE         40                        49     -9       54

PRECIPITATION (IN)
  YESTERDAY        0.00          1.25 1954   0.12  -0.12     0.03
  MONTH TO DATE    1.72                      2.18  -0.46     0.66
  SINCE MAR 1      4.47                      5.75  -1.28     2.14
  SINCE JAN 1      8.75                     11.49  -2.74     5.80

DEGREE DAYS
 HEATING
  YESTERDAY       25                        16      9       11
  MONTH TO DATE  273                       320    -47      296
  SINCE MAR 1   1300                      1194    106     1164
  SINCE JUL 1   6003                      5765    238     5285

 COOLING
  YESTERDAY        0                         0      0        0
  MONTH TO DATE    6                         0      6        0
  SINCE MAR 1      6                         0      6        0
  SINCE JAN 1      6                         0      6        0
..................................................................


WIND (MPH)
  HIGHEST WIND SPEED    13   HIGHEST WIND DIRECTION     E (90)
  HIGHEST GUST SPEED    17   HIGHEST GUST DIRECTION     E (100)
  AVERAGE WIND SPEED     4.3


SKY COVER
  AVERAGE SKY COVER 0.0



RELATIVE HUMIDITY (PERCENT)
 HIGHEST    81           400 AM
 LOWEST     26           600 PM
 AVERAGE    54

..........................................................


THE POUGHKEEPSIE NY CLIMATE NORMALS FOR TODAY
                         NORMAL    RECORD    YEAR
 MAXIMUM TEMPERATURE (F)   62        94      1976
 MINIMUM TEMPERATURE (F)   38        24      1962


SUNRISE AND SUNSET
APRIL 18 2014.........SUNRISE   611 AM EDT   SUNSET   739 PM EDT
APRIL 19 2014.........SUNRISE   610 AM EDT   SUNSET   740 PM EDT


-  INDICATES NEGATIVE NUMBERS.
R  INDICATES RECORD WAS SET OR TIED.
MM INDICATES DATA IS MISSING.
T  INDICATES TRACE AMOUNT.




$$
