000
CDUS45 KRIW 180746
CLIWRL


CLIMATE REPORT
NATIONAL WEATHER SERVICE RIVERTON WY
1240 AM MST WED JAN 18 2017


...................................

...THE WORLAND WY CLIMATE SUMMARY FOR JANUARY 17 2017...

CLIMATE NORMAL PERIOD 1981 TO 2010
CLIMATE RECORD PERIOD 1947 TO 2017


WEATHER ITEM   OBSERVED TIME   RECORD YEAR NORMAL DEPARTURE LAST
                VALUE   (LST)  VALUE       VALUE  FROM      YEAR
                                                  NORMAL
..................................................................
TEMPERATURE (F)
 YESTERDAY
  MAXIMUM         20    304 PM  53    1965  31    -11       31
  MINIMUM        -10    723 AM -25    1984   4    -14        7
  AVERAGE          5                        17    -12       19

PRECIPITATION (IN)
  YESTERDAY        0.00          0.09 1970   0.01  -0.01     0.00
  MONTH TO DATE    0.04                      0.13  -0.09     0.03
  SINCE DEC 1      0.23                      0.36  -0.13     0.31
  SINCE JAN 1      0.04                      0.13  -0.09     0.03

DEGREE DAYS
 HEATING
  YESTERDAY       60                        48     12       46
  MONTH TO DATE  876                       826     50      874
  SINCE DEC 1   2533                      2297    236     2336
  SINCE JUL 1   4072                      4189   -117     3920

 COOLING
  YESTERDAY        0                         0      0        0
  MONTH TO DATE    0                         0      0        0
  SINCE DEC 1      0                         0      0        0
  SINCE JAN 1      0                         0      0        0
..................................................................


WIND (MPH)
  HIGHEST WIND SPEED     8   HIGHEST WIND DIRECTION    SW (240)
  HIGHEST GUST SPEED     8   HIGHEST GUST DIRECTION    SW (240)
  AVERAGE WIND SPEED     1.6


SKY COVER
  POSSIBLE SUNSHINE  MM
  AVERAGE SKY COVER 0.0


WEATHER CONDITIONS
 THE FOLLOWING WEATHER WAS RECORDED YESTERDAY.
  NO SIGNIFICANT WEATHER WAS OBSERVED.


RELATIVE HUMIDITY (PERCENT)
 HIGHEST    95           100 AM
 LOWEST     61           200 PM
 AVERAGE    78

..........................................................


THE WORLAND WY CLIMATE NORMALS FOR TODAY
                         NORMAL    RECORD    YEAR
 MAXIMUM TEMPERATURE (F)   31        52      1981
 MINIMUM TEMPERATURE (F)    4       -38      1984


SUNRISE AND SUNSET
JANUARY 18 2017.......SUNRISE   741 AM MST   SUNSET   504 PM MST
JANUARY 19 2017.......SUNRISE   741 AM MST   SUNSET   505 PM MST


-  INDICATES NEGATIVE NUMBERS.
R  INDICATES RECORD WAS SET OR TIED.
MM INDICATES DATA IS MISSING.
T  INDICATES TRACE AMOUNT.




$$
