000
CDUS45 KRIW 280733
CLIWRL


CLIMATE REPORT
NATIONAL WEATHER SERVICE RIVERTON WY
133 AM MDT SUN AUG 28 2016


...................................

...THE WORLAND WY CLIMATE SUMMARY FOR AUGUST 27 2016...

CLIMATE NORMAL PERIOD 1981 TO 2010
CLIMATE RECORD PERIOD 1947 TO 2016


WEATHER ITEM   OBSERVED TIME   RECORD YEAR NORMAL DEPARTURE LAST
                VALUE   (LST)  VALUE       VALUE  FROM      YEAR
                                                  NORMAL
..................................................................
TEMPERATURE (F)
 YESTERDAY
  MAXIMUM         86    437 PM  99    1997  84      2       80
  MINIMUM         40    502 AM  37    1992  50    -10       58
  AVERAGE         63                        67     -4       69

PRECIPITATION (IN)
  YESTERDAY        0.00          0.21 2015   0.01  -0.01     0.21
  MONTH TO DATE    0.27                      0.37  -0.10     0.45
  SINCE JUN 1      0.71                      2.23  -1.52     1.92
  SINCE JAN 1      4.47                      5.39  -0.92     6.10

DEGREE DAYS
 HEATING
  YESTERDAY        2                         2      0        0
  MONTH TO DATE   27                        12     15       30
  SINCE JUN 1     37                       118    -81       41
  SINCE JUL 1     31                        25      6       37

 COOLING
  YESTERDAY        0                         4     -4        4
  MONTH TO DATE  164                       168     -4      168
  SINCE JUN 1    628                       481    147      545
  SINCE JAN 1    630                       493    137      547
..................................................................


WIND (MPH)
  HIGHEST WIND SPEED    14   HIGHEST WIND DIRECTION     S (170)
  HIGHEST GUST SPEED    15   HIGHEST GUST DIRECTION     S (170)
  AVERAGE WIND SPEED     6.2


SKY COVER
  POSSIBLE SUNSHINE  MM
  AVERAGE SKY COVER 0.0


WEATHER CONDITIONS
 THE FOLLOWING WEATHER WAS RECORDED YESTERDAY.
  NO SIGNIFICANT WEATHER WAS OBSERVED.


RELATIVE HUMIDITY (PERCENT)
 HIGHEST    83           400 AM
 LOWEST     12           300 PM
 AVERAGE    48

..........................................................


THE WORLAND WY CLIMATE NORMALS FOR TODAY
                         NORMAL    RECORD    YEAR
 MAXIMUM TEMPERATURE (F)   84        99      1997
 MINIMUM TEMPERATURE (F)   50        36      1962


SUNRISE AND SUNSET
AUGUST 28 2016........SUNRISE   631 AM MDT   SUNSET   754 PM MDT
AUGUST 29 2016........SUNRISE   632 AM MDT   SUNSET   752 PM MDT


-  INDICATES NEGATIVE NUMBERS.
R  INDICATES RECORD WAS SET OR TIED.
MM INDICATES DATA IS MISSING.
T  INDICATES TRACE AMOUNT.




$$
