000
CDUS45 KRIW 210737
CLIWRL


CLIMATE REPORT
NATIONAL WEATHER SERVICE RIVERTON WY
1227 AM MST SUN DEC 21 2014


...................................

...THE WORLAND WY CLIMATE SUMMARY FOR DECEMBER 20 2014...

CLIMATE NORMAL PERIOD 1981 TO 2010
CLIMATE RECORD PERIOD 1947 TO 2014


WEATHER ITEM   OBSERVED TIME   RECORD YEAR NORMAL DEPARTURE LAST
                VALUE   (LST)  VALUE       VALUE  FROM      YEAR
                                                  NORMAL
..................................................................
TEMPERATURE (F)
 YESTERDAY
  MAXIMUM         29    352 PM  50    2003  29      0       16
  MINIMUM          7    854 AM -34    1990   3      4      -11
  AVERAGE         18                        16      2        3

PRECIPITATION (IN)
  YESTERDAY        0.00          0.05 1999   0.01  -0.01     0.00
  MONTH TO DATE    0.32                      0.15   0.17     0.02
  SINCE DEC 1      0.32                      0.15   0.17     0.02
  SINCE JAN 1      7.88                      7.49   0.39     7.76

DEGREE DAYS
 HEATING
  YESTERDAY       47                        49     -2       62
  MONTH TO DATE  823                       931   -108     1036
  SINCE DEC 1    823                       931   -108     1036
  SINCE JUL 1   2739                      2823    -84     2892

 COOLING
  YESTERDAY        0                         0      0        0
  MONTH TO DATE    0                         0      0        0
  SINCE DEC 1      0                         0      0        0
  SINCE JAN 1    543                       535      8      852
..................................................................


WIND (MPH)
  HIGHEST WIND SPEED    15   HIGHEST WIND DIRECTION    SE (130)
  HIGHEST GUST SPEED    19   HIGHEST GUST DIRECTION    SE (130)
  AVERAGE WIND SPEED     3.3


SKY COVER
  POSSIBLE SUNSHINE  MM
  AVERAGE SKY COVER 0.1


WEATHER CONDITIONS
 THE FOLLOWING WEATHER WAS RECORDED YESTERDAY.
  NO SIGNIFICANT WEATHER WAS OBSERVED.


RELATIVE HUMIDITY (PERCENT)
 HIGHEST   100           900 PM
 LOWEST     68           200 PM
 AVERAGE    84

..........................................................


THE WORLAND WY CLIMATE NORMALS FOR TODAY
                         NORMAL    RECORD    YEAR
 MAXIMUM TEMPERATURE (F)   29        54      1969
 MINIMUM TEMPERATURE (F)    3       -50      1990


SUNRISE AND SUNSET
DECEMBER 21 2014......SUNRISE   743 AM MST   SUNSET   437 PM MST
DECEMBER 22 2014......SUNRISE   744 AM MST   SUNSET   437 PM MST


-  INDICATES NEGATIVE NUMBERS.
R  INDICATES RECORD WAS SET OR TIED.
MM INDICATES DATA IS MISSING.
T  INDICATES TRACE AMOUNT.




$$
