000
CDUS45 KRIW 270756
CLIWRL


CLIMATE REPORT
NATIONAL WEATHER SERVICE RIVERTON WY
130 AM MDT TUE SEP 27 2016


...................................

...THE WORLAND WY CLIMATE SUMMARY FOR SEPTEMBER 26 2016...

CLIMATE NORMAL PERIOD 1981 TO 2010
CLIMATE RECORD PERIOD 1947 TO 2016


WEATHER ITEM   OBSERVED TIME   RECORD YEAR NORMAL DEPARTURE LAST
                VALUE   (LST)  VALUE       VALUE  FROM      YEAR
                                                  NORMAL
..................................................................
TEMPERATURE (F)
 YESTERDAY
  MAXIMUM         71    413 PM  93    2015  69      2       93
  MINIMUM         40    621 AM  22    1972  38      2       51
  AVERAGE         56                        54      2       72

PRECIPITATION (IN)
  YESTERDAY        0.00          1.01 2013   0.03  -0.03     0.00
  MONTH TO DATE    1.97                      0.72   1.25     0.11
  SINCE SEP 1      1.97                      0.72   1.25     0.11
  SINCE JAN 1      6.44                      6.17   0.27     6.23

DEGREE DAYS
 HEATING
  YESTERDAY        9                        12     -3        0
  MONTH TO DATE  173                       171      2       69
  SINCE SEP 1    173                       171      2       69
  SINCE JUL 1    204                       207     -3      106

 COOLING
  YESTERDAY        0                         0      0        7
  MONTH TO DATE   25                        28     -3       55
  SINCE SEP 1     25                        28     -3       55
  SINCE JAN 1    690                       534    156      631
..................................................................


WIND (MPH)
  HIGHEST WIND SPEED     9   HIGHEST WIND DIRECTION    SE (130)
  HIGHEST GUST SPEED    11   HIGHEST GUST DIRECTION     N (10)
  AVERAGE WIND SPEED     3.9


SKY COVER
  POSSIBLE SUNSHINE  MM
  AVERAGE SKY COVER 0.0


WEATHER CONDITIONS
 THE FOLLOWING WEATHER WAS RECORDED YESTERDAY.
  NO SIGNIFICANT WEATHER WAS OBSERVED.


RELATIVE HUMIDITY (PERCENT)
 HIGHEST   100           600 AM
 LOWEST     37           200 PM
 AVERAGE    69

..........................................................


THE WORLAND WY CLIMATE NORMALS FOR TODAY
                         NORMAL    RECORD    YEAR
 MAXIMUM TEMPERATURE (F)   68        90      2001
 MINIMUM TEMPERATURE (F)   38        26      1964


SUNRISE AND SUNSET
SEPTEMBER 27 2016.....SUNRISE   705 AM MDT   SUNSET   659 PM MDT
SEPTEMBER 28 2016.....SUNRISE   707 AM MDT   SUNSET   657 PM MDT


-  INDICATES NEGATIVE NUMBERS.
R  INDICATES RECORD WAS SET OR TIED.
MM INDICATES DATA IS MISSING.
T  INDICATES TRACE AMOUNT.




$$
