000
CDUS45 KRIW 060743
CLIWRL


CLIMATE REPORT
NATIONAL WEATHER SERVICE RIVERTON WY
131 AM MDT MON JUL 6 2015


...................................

...THE WORLAND WY CLIMATE SUMMARY FOR JULY 5 2015...

CLIMATE NORMAL PERIOD 1981 TO 2010
CLIMATE RECORD PERIOD 1947 TO 2015


WEATHER ITEM   OBSERVED TIME   RECORD YEAR NORMAL DEPARTURE LAST
                VALUE   (LST)  VALUE       VALUE  FROM      YEAR
                                                  NORMAL
..................................................................
TEMPERATURE (F)
 YESTERDAY
  MAXIMUM         74   1216 AM 106    1973  87    -13      100
  MINIMUM         57   1159 PM  43    1972  54      3       56
  AVERAGE         66                        70     -4       78

PRECIPITATION (IN)
  YESTERDAY        0.02          0.67 1993   0.02   0.00     0.00
  MONTH TO DATE    0.10                      0.10   0.00     0.00
  SINCE JUN 1      1.16                      1.25  -0.09     1.62
  SINCE JAN 1      5.34                      4.41   0.93     3.83

DEGREE DAYS
 HEATING
  YESTERDAY        0                         1     -1        0
  MONTH TO DATE    0                         5     -5        1
  SINCE JUN 1      4                        98    -94       91
  SINCE JUL 1      0                         5     -5        1

 COOLING
  YESTERDAY        1                         6     -5       13
  MONTH TO DATE   50                        29     21       36
  SINCE JUN 1    229                       113    116       65
  SINCE JAN 1    231                       125    106       95
..................................................................


WIND (MPH)
  HIGHEST WIND SPEED    22   HIGHEST WIND DIRECTION    NW (320)
  HIGHEST GUST SPEED    29   HIGHEST GUST DIRECTION    NW (320)
  AVERAGE WIND SPEED     8.1


SKY COVER
  POSSIBLE SUNSHINE  MM
  AVERAGE SKY COVER 0.5


WEATHER CONDITIONS
 THE FOLLOWING WEATHER WAS RECORDED YESTERDAY.
  RAIN
  LIGHT RAIN
  FOG
  HAZE


RELATIVE HUMIDITY (PERCENT)
 HIGHEST    90           300 PM
 LOWEST     44          1200 AM
 AVERAGE    67

..........................................................


THE WORLAND WY CLIMATE NORMALS FOR TODAY
                         NORMAL    RECORD    YEAR
 MAXIMUM TEMPERATURE (F)   87       104      1973
 MINIMUM TEMPERATURE (F)   54        44      1993


SUNRISE AND SUNSET
JULY  6 2015..........SUNRISE   536 AM MDT   SUNSET   857 PM MDT
JULY  7 2015..........SUNRISE   537 AM MDT   SUNSET   857 PM MDT


-  INDICATES NEGATIVE NUMBERS.
R  INDICATES RECORD WAS SET OR TIED.
MM INDICATES DATA IS MISSING.
T  INDICATES TRACE AMOUNT.




$$
