000
CDUS45 KRIW 040744
CLIWRL


CLIMATE REPORT
NATIONAL WEATHER SERVICE RIVERTON WY
1244 AM MST WED MAR 4 2015


...................................

...THE WORLAND WY CLIMATE SUMMARY FOR MARCH 3 2015...

CLIMATE NORMAL PERIOD 1981 TO 2010
CLIMATE RECORD PERIOD 1947 TO 2015


WEATHER ITEM   OBSERVED TIME   RECORD YEAR NORMAL DEPARTURE LAST
                VALUE   (LST)  VALUE       VALUE  FROM      YEAR
                                                  NORMAL
..................................................................
TEMPERATURE (F)
 YESTERDAY
  MAXIMUM         22   1223 AM  65    1992  45    -23       38
  MINIMUM          3    849 PM -15    1989  17    -14        0
  AVERAGE         13                        31    -18       19

PRECIPITATION (IN)
  YESTERDAY        T             0.15 1989   0.01  -0.01      T
  MONTH TO DATE    T                         0.03  -0.03     0.08
  SINCE MAR 1      T                         0.03  -0.03     0.08
  SINCE JAN 1      0.77                      0.45   0.32     0.46

DEGREE DAYS
 HEATING
  YESTERDAY       52                        34     18       46
  MONTH TO DATE  135                       103     32      180
  SINCE MAR 1    135                       103     32      180
  SINCE JUL 1   6044                      6104    -60     6560

 COOLING
  YESTERDAY        0                         0      0        0
  MONTH TO DATE    0                         0      0        0
  SINCE MAR 1      0                         0      0        0
  SINCE JAN 1      0                         0      0        0
..................................................................


WIND (MPH)
  HIGHEST WIND SPEED    31   HIGHEST WIND DIRECTION    NW (320)
  HIGHEST GUST SPEED    38   HIGHEST GUST DIRECTION    NW (320)
  AVERAGE WIND SPEED    12.2


SKY COVER
  POSSIBLE SUNSHINE  MM
  AVERAGE SKY COVER 0.7


WEATHER CONDITIONS
 THE FOLLOWING WEATHER WAS RECORDED YESTERDAY.
  LIGHT SNOW
  FOG
  HAZE


RELATIVE HUMIDITY (PERCENT)
 HIGHEST    86           900 PM
 LOWEST     49           400 PM
 AVERAGE    68

..........................................................


THE WORLAND WY CLIMATE NORMALS FOR TODAY
                         NORMAL    RECORD    YEAR
 MAXIMUM TEMPERATURE (F)   46        72      2000
 MINIMUM TEMPERATURE (F)   18       -28      1989


SUNRISE AND SUNSET
MARCH  4 2015.........SUNRISE   644 AM MST   SUNSET   604 PM MST
MARCH  5 2015.........SUNRISE   642 AM MST   SUNSET   605 PM MST


-  INDICATES NEGATIVE NUMBERS.
R  INDICATES RECORD WAS SET OR TIED.
MM INDICATES DATA IS MISSING.
T  INDICATES TRACE AMOUNT.




$$
