000
CDUS45 KRIW 210034
CLIWRL


CLIMATE REPORT
NATIONAL WEATHER SERVICE RIVERTON WY
633 PM MDT SUN AUG 20 2017


...................................

...THE WORLAND WY CLIMATE SUMMARY FOR AUGUST 20 2017...
VALID TODAY AS OF 0500 PM LOCAL TIME.

CLIMATE NORMAL PERIOD 1981 TO 2010
CLIMATE RECORD PERIOD 1947 TO 2017


WEATHER ITEM   OBSERVED TIME   RECORD YEAR NORMAL DEPARTURE LAST
                VALUE   (LST)  VALUE       VALUE  FROM      YEAR
                                                  NORMAL
..................................................................
TEMPERATURE (F)
 TODAY
  MAXIMUM         86        MM 102    1973  87     -1       78
  MINIMUM         50        MM  41    2016  52     -2       41
  AVERAGE         68                        70     -2       60

PRECIPITATION (IN)
  TODAY            0.00          0.38 1983   0.01  -0.01     0.00
  MONTH TO DATE    0.18                      0.28  -0.10     0.27
  SINCE JUN 1      0.70                      2.14  -1.44     0.71
  SINCE JAN 1      5.50                      5.30   0.20     4.47

DEGREE DAYS
 HEATING
  TODAY            0                         1     -1        5
  MONTH TO DATE    1                         4     -3       13
  SINCE JUN 1     47                       110    -63       23
  SINCE JUL 1      1                        17    -16       17

 COOLING
  TODAY            3                         5     -2        0
  MONTH TO DATE   67                       137    -70      151
  SINCE JUN 1    468                       450     18      615
  SINCE JAN 1    468                       462      6      617
..................................................................


WIND (MPH)
  HIGHEST WIND SPEED     9   HIGHEST WIND DIRECTION     N (10)
  HIGHEST GUST SPEED    MM   HIGHEST GUST DIRECTION    MM
  AVERAGE WIND SPEED     4.3


SKY COVER
  POSSIBLE SUNSHINE  MM
  AVERAGE SKY COVER 0.0


WEATHER CONDITIONS
 THE FOLLOWING WEATHER WAS RECORDED TODAY.
  NO SIGNIFICANT WEATHER WAS OBSERVED.


RELATIVE HUMIDITY (PERCENT)
 HIGHEST    59           500 AM
 LOWEST     20           300 PM
 AVERAGE    40

..........................................................


THE WORLAND WY CLIMATE NORMALS FOR TOMORROW
                         NORMAL    RECORD    YEAR
 MAXIMUM TEMPERATURE (F)   87        99      1969
 MINIMUM TEMPERATURE (F)   52        41      1974


SUNRISE AND SUNSET
AUGUST 20 2017........SUNRISE   622 AM MDT   SUNSET   808 PM MDT
AUGUST 21 2017........SUNRISE   623 AM MDT   SUNSET   806 PM MDT


-  INDICATES NEGATIVE NUMBERS.
R  INDICATES RECORD WAS SET OR TIED.
MM INDICATES DATA IS MISSING.
T  INDICATES TRACE AMOUNT.




$$
