000
CDUS45 KRIW 280731
CLIWRL


CLIMATE REPORT
NATIONAL WEATHER SERVICE RIVERTON WY
130 AM MDT WED JUN 28 2017


...................................

...THE WORLAND WY CLIMATE SUMMARY FOR JUNE 27 2017...

CLIMATE NORMAL PERIOD 1981 TO 2010
CLIMATE RECORD PERIOD 1947 TO 2017


WEATHER ITEM   OBSERVED TIME   RECORD YEAR NORMAL DEPARTURE LAST
                VALUE   (LST)  VALUE       VALUE  FROM      YEAR
                                                  NORMAL
..................................................................
TEMPERATURE (F)
 YESTERDAY
  MAXIMUM         85   1203 PM 107    1970  85      0       92
  MINIMUM         52   1143 PM  39    1969  52      0       53
  AVERAGE         69                        68      1       73

PRECIPITATION (IN)
  YESTERDAY        T             0.42 2014   0.03  -0.03     0.00
  MONTH TO DATE    0.25                      1.08  -0.83     0.26
  SINCE JUN 1      0.25                      1.08  -0.83     0.26
  SINCE JAN 1      5.05                      4.24   0.81     4.02

DEGREE DAYS
 HEATING
  YESTERDAY        0                         1     -1        0
  MONTH TO DATE   32                        89    -57        6
  SINCE JUN 1     32                        89    -57        6
  SINCE JUL 1   7441                      7865   -424     6997

 COOLING
  YESTERDAY        4                         5     -1        8
  MONTH TO DATE   90                        68     22      168
  SINCE JUN 1     90                        68     22      168
  SINCE JAN 1     90                        80     10      170
..................................................................


WIND (MPH)
  HIGHEST WIND SPEED    51   HIGHEST WIND DIRECTION    NW (300)
  HIGHEST GUST SPEED    70   HIGHEST GUST DIRECTION    NW (300)
  AVERAGE WIND SPEED     7.9


SKY COVER
  POSSIBLE SUNSHINE  MM
  AVERAGE SKY COVER 0.2


WEATHER CONDITIONS
 THE FOLLOWING WEATHER WAS RECORDED YESTERDAY.
  THUNDERSTORM
  LIGHT RAIN
  HAZE


RELATIVE HUMIDITY (PERCENT)
 HIGHEST    71          1100 PM
 LOWEST     20          1200 PM
 AVERAGE    46

..........................................................


THE WORLAND WY CLIMATE NORMALS FOR TODAY
                         NORMAL    RECORD    YEAR
 MAXIMUM TEMPERATURE (F)   85       103      1966
 MINIMUM TEMPERATURE (F)   52        42      1965


SUNRISE AND SUNSET
JUNE 28 2017..........SUNRISE   532 AM MDT   SUNSET   859 PM MDT
JUNE 29 2017..........SUNRISE   532 AM MDT   SUNSET   859 PM MDT


-  INDICATES NEGATIVE NUMBERS.
R  INDICATES RECORD WAS SET OR TIED.
MM INDICATES DATA IS MISSING.
T  INDICATES TRACE AMOUNT.




$$
