000
CDUS45 KRIW 200735
CLIWRL


CLIMATE REPORT
NATIONAL WEATHER SERVICE RIVERTON WY
132 AM MDT MON OCT 20 2014


...................................

...THE WORLAND WY CLIMATE SUMMARY FOR OCTOBER 19 2014...

CLIMATE NORMAL PERIOD 1981 TO 2010
CLIMATE RECORD PERIOD 1947 TO 2014


WEATHER ITEM   OBSERVED TIME   RECORD YEAR NORMAL DEPARTURE LAST
                VALUE   (LST)  VALUE       VALUE  FROM      YEAR
                                                  NORMAL
..................................................................
TEMPERATURE (F)
 YESTERDAY
  MAXIMUM         76    320 PM  85    2003  59     17       58
  MINIMUM         33    414 AM  18    1976  30      3       26
  AVERAGE         55                        44     11       42

PRECIPITATION (IN)
  YESTERDAY        0.00          0.02 1965   0.02  -0.02     0.00
  MONTH TO DATE    0.27                      0.51  -0.24     1.65
  SINCE SEP 1      1.40                      1.36   0.04     4.28
  SINCE JAN 1      6.99                      6.81   0.18     7.49

DEGREE DAYS
 HEATING
  YESTERDAY       10                        21    -11       23
  MONTH TO DATE  239                       326    -87      440
  SINCE SEP 1    417                       547   -130      586
  SINCE JUL 1    451                       583   -132      586

 COOLING
  YESTERDAY        0                         0      0        0
  MONTH TO DATE    0                         0      0        0
  SINCE SEP 1     34                        29      5       91
  SINCE JAN 1    543                       535      8      852
..................................................................


WIND (MPH)
  HIGHEST WIND SPEED    14   HIGHEST WIND DIRECTION    SE (130)
  HIGHEST GUST SPEED    14   HIGHEST GUST DIRECTION    SE (150)
  AVERAGE WIND SPEED     5.6


SKY COVER
  POSSIBLE SUNSHINE  MM
  AVERAGE SKY COVER 0.0


WEATHER CONDITIONS
 THE FOLLOWING WEATHER WAS RECORDED YESTERDAY.
  NO SIGNIFICANT WEATHER WAS OBSERVED.


RELATIVE HUMIDITY (PERCENT)
 HIGHEST    76           600 AM
 LOWEST     19           400 PM
 AVERAGE    48

..........................................................


THE WORLAND WY CLIMATE NORMALS FOR TODAY
                         NORMAL    RECORD    YEAR
 MAXIMUM TEMPERATURE (F)   59        80      2003
 MINIMUM TEMPERATURE (F)   29        19      1987


SUNRISE AND SUNSET
OCTOBER 20 2014.......SUNRISE   733 AM MDT   SUNSET   620 PM MDT
OCTOBER 21 2014.......SUNRISE   734 AM MDT   SUNSET   618 PM MDT


-  INDICATES NEGATIVE NUMBERS.
R  INDICATES RECORD WAS SET OR TIED.
MM INDICATES DATA IS MISSING.
T  INDICATES TRACE AMOUNT.




$$
