000
CDAK47 PAYA 170918
CLIYAK

CLIMATE REPORT
NATIONAL WEATHER SERVICE YAKUTAT, AK
118 AM AKDT WED SEP 17 2014

...................................
...THE YAKUTAT AP CLIMATE SUMMARY FOR SEPTEMBER 16 2014...

CLIMATE NORMAL PERIOD  1981 TO  2010
CLIMATE RECORD PERIOD  1948 TO  2014

WEATHER ITEM   OBSERVED TIME    RECORD YEAR NORMAL DEPARTURE LAST
               VALUE    (LST)   VALUE       VALUE  FROM      YEAR
                                                   NORMAL
...................................................................
TEMPERATURE
YESTERDAY
 MAXIMUM            60  1241 PM    74  2010     56       4     55
 MINIMUM            47  1035 PM    25  2003     41       6     47
 AVERAGE            54                          48       6     51

PRECIPITATION
(INCHES)
 YESTERDAY        0.38           6.50  1987   0.71   -0.33   0.28
 MONTH TO DATE   11.67                       10.23    1.44  12.81
 SINCE SEP 1     11.67                       10.23    1.44  12.81
 SINCE JAN 1     90.47                       91.53   -1.06  90.44

SNOWFALL
(INCHES)
 YESTERDAY         0.0            0.0  2014    0.0     0.0    0.0
 MONTH TO DATE     0.0                         0.0     0.0    0.0
 SINCE SEP 1       0.0                         0.0     0.0    0.0
 SINCE JUL 1       0.0                         0.0     0.0    0.0
 SNOW DEPTH (IN)     0                                          0

DEGREE DAYS
 HEATING
  YESTERDAY         11                          17      -6     14
  MONTH TO DATE    175                         245     -70    180
  SINCE SEP 1      175                         245     -70    180
  SINCE JUL 1      802                         923    -121    744

 COOLING
  YESTERDAY          0                           0       0      0
  MONTH TO DATE      0                           0       0      0
  SINCE SEP 1        0                           0       0      0
  SINCE JAN 1        0                           0       0      0
...................................................................

WIND (MPH)
 HIGHEST WIND SPEED     8     HIGHEST WIND DIRECTION    200
 HIGHEST GUST SPEED    13     HIGHEST GUST DIRECTION    220
 AVERAGE WIND SPEED   2.3

SKY COVER
  POSSIBLE SUNSHINE    MM          AVERAGE SKY COVER     MM

WEATHER CONDITIONS
 THE FOLLOWING WEATHER WAS RECORDED YESTERDAY.
  FOG
RAIN


RELATIVE HUMIDITY
 HIGHEST RH     MM PERCENT       MM
 LOWEST  RH     MM PERCENT       MM
 AVERAGE RH     MM PERCENT       MM
...................................................................

THE YAKUTAT CLIMATE NORMALS FOR TODAY
                           NORMAL    RECORD   YEAR
 MAXIMUM TEMPERATURE (F)     55        72     1995
 MINIMUM TEMPERATURE (F)     41        29     2003

SUNRISE AND SUNSET
 SEP 17 2014..........SUNRISE  6:53 AM      SUNSET  7:33 PM
 SEP 18 2014..........SUNRISE  6:55 AM      SUNSET  7:30 PM

-  INDICATES NEGATIVE NUMBERS.
R  INDICATES RECORD HAS BEEN SET OR TIED.
MM INDICATES DATA IS MISSING.
T  INDICATES TRACE OF PRECIPITATION.

&&
-------------------------------------------------------------------

AMOUNT OF DAYLIGHT TODAY  (HOUR:MIN)........12 HOURS 40 MINUTES
GAIN/LOSS SINCE YESTERDAY (HOUR:MIN:SEC)....-0:05:17

$$
*** SEP 14
