698
CDAK47 PAYA 040014
CLIYAK

CLIMATE REPORT
NATIONAL WEATHER SERVICE YAKUTAT, AK
414 PM AKDT TUE MAY 3 2016

...................................
...THE YAKUTAT AP CLIMATE SUMMARY FOR MAY 3 2016...
VALID TODAY AS OF 2:00 PM LOCAL TIME

CLIMATE NORMAL PERIOD  1981 TO  2010
CLIMATE RECORD PERIOD  1948 TO  2016

WEATHER ITEM   OBSERVED TIME    RECORD YEAR NORMAL DEPARTURE LAST
               VALUE    (LST)   VALUE       VALUE  FROM      YEAR
                                                   NORMAL
...................................................................
TEMPERATURE
TODAY
 MAXIMUM            49  0120 PM    69  2014     50      -1     57
 MINIMUM            34  0512 AM    23  1968     34       0     28
 AVERAGE            42                          42       0     43

PRECIPITATION
(INCHES)
 TODAY            0.19           4.14  1992   0.28   -0.09   0.00
 MONTH TO DATE    1.24                        0.86    0.38   0.09
 SINCE MAR 1     20.77                       21.09   -0.32  24.68
 SINCE JAN 1     46.06                       45.61    0.45  49.05

SNOWFALL
(INCHES)
 TODAY             0.0            5.0  1964    0.1    -0.1    0.0
 MONTH TO DATE     0.0                         0.2    -0.2    0.0
 SINCE MAR 1       0.7                        37.6   -36.9   34.3
 SINCE JUL 1      49.9                       139.8   -89.9   47.1
 SNOW DEPTH (IN)     0                                          0

DEGREE DAYS
 HEATING
  TODAY             23                          23       0     22
  MONTH TO DATE     64                          70      -6     71
  SINCE MAR 1     1529                        1908    -379   1767
  SINCE JUL 1     6867                        8037   -1170   7199

 COOLING
  TODAY              0                           0       0      0
  MONTH TO DATE      0                           0       0      0
  SINCE MAR 1        0                           0       0      0
  SINCE JAN 1        0                           0       0      0
...................................................................

WIND (MPH)
 HIGHEST WIND SPEED    10     HIGHEST WIND DIRECTION    190
 HIGHEST GUST SPEED    15     HIGHEST GUST DIRECTION    200
 AVERAGE WIND SPEED   0.0

SKY COVER
  POSSIBLE SUNSHINE  MM            AVERAGE SKY COVER MM

WEATHER CONDITIONS
 THE FOLLOWING WEATHER WAS RECORDED TODAY.
FOG
SLEET
RAIN


RELATIVE HUMIDITY
 HIGHEST RH     MM PERCENT       MM
 LOWEST  RH     MM PERCENT       MM
 AVERAGE RH     MM PERCENT       MM
...................................................................

THE YAKUTAT CLIMATE NORMALS FOR TOMORROW
                        NORMAL    RECORD   YEAR
 MAXIMUM TEMPERATURE      50        64     1980
 MINIMUM TEMPERATURE      34        22     1968

SUNRISE AND SUNSET
 MAY 3 2016..........SUNRISE  5:12 AM      SUNSET  9:21 PM
 MAY 4 2016..........SUNRISE  5:10 AM      SUNSET  9:24 PM

-  INDICATES NEGATIVE NUMBERS.
R  INDICATES RECORD HAS BEEN SET OR TIED.
MM INDICATES DATA IS MISSING.
T  INDICATES TRACE OF PRECIPITATION.

&&
-------------------------------------------------------------------

AMOUNT OF DAYLIGHT TODAY  (HOUR:MIN)........16 HOURS 9 MINUTES
GAIN/LOSS SINCE YESTERDAY (HOUR:MIN:SEC)....+0:05:00

$$
TR MAY 16
