000
CDAK47 PAYA 160005
CLIYAK

CLIMATE REPORT
NATIONAL WEATHER SERVICE YAKUTAT, AK
405 PM AKDT TUE APR 15 2014

...................................
...THE YAKUTAT AP CLIMATE SUMMARY FOR APRIL 15 2014...
VALID TODAY AS OF 2:00 PM LOCAL TIME

CLIMATE NORMAL PERIOD  1981 TO  2010
CLIMATE RECORD PERIOD  1948 TO  2014

WEATHER ITEM   OBSERVED TIME    RECORD YEAR NORMAL DEPARTURE LAST
               VALUE    (LST)   VALUE       VALUE  FROM      YEAR
                                                   NORMAL
...................................................................
TEMPERATURE
TODAY
 MAXIMUM            48  0222 PM    57  1996     46       2     41
 MINIMUM            32  0325 AM    12  1972     30       2     20
 AVERAGE            40                          38       2     31

PRECIPITATION
(INCHES)
 TODAY               T           3.66  1998   0.30   -0.30   0.02
 MONTH TO DATE    2.75                        4.83   -2.08   4.43
 SINCE MAR 1      6.80                       15.87   -9.07  10.36
 SINCE JAN 1     33.86                       40.39   -6.53  37.01

SNOWFALL
(INCHES)
 TODAY             0.0            8.2  1972    0.3    -0.3    0.2
 MONTH TO DATE     5.8                         7.4    -1.6    7.9
 SINCE MAR 1      13.6                        34.6   -21.0   43.2
 SINCE JUL 1     109.0                       136.8   -27.8  159.1
 SNOW DEPTH (IN)     T                                         20

DEGREE DAYS
 HEATING
  TODAY             25                          27      -2     34
  MONTH TO DATE    450                         434      16    493
  SINCE MAR 1     1529                        1456      73   1604
  SINCE JUL 1     7342                        7585    -243   7849

 COOLING
  TODAY              0                           0       0      0
  MONTH TO DATE      0                           0       0      0
  SINCE MAR 1        0                           0       0      0
  SINCE JAN 1        0                           0       0      0
...................................................................

WIND (MPH)
 HIGHEST WIND SPEED     9     HIGHEST WIND DIRECTION    180
 HIGHEST GUST SPEED    13     HIGHEST GUST DIRECTION    170
 AVERAGE WIND SPEED    MM

SKY COVER
  POSSIBLE SUNSHINE  MM            AVERAGE SKY COVER MM

WEATHER CONDITIONS
 THE FOLLOWING WEATHER WAS RECORDED TODAY.
RAIN


RELATIVE HUMIDITY
 HIGHEST RH     MM PERCENT       MM
 LOWEST  RH     MM PERCENT       MM
 AVERAGE RH     MM PERCENT       MM
...................................................................

THE YAKUTAT CLIMATE NORMALS FOR TOMORROW
                        NORMAL    RECORD   YEAR
 MAXIMUM TEMPERATURE      46        61     1990
 MINIMUM TEMPERATURE      30        11     1972

SUNRISE AND SUNSET
 APR 15 2014..........SUNRISE  6:03 AM      SUNSET  8:37 PM
 APR 16 2014..........SUNRISE  6:01 AM      SUNSET  8:39 PM

-  INDICATES NEGATIVE NUMBERS.
R  INDICATES RECORD HAS BEEN SET OR TIED.
MM INDICATES DATA IS MISSING.
T  INDICATES TRACE OF PRECIPITATION.

&&
-------------------------------------------------------------------

AMOUNT OF DAYLIGHT TODAY  (HOUR:MIN)........14 HOURS 34 MINUTES
GAIN/LOSS SINCE YESTERDAY (HOUR:MIN:SEC)....+0:05:17

$$
DC APR 14
