000
CDUS46 KPDT 301024
CLIYKM

PDTCLIYKM 000
TTAA00 KPDT 300843

CLIMATE REPORT
NATIONAL WEATHER SERVICE PENDLETON OR
324 AM PDT SAT MAY 30 2015

...................................

...THE YAKIMA WA CLIMATE SUMMARY FOR MAY 29 2015...

CLIMATE NORMAL PERIOD 1981 TO 2010
CLIMATE RECORD PERIOD 1946 TO 2015


WEATHER ITEM   OBSERVED TIME   RECORD YEAR NORMAL DEPARTURE LAST
                VALUE   (LST)  VALUE       VALUE  FROM      YEAR
                                                  NORMAL
..................................................................
TEMPERATURE (F)
 YESTERDAY
  MAXIMUM         91    411 PM 101    1983  76     15       74
  MINIMUM         58    514 AM  29    2001  45     13       37
  AVERAGE         75                        60     15       56

PRECIPITATION (IN)
  YESTERDAY        0.00          0.31 2013   0.02  -0.02     0.00
  MONTH TO DATE    1.80                      0.54   1.26     0.13
  SINCE OCT 1      6.32                      6.75  -0.43     3.75
  SINCE JAN 1      4.22                      3.63   0.59     2.92

SNOWFALL (IN)
  YESTERDAY        0.0           0.0  2002   0.0    0.0      0.0
                                      2001
                                      2000
  MONTH TO DATE    0.0                       0.0    0.0      0.0
  SINCE JAN 1      1.6                       8.6   -7.0     19.9
  SINCE JUL 1      1.6                      21.6  -20.0     19.9
  SNOW DEPTH       0

DEGREE DAYS
 HEATING
  YESTERDAY        0                         6     -6        9
  MONTH TO DATE   86                       251   -165      150
  SINCE MAR 1    925                      1406   -481     1165
  SINCE JUL 1   4507                      5933  -1426     5567

COOLING
  YESTERDAY       10                         1      9        0
  MONTH TO DATE   74                        18     56       19
  SINCE MAR 1     74                        19     55       19
  SINCE JAN 1     74                        19     55       19
..................................................................


WIND (MPH)
  HIGHEST WIND SPEED    13   HIGHEST WIND DIRECTION    NW (320)
  HIGHEST GUST SPEED    20   HIGHEST GUST DIRECTION     N (10)
  AVERAGE WIND SPEED     5.8


SKY COVER
  POSSIBLE SUNSHINE  MM
  AVERAGE SKY COVER 0.2


WEATHER CONDITIONS
 THE FOLLOWING WEATHER WAS RECORDED YESTERDAY.
  NO SIGNIFICANT WEATHER WAS OBSERVED.


RELATIVE HUMIDITY (PERCENT)
 HIGHEST    78           600 AM
 LOWEST     23           200 PM
 AVERAGE    51

..........................................................


THE YAKIMA WA CLIMATE NORMALS FOR TODAY
                         NORMAL    RECORD    YEAR
 MAXIMUM TEMPERATURE (F)   76       102      1986
 MINIMUM TEMPERATURE (F)   46        33      1988


SUNRISE AND SUNSET
MAY 30 2015...........SUNRISE   514 AM PDT   SUNSET   846 PM PDT
MAY 31 2015...........SUNRISE   513 AM PDT   SUNSET   847 PM PDT


-  INDICATES NEGATIVE NUMBERS.
R  INDICATES RECORD WAS SET OR TIED.
MM INDICATES DATA IS MISSING.
T  INDICATES TRACE AMOUNT.

$$
