000
CDUS46 KPDT 300035 RRB
CLIYKM

CLIMATE REPORT NATIONAL WEATHER SERVICE PENDLETON OR

525 PM PDT MON JUN 29 2015


...................................

...THE YAKIMA WA CLIMATE SUMMARY FOR JUNE 29 2015...
VALID TODAY AS OF 0500 PM LOCAL TIME.

CLIMATE NORMAL PERIOD 1981 TO 2010
CLIMATE RECORD PERIOD 1946 TO 2015


WEATHER ITEM   OBSERVED TIME   RECORD YEAR NORMAL DEPARTURE LAST
                VALUE   (LST)  VALUE       VALUE  FROM      YEAR
                                                  NORMAL
..................................................................
TEMPERATURE (F)
 TODAY
  MAXIMUM        102    359 PM 103    1948  83     19       80
  MINIMUM         75    613 AM  40    1996  51     24       48
                                      1971
  AVERAGE         89                        67     22       64

PRECIPITATION (IN)
  TODAY            0.01          1.11 1982   0.02  -0.01     0.00
  MONTH TO DATE    0.01                      0.61  -0.60     0.08
  SINCE OCT 1      6.33                      7.40  -1.07     3.83
  SINCE JAN 1      4.23                      4.28  -0.05     3.00

SNOWFALL (IN)
  TODAY            0.0           0.0  2002   0.0    0.0      0.0
                                      2001
                                      2000
  MONTH TO DATE    0.0                       0.0    0.0      0.0
  SINCE JAN 1      1.6                       8.6   -7.0     19.9
  SINCE JUL 1      1.6                      21.6  -20.0     19.9
  SNOW DEPTH       0

DEGREE DAYS
 HEATING
  TODAY            0                         2     -2        1
  MONTH TO DATE    3                        96    -93       30
  SINCE JUN 1      3                        96    -93       30
  SINCE JUL 1   4510                      6040  -1530     5600

 COOLING
  TODAY           24                         4     20        0
  MONTH TO DATE  289                        59    230      102
  SINCE JUN 1    289                        59    230      102
  SINCE JAN 1    381                        79    302      125
..................................................................


WIND (MPH)
  HIGHEST WIND SPEED    17   HIGHEST WIND DIRECTION    NW (320)
  HIGHEST GUST SPEED    26   HIGHEST GUST DIRECTION    NW (310)
  AVERAGE WIND SPEED     8.1


SKY COVER
  POSSIBLE SUNSHINE  MM
  AVERAGE SKY COVER 0.1


WEATHER CONDITIONS
 THE FOLLOWING WEATHER WAS RECORDED TODAY.
  THUNDERSTORM
  LIGHT RAIN


RELATIVE HUMIDITY (PERCENT)
 HIGHEST    58           700 AM
 LOWEST     20           400 PM
 AVERAGE    39

..........................................................


THE YAKIMA WA CLIMATE NORMALS FOR TOMORROW
                         NORMAL    RECORD    YEAR
 MAXIMUM TEMPERATURE (F)   84       102      2008
 MINIMUM TEMPERATURE (F)   51        34      1949


SUNRISE AND SUNSET
JUNE 29 2015..........SUNRISE   512 AM PDT   SUNSET   859 PM PDT
JUNE 30 2015..........SUNRISE   512 AM PDT   SUNSET   859 PM PDT


-  INDICATES NEGATIVE NUMBERS.
R  INDICATES RECORD WAS SET OR TIED.
MM INDICATES DATA IS MISSING.
T  INDICATES TRACE AMOUNT.




$$
