000
CDUS46 KPDT 220841 RRA
CLIYKM

CLIMATE REPORT
NATIONAL WEATHER SERVICE PENDLETON OR

1228 AM PST WED FEB 22 2017


...................................

...THE YAKIMA WA CLIMATE SUMMARY FOR FEBRUARY 21 2017...

CLIMATE NORMAL PERIOD 1981 TO 2010
CLIMATE RECORD PERIOD 1946 TO 2017


WEATHER ITEM   OBSERVED TIME   RECORD YEAR NORMAL DEPARTURE LAST
                VALUE   (LST)  VALUE       VALUE  FROM      YEAR
                                                  NORMAL
..................................................................
TEMPERATURE (F)
 YESTERDAY
  MAXIMUM         45    101 PM  68    1988  48     -3       49
  MINIMUM         32   1159 PM   9    1993  26      6       27
  AVERAGE         39                        37      2       38

PRECIPITATION (IN)
  YESTERDAY        0.15          0.42 1956   0.02   0.13      T
  MONTH TO DATE    2.25                      0.59   1.66     0.39
  SINCE OCT 1      8.33                      4.85   3.48     7.35
  SINCE JAN 1      4.41                      1.73   2.68     2.70

SNOWFALL (IN)
  YESTERDAY        0.0           4.6  1956   0.1   -0.1      0.0
  MONTH TO DATE    9.9                       2.1    7.8      0.8
  SINCE JAN 1     29.0                       7.4   21.6     12.5
  SINCE JUL 1     36.4                      20.4   16.0     31.4
  SNOW DEPTH       0

DEGREE DAYS
 HEATING
  YESTERDAY       26                        28     -2       27
  MONTH TO DATE  696                       622     74      476
  SINCE DEC 1   3186                      2807    379     2474
  SINCE JUL 1   4205                      4340   -135     3588

 COOLING
  YESTERDAY        0                         0      0        0
  MONTH TO DATE    0                         0      0        0
  SINCE DEC 1      0                         0      0        0
  SINCE JAN 1      0                         0      0        0
..................................................................


WIND (MPH)
  HIGHEST WIND SPEED     8   HIGHEST WIND DIRECTION     W (280)
  HIGHEST GUST SPEED    10   HIGHEST GUST DIRECTION     W (270)
  AVERAGE WIND SPEED     4.1


SKY COVER
  POSSIBLE SUNSHINE  MM
  AVERAGE SKY COVER 0.7


WEATHER CONDITIONS
 THE FOLLOWING WEATHER WAS RECORDED YESTERDAY.
  LIGHT RAIN
  FOG


RELATIVE HUMIDITY (PERCENT)
 HIGHEST    92           100 AM
 LOWEST     82          1200 PM
 AVERAGE    87

..........................................................


THE YAKIMA WA CLIMATE NORMALS FOR TODAY
                         NORMAL    RECORD    YEAR
 MAXIMUM TEMPERATURE (F)   49        67      2002
 MINIMUM TEMPERATURE (F)   27         1      1993


SUNRISE AND SUNSET
FEBRUARY 22 2017......SUNRISE   653 AM PST   SUNSET   538 PM PST
FEBRUARY 23 2017......SUNRISE   652 AM PST   SUNSET   540 PM PST


-  INDICATES NEGATIVE NUMBERS.
R  INDICATES RECORD WAS SET OR TIED.
MM INDICATES DATA IS MISSING.
T  INDICATES TRACE AMOUNT.




$$
