000
CDUS46 KPDT 160845
CLIYKM

CLIMATE REPORT
NATIONAL WEATHER SERVICE PENDLETON OR
1245 AM PST MON JAN 16 2017


...................................

...THE YAKIMA WA CLIMATE SUMMARY FOR JANUARY 15 2017...

CLIMATE NORMAL PERIOD 1981 TO 2010
CLIMATE RECORD PERIOD 1946 TO 2017


WEATHER ITEM   OBSERVED TIME   RECORD YEAR NORMAL DEPARTURE LAST
                VALUE   (LST)  VALUE       VALUE  FROM      YEAR
                                                  NORMAL
..................................................................
TEMPERATURE (F)
 YESTERDAY
  MAXIMUM         19    414 PM  61    2014  38    -19       43
  MINIMUM         15   1159 PM -10    1950  23     -8       31
  AVERAGE         17                        31    -14       37

PRECIPITATION (IN)
  YESTERDAY        T             0.67 1956   0.04  -0.04     0.00
  MONTH TO DATE    1.08                      0.62   0.46     0.78
  SINCE OCT 1      5.00                      3.74   1.26     5.43
  SINCE JAN 1      1.08                      0.62   0.46     0.78

SNOWFALL (IN)
  YESTERDAY       MM             4.1  1971   0.1   MM        0.0
  MONTH TO DATE   13.3                       3.2   10.1      8.7
  SINCE JAN 1     13.3                       3.2   10.1      8.7
  SINCE JUL 1     20.7                      16.2    4.5     27.6
  SNOW DEPTH      MM

DEGREE DAYS
 HEATING
  YESTERDAY       48                        34     14       28
  MONTH TO DATE  726                       534    192      522
  SINCE DEC 1   1927                      1664    263     1557
  SINCE JUL 1   2946                      3197   -251     2671

 COOLING
  YESTERDAY        0                         0      0        0
  MONTH TO DATE    0                         0      0        0
  SINCE DEC 1      0                         0      0        0
  SINCE JAN 1      0                         0      0        0
..................................................................


WIND (MPH)
  HIGHEST WIND SPEED     7   HIGHEST WIND DIRECTION     E (80)
  HIGHEST GUST SPEED     8   HIGHEST GUST DIRECTION     E (80)
  AVERAGE WIND SPEED     1.7


SKY COVER
  POSSIBLE SUNSHINE  MM
  AVERAGE SKY COVER 1.0


WEATHER CONDITIONS
 THE FOLLOWING WEATHER WAS RECORDED YESTERDAY.
  LIGHT SNOW
  FOG
  HAZE


RELATIVE HUMIDITY (PERCENT)
 HIGHEST    88          1100 PM
 LOWEST     73          1200 AM
 AVERAGE    81

..........................................................


THE YAKIMA WA CLIMATE NORMALS FOR TODAY
                         NORMAL    RECORD    YEAR
 MAXIMUM TEMPERATURE (F)   39        60      2011
 MINIMUM TEMPERATURE (F)   23       -14      1950


SUNRISE AND SUNSET
JANUARY 16 2017.......SUNRISE   741 AM PST   SUNSET   443 PM PST
JANUARY 17 2017.......SUNRISE   740 AM PST   SUNSET   445 PM PST


-  INDICATES NEGATIVE NUMBERS.
R  INDICATES RECORD WAS SET OR TIED.
MM INDICATES DATA IS MISSING.
T  INDICATES TRACE AMOUNT.


$$
