000
CDUS46 KPDT 110842
CLIYKM

CLIMATE REPORT
NATIONAL WEATHER SERVICE PENDLETON OR
1242 AM PST THU FEB 11 2016


...................................

...THE YAKIMA WA CLIMATE SUMMARY FOR FEBRUARY 10 2016...

CLIMATE NORMAL PERIOD 1981 TO 2010
CLIMATE RECORD PERIOD 1946 TO 2016


WEATHER ITEM   OBSERVED TIME   RECORD YEAR NORMAL DEPARTURE LAST
                VALUE   (LST)  VALUE       VALUE  FROM      YEAR
                                                  NORMAL
..................................................................
TEMPERATURE (F)
 YESTERDAY
  MAXIMUM         50    419 PM  62    2015  45      5       62
                                      1990
                                      1977
  MINIMUM         30    229 AM   5    1981  25      5       33
  AVERAGE         40                        35      5       48

PRECIPITATION (IN)
  YESTERDAY        0.00          0.47 1961   0.03  -0.03      T
  MONTH TO DATE    0.03                      0.29  -0.26     0.45
  SINCE OCT 1      6.99                      4.55   2.44     3.25
  SINCE JAN 1      2.34                      1.43   0.91     1.15

SNOWFALL (IN)
  YESTERDAY        0.0           2.4  1973   0.1   -0.1      0.0
  MONTH TO DATE    0.8                       1.1   -0.3      0.0
  SINCE JAN 1     12.5                       6.4    6.1      1.6
  SINCE JUL 1     31.4                      19.4   12.0      1.6
  SNOW DEPTH       0

DEGREE DAYS
 HEATING
  YESTERDAY       25                        30     -5       17
  MONTH TO DATE  264                       305    -41      212
  SINCE DEC 1   2262                      2490   -228     2036
  SINCE JUL 1   3376                      4023   -647     3220

 COOLING
  YESTERDAY        0                         0      0        0
  MONTH TO DATE    0                         0      0        0
  SINCE DEC 1      0                         0      0        0
  SINCE JAN 1      0                         0      0        0
..................................................................


WIND (MPH)
  HIGHEST WIND SPEED    10   HIGHEST WIND DIRECTION     W (250)
  HIGHEST GUST SPEED    11   HIGHEST GUST DIRECTION     W (250)
  AVERAGE WIND SPEED     3.4


SKY COVER
  POSSIBLE SUNSHINE  MM
  AVERAGE SKY COVER 0.1


WEATHER CONDITIONS
 THE FOLLOWING WEATHER WAS RECORDED YESTERDAY.
  NO SIGNIFICANT WEATHER WAS OBSERVED.


RELATIVE HUMIDITY (PERCENT)
 HIGHEST    85           100 AM
 LOWEST     56           400 PM
 AVERAGE    71

..........................................................


THE YAKIMA WA CLIMATE NORMALS FOR TODAY
                         NORMAL    RECORD    YEAR
 MAXIMUM TEMPERATURE (F)   45        61      1971
 MINIMUM TEMPERATURE (F)   26         5      1948


SUNRISE AND SUNSET
FEBRUARY 11 2016......SUNRISE   713 AM PST   SUNSET   521 PM PST
FEBRUARY 12 2016......SUNRISE   711 AM PST   SUNSET   522 PM PST


-  INDICATES NEGATIVE NUMBERS.
R  INDICATES RECORD WAS SET OR TIED.
MM INDICATES DATA IS MISSING.
T  INDICATES TRACE AMOUNT.




$$
