000
CDUS46 KPDT 270036
CLIYKM

CLIMATE REPORT
NATIONAL WEATHER SERVICE PENDLETON OR
425 PM PST WED NOV 26 2014


...................................

...THE YAKIMA WA CLIMATE SUMMARY FOR NOVEMBER 26 2014...
VALID TODAY AS OF 0400 PM LOCAL TIME.

CLIMATE NORMAL PERIOD 1981 TO 2010
CLIMATE RECORD PERIOD 1946 TO 2014


WEATHER ITEM   OBSERVED TIME   RECORD YEAR NORMAL DEPARTURE LAST
                VALUE   (LST)  VALUE       VALUE  FROM      YEAR
                                                  NORMAL
..................................................................
TEMPERATURE (F)
 TODAY
  MAXIMUM         48    338 PM  64    1949  42      6       43
  MINIMUM         37   1225 AM  -5    1985  24     13       16
  AVERAGE         43                        33     10       30

PRECIPITATION (IN)
  TODAY            0.00          1.03 1955   0.04  -0.04     0.00
  MONTH TO DATE    0.32                      0.88  -0.56     0.38
  SINCE OCT 1      1.18                      1.42  -0.24     0.51
  SINCE JAN 1      5.60                      6.55  -0.95     5.17

SNOWFALL (IN)
  TODAY            0.0           4.4  1955   0.3   -0.3      0.0
  MONTH TO DATE    0.1                       2.6   -2.5      0.0
  SINCE JAN 1     20.0                      11.3    8.7      1.1
  SINCE JUL 1      0.1                       2.7   -2.6      0.0
  SNOW DEPTH       0

DEGREE DAYS
 HEATING
  TODAY           22                        32    -10       35
  MONTH TO DATE  709                       700      9      659
  SINCE SEP 1   1072                      1356   -284     1275
  SINCE JUL 1   1078                      1404   -326     1275

 COOLING
  TODAY            0                         0      0        0
  MONTH TO DATE    0                         0      0        0
  SINCE SEP 1     44                        32     12      135
  SINCE JAN 1    871                       472    399      970
..................................................................


WIND (MPH)
  HIGHEST WIND SPEED     8   HIGHEST WIND DIRECTION     S (180)
  HIGHEST GUST SPEED     9   HIGHEST GUST DIRECTION     S (170)
  AVERAGE WIND SPEED     1.4


SKY COVER
  POSSIBLE SUNSHINE  MM
  AVERAGE SKY COVER 0.9


WEATHER CONDITIONS
 THE FOLLOWING WEATHER WAS RECORDED TODAY.
  FOG
  FOG W/VISIBILITY <= 1/4 MILE
  HAZE


RELATIVE HUMIDITY (PERCENT)
 HIGHEST    93          1000 AM
 LOWEST     76           300 PM
 AVERAGE    85

..........................................................


THE YAKIMA WA CLIMATE NORMALS FOR TOMORROW
                         NORMAL    RECORD    YEAR
 MAXIMUM TEMPERATURE (F)   42        60      1949
 MINIMUM TEMPERATURE (F)   24         3      1985


SUNRISE AND SUNSET
NOVEMBER 26 2014......SUNRISE   719 AM PST   SUNSET   419 PM PST
NOVEMBER 27 2014......SUNRISE   721 AM PST   SUNSET   419 PM PST


-  INDICATES NEGATIVE NUMBERS.
R  INDICATES RECORD WAS SET OR TIED.
MM INDICATES DATA IS MISSING.
T  INDICATES TRACE AMOUNT.




$$
