000
CDUS46 KPDT 130839
CLIYKM

CLIMATE REPORT
NATIONAL WEATHER SERVICE PENDLETON OR
136 AM PDT SUN JUL 13 2014


...................................

...THE YAKIMA WA CLIMATE SUMMARY FOR JULY 12 2014...

CLIMATE NORMAL PERIOD 1981 TO 2010
CLIMATE RECORD PERIOD 1946 TO 2014


WEATHER ITEM   OBSERVED TIME   RECORD YEAR NORMAL DEPARTURE LAST
                VALUE   (LST)  VALUE       VALUE  FROM      YEAR
                                                  NORMAL
..................................................................
TEMPERATURE (F)
 YESTERDAY
  MAXIMUM        102    429 PM 105    2002  88     14       84
  MINIMUM         60    341 AM  40    1974  53      7       55
                                      1971
  AVERAGE         81                        70     11       70

PRECIPITATION (IN)
  YESTERDAY        0.00          0.01 2011   0.00   0.00     0.00
  MONTH TO DATE    0.00                      0.11  -0.11      T
  SINCE OCT 1      3.83                      7.52  -3.69     7.97
  SINCE JAN 1      3.00                      4.40  -1.40     4.17

SNOWFALL (IN)
  YESTERDAY        0.0           0.0  2002   0.0    0.0      0.0
                                      2001
                                      2000
  MONTH TO DATE    0.0                       0.0    0.0      0.0
  SINCE JAN 1     19.9                       8.6   11.3      1.1
  SINCE JUL 1      0.0                       0.0    0.0      0.0
  SNOW DEPTH       0

DEGREE DAYS
 HEATING
  YESTERDAY        0                         1     -1        0
  MONTH TO DATE    0                        12    -12        0
  SINCE JUN 1     30                       110    -80       39
  SINCE JUL 1      0                        12    -12        0

 COOLING
  YESTERDAY       16                         6     10        5
  MONTH TO DATE  173                        59    114      152
  SINCE JUN 1    275                       124    151      268
  SINCE JAN 1    298                       144    154      320
..................................................................


WIND (MPH)
  HIGHEST WIND SPEED    14   HIGHEST WIND DIRECTION     W (270)
  HIGHEST GUST SPEED    15   HIGHEST GUST DIRECTION     W (270)
  AVERAGE WIND SPEED     5.8


SKY COVER
  POSSIBLE SUNSHINE  MM
  AVERAGE SKY COVER 0.0


WEATHER CONDITIONS
 THE FOLLOWING WEATHER WAS RECORDED YESTERDAY.
  NO SIGNIFICANT WEATHER WAS OBSERVED.


RELATIVE HUMIDITY (PERCENT)
 HIGHEST    72           300 AM
 LOWEST     10           100 PM
 AVERAGE    41

..........................................................


THE YAKIMA WA CLIMATE NORMALS FOR TODAY
                         NORMAL    RECORD    YEAR
 MAXIMUM TEMPERATURE (F)   88       105      2002
 MINIMUM TEMPERATURE (F)   53        41      1968


SUNRISE AND SUNSET
JULY 13 2014..........SUNRISE   522 AM PDT   SUNSET   853 PM PDT
JULY 14 2014..........SUNRISE   523 AM PDT   SUNSET   852 PM PDT


-  INDICATES NEGATIVE NUMBERS.
R  INDICATES RECORD WAS SET OR TIED.
MM INDICATES DATA IS MISSING.
T  INDICATES TRACE AMOUNT.




$$
