000
CDUS46 KPDT 280838
CLIYKM

CLIMATE REPORT
NATIONAL WEATHER SERVICE PENDLETON OR
138 AM PDT FRI AUG 28 2015


...................................

...THE YAKIMA WA CLIMATE SUMMARY FOR AUGUST 27 2015...

CLIMATE NORMAL PERIOD 1981 TO 2010
CLIMATE RECORD PERIOD 1946 TO 2015


WEATHER ITEM   OBSERVED TIME   RECORD YEAR NORMAL DEPARTURE LAST
                VALUE   (LST)  VALUE       VALUE  FROM      YEAR
                                                  NORMAL
..................................................................
TEMPERATURE (F)
 YESTERDAY
  MAXIMUM         95    221 PM 100    1972  84     11       95
  MINIMUM         59    621 AM  39    1960  49     10       58
  AVERAGE         77                        67     10       77

PRECIPITATION (IN)
  YESTERDAY        0.00          0.40 1975   0.01  -0.01     0.00
  MONTH TO DATE    T                         0.22  -0.22     0.90
  SINCE OCT 1      6.39                      7.85  -1.46     4.79
  SINCE JAN 1      4.29                      4.73  -0.44     3.96

SNOWFALL (IN)
  YESTERDAY        0.0           0.0  2002   0.0    0.0      0.0
                                      2001
                                      1999
  MONTH TO DATE    0.0                       0.0    0.0      0.0
  SINCE JAN 1      1.6                       8.6   -7.0     19.9
  SINCE JUL 1      0.0                       0.0    0.0      0.0
  SNOW DEPTH       0

DEGREE DAYS
 HEATING
  YESTERDAY        0                         1     -1        0
  MONTH TO DATE    1                        20    -19        0
  SINCE JUN 1      4                       139   -135       35
  SINCE JUL 1      1                        41    -40        5

 COOLING
  YESTERDAY       12                         3      9       12
  MONTH TO DATE  261                       147    114      280
  SINCE JUN 1    950                       407    543      790
  SINCE JAN 1   1042                       427    615      813
..................................................................


WIND (MPH)
  HIGHEST WIND SPEED    16   HIGHEST WIND DIRECTION     S (170)
  HIGHEST GUST SPEED    24   HIGHEST GUST DIRECTION     S (180)
  AVERAGE WIND SPEED     7.6


SKY COVER
  POSSIBLE SUNSHINE  MM
  AVERAGE SKY COVER 0.3


WEATHER CONDITIONS
 THE FOLLOWING WEATHER WAS RECORDED YESTERDAY.
  HAZE


RELATIVE HUMIDITY (PERCENT)
 HIGHEST    67           600 AM
 LOWEST     15           400 PM
 AVERAGE    41

..........................................................


THE YAKIMA WA CLIMATE NORMALS FOR TODAY
                         NORMAL    RECORD    YEAR
 MAXIMUM TEMPERATURE (F)   84       102      1972
 MINIMUM TEMPERATURE (F)   49        37      1980


SUNRISE AND SUNSET
AUGUST 28 2015........SUNRISE   617 AM PDT   SUNSET   749 PM PDT
AUGUST 29 2015........SUNRISE   618 AM PDT   SUNSET   747 PM PDT


-  INDICATES NEGATIVE NUMBERS.
R  INDICATES RECORD WAS SET OR TIED.
MM INDICATES DATA IS MISSING.
T  INDICATES TRACE AMOUNT.


$$
