000
CDUS41 KCLE 282222
CLIYNG


CLIMATE REPORT
NATIONAL WEATHER SERVICE CLEVELAND OH
521 PM EST SUN DEC 28 2014


...................................

...THE YOUNGSTOWN OH CLIMATE SUMMARY FOR DECEMBER 28 2014...
VALID TODAY AS OF 0500 PM LOCAL TIME.

CLIMATE NORMAL PERIOD 1981 TO 2010
CLIMATE RECORD PERIOD 1897 TO 2014


WEATHER ITEM   OBSERVED TIME   RECORD YEAR NORMAL DEPARTURE LAST
                VALUE   (LST)  VALUE       VALUE  FROM      YEAR
                                                  NORMAL
..................................................................
TEMPERATURE (F)
 TODAY
  MAXIMUM         46    252 AM  69    1982  33     13       50
  MINIMUM         34    334 PM  -7    1950  21     13       36
  AVERAGE         40                        27     13       43

PRECIPITATION (IN)
  TODAY            0.39                      0.09   0.30     0.00
  MONTH TO DATE    2.32                      2.72  -0.40     3.19
  SINCE DEC 1      2.32                      2.72  -0.40     3.19
  SINCE JAN 1     39.27                     38.64   0.63    38.80

SNOWFALL (IN)
  TODAY            T                         0.6   -0.6      0.0
  MONTH TO DATE    0.7                      13.5  -12.8     16.5
  SINCE DEC 1      0.7                      13.5  -12.8     16.5
  SINCE JUL 1     12.3                      17.9   -5.6     30.6
  SNOW DEPTH       0

DEGREE DAYS
 HEATING
  TODAY           25                        38    -13       22
  MONTH TO DATE  807                       962   -155      945
  SINCE DEC 1    807                       962   -155      945
  SINCE JUL 1   2217                      2291    -74     2327

 COOLING
  TODAY            0                         0      0        0
  MONTH TO DATE    0                         0      0        0
  SINCE DEC 1      0                         0      0        0
  SINCE JAN 1    533                       544    -11      630
..................................................................


WIND (MPH)
  HIGHEST WIND SPEED    17   HIGHEST WIND DIRECTION    NW (320)
  HIGHEST GUST SPEED    23   HIGHEST GUST DIRECTION    NW (310)


SKY COVER
  POSSIBLE SUNSHINE  MM
  AVERAGE SKY COVER 0.9


WEATHER CONDITIONS
 THE FOLLOWING WEATHER WAS RECORDED TODAY.
  LIGHT RAIN
  SNOW
  SLEET
  FOG


RELATIVE HUMIDITY (PERCENT)
 HIGHEST   100           100 AM
 LOWEST     85          1100 AM
 AVERAGE    93

..........................................................


THE YOUNGSTOWN OH CLIMATE NORMALS FOR TOMORROW
                         NORMAL    RECORD    YEAR
 MAXIMUM TEMPERATURE (F)   33        62      1984
 MINIMUM TEMPERATURE (F)   20        -5      1961


SUNRISE AND SUNSET
DECEMBER 28 2014......SUNRISE   748 AM EST   SUNSET   501 PM EST
DECEMBER 29 2014......SUNRISE   748 AM EST   SUNSET   502 PM EST


-  INDICATES NEGATIVE NUMBERS.
R  INDICATES RECORD WAS SET OR TIED.
MM INDICATES DATA IS MISSING.
T  INDICATES TRACE AMOUNT.




$$
