000
CDUS41 KCLE 240545
CLIYNG


CLIMATE REPORT
NATIONAL WEATHER SERVICE CLEVELAND OH
145 AM EDT THU JUL 24 2014


...................................

...THE YOUNGSTOWN OH CLIMATE SUMMARY FOR JULY 23 2014...

CLIMATE NORMAL PERIOD 1981 TO 2010
CLIMATE RECORD PERIOD 1897 TO 2014


WEATHER ITEM   OBSERVED TIME   RECORD YEAR NORMAL DEPARTURE LAST
                VALUE   (LST)  VALUE       VALUE  FROM      YEAR
                                                  NORMAL
..................................................................
TEMPERATURE (F)
 YESTERDAY
  MAXIMUM         79   1155 AM  98    1933  81     -2       81
  MINIMUM         62   1159 PM  47    1993  60      2       63
                                      1981
                                      1947
  AVERAGE         71                        71      0       72

PRECIPITATION (IN)
  YESTERDAY        0.01                      0.14  -0.13     0.62
  MONTH TO DATE    2.23                      3.25  -1.02     7.28
  SINCE JUN 1      7.03                      7.13  -0.10    12.65
  SINCE JAN 1     22.12                     21.92   0.20    24.42

SNOWFALL (IN)
  YESTERDAY        0.0                       0.0    0.0      0.0
  MONTH TO DATE    0.0                       0.0    0.0      0.0
  SINCE JUN 1      0.0                       0.0    0.0       T
  SINCE JUL 1      0.0                       0.0    0.0      0.0
  SNOW DEPTH       0

DEGREE DAYS
 HEATING
  YESTERDAY        0                         0      0        0
  MONTH TO DATE   16                         8      8        0
  SINCE JUN 1     44                        77    -33       56
  SINCE JUL 1     16                         8      8        0

 COOLING
  YESTERDAY        6                         6      0        7
  MONTH TO DATE  114                       138    -24      220
  SINCE JUN 1    267                       248     19      338
  SINCE JAN 1    322                       287     35      426
..................................................................


WIND (MPH)
  HIGHEST WIND SPEED    18   HIGHEST WIND DIRECTION    NW (330)
  HIGHEST GUST SPEED    22   HIGHEST GUST DIRECTION    NW (330)
  AVERAGE WIND SPEED     9.0


SKY COVER
  POSSIBLE SUNSHINE  MM
  AVERAGE SKY COVER 0.9


WEATHER CONDITIONS
 THE FOLLOWING WEATHER WAS RECORDED YESTERDAY.
  LIGHT RAIN
  FOG
  HAZE


RELATIVE HUMIDITY (PERCENT)
 HIGHEST    93          1100 PM
 LOWEST     67          1200 PM
 AVERAGE    80

..........................................................


THE YOUNGSTOWN OH CLIMATE NORMALS FOR TODAY
                         NORMAL    RECORD    YEAR
 MAXIMUM TEMPERATURE (F)   81       100      1934
 MINIMUM TEMPERATURE (F)   60        49      1953


SUNRISE AND SUNSET
JULY 24 2014..........SUNRISE   610 AM EDT   SUNSET   847 PM EDT
JULY 25 2014..........SUNRISE   611 AM EDT   SUNSET   847 PM EDT


-  INDICATES NEGATIVE NUMBERS.
R  INDICATES RECORD WAS SET OR TIED.
MM INDICATES DATA IS MISSING.
T  INDICATES TRACE AMOUNT.




$$
