084
CDUS41 KCLE 230528
CLIYNG


CLIMATE REPORT
NATIONAL WEATHER SERVICE CLEVELAND OH
1227 AM EST TUE JAN 23 2018


...................................

...THE YOUNGSTOWN OH CLIMATE SUMMARY FOR JANUARY 22 2018...

CLIMATE NORMAL PERIOD 1981 TO 2010
CLIMATE RECORD PERIOD 1897 TO 2018


WEATHER ITEM   OBSERVED TIME   RECORD YEAR NORMAL DEPARTURE LAST
                VALUE   (LST)  VALUE       VALUE  FROM      YEAR
                                                  NORMAL
..................................................................
TEMPERATURE (F)
 YESTERDAY
  MAXIMUM         58    647 PM  69    1933  32     26       58
  MINIMUM         43   1215 AM  -6    2014  19     24       44
                                      1970
  AVERAGE         51                        26     25       51

PRECIPITATION (IN)
  YESTERDAY        0.12                      0.08   0.04     0.08
  MONTH TO DATE    2.47                      1.87   0.60     4.41
  SINCE DEC 1      4.58                      4.86  -0.28     7.98
  SINCE JAN 1      2.47                      1.87   0.60     4.41

SNOWFALL (IN)
  YESTERDAY        0.0                       0.5   -0.5      0.0
  MONTH TO DATE   17.9                      11.9    6.0      5.7
  SINCE DEC 1     36.9                      26.9   10.0     29.0
  SINCE JUL 1     37.9                      31.3    6.6     33.4
  SNOW DEPTH       1

DEGREE DAYS
 HEATING
  YESTERDAY       14                        39    -25       14
  MONTH TO DATE  957                       864     93      717
  SINCE DEC 1   2108                      1941    167     1796
  SINCE JUL 1   3206                      3270    -64     2768

 COOLING
  YESTERDAY        0                         0      0        0
  MONTH TO DATE    0                         0      0        0
  SINCE DEC 1      0                         0      0        0
  SINCE JAN 1      0                         0      0        0
..................................................................


WIND (MPH)
  HIGHEST WIND SPEED    16   HIGHEST WIND DIRECTION    SE (140)
  HIGHEST GUST SPEED    23   HIGHEST GUST DIRECTION     S (170)
  AVERAGE WIND SPEED     8.8


SKY COVER
  POSSIBLE SUNSHINE  MM
  AVERAGE SKY COVER 1.0


WEATHER CONDITIONS
 THE FOLLOWING WEATHER WAS RECORDED YESTERDAY.
  LIGHT RAIN
  FOG
  FOG W/VISIBILITY <= 1/4 MILE


RELATIVE HUMIDITY (PERCENT)
 HIGHEST   100           100 AM
 LOWEST     62           500 PM
 AVERAGE    81

..........................................................


THE YOUNGSTOWN OH CLIMATE NORMALS FOR TODAY
                         NORMAL    RECORD    YEAR
 MAXIMUM TEMPERATURE (F)   33        67      1933
 MINIMUM TEMPERATURE (F)   19       -13      1963


SUNRISE AND SUNSET
JANUARY 23 2018.......SUNRISE   741 AM EST   SUNSET   528 PM EST
JANUARY 24 2018.......SUNRISE   741 AM EST   SUNSET   529 PM EST


-  INDICATES NEGATIVE NUMBERS.
R  INDICATES RECORD WAS SET OR TIED.
MM INDICATES DATA IS MISSING.
T  INDICATES TRACE AMOUNT.




$$
