855
CDUS41 KPBZ 162115
CLIZZV


CLIMATE REPORT
NATIONAL WEATHER SERVICE PITTSBURGH PA
515 PM EDT MON OCT 16 2017


...................................

...THE ZANESVILLE OH CLIMATE SUMMARY FOR OCTOBER 16 2017...
VALID TODAY AS OF 0500 PM LOCAL TIME.

CLIMATE NORMAL PERIOD 1981 TO 2010
CLIMATE RECORD PERIOD 1895 TO 2017


WEATHER ITEM   OBSERVED TIME   RECORD YEAR NORMAL DEPARTURE LAST
                VALUE   (LST)  VALUE       VALUE  FROM      YEAR
                                                  NORMAL
..................................................................
TEMPERATURE (F)
 TODAY
  MAXIMUM         60    159 PM  87    1897  64     -4       80
  MINIMUM         47    710 AM  21    1939  41      6       56
  AVERAGE         54                        53      1       68

PRECIPITATION (IN)
  TODAY            0.00          1.64 1919   0.08  -0.08      T
  MONTH TO DATE    2.74                      1.39   1.35     0.08
  SINCE JUN 1     16.20                     15.46   0.74    10.67
  SINCE JAN 1     34.32                     30.92   3.40    25.65

DEGREE DAYS
 HEATING
  TODAY           11                        12     -1        0
  MONTH TO DATE   36                       161   -125      107
  SINCE SEP 1    101                       259   -158      123
  SINCE JUL 1    105                       270   -165      123

 COOLING
  TODAY            0                         0      0        3
  MONTH TO DATE   35                         7     28        6
  SINCE SEP 1    147                        89     58      183
  SINCE JAN 1    875                       766    109     1334
..................................................................


WIND (MPH)
  HIGHEST WIND SPEED    16   HIGHEST WIND DIRECTION    NW (320)
  HIGHEST GUST SPEED    19   HIGHEST GUST DIRECTION     N (340)
  AVERAGE WIND SPEED     7.6


SKY COVER
  POSSIBLE SUNSHINE  MM
  AVERAGE SKY COVER 0.5


WEATHER CONDITIONS
 THE FOLLOWING WEATHER WAS RECORDED TODAY.
  NO SIGNIFICANT WEATHER WAS OBSERVED.


RELATIVE HUMIDITY (PERCENT)
 HIGHEST    80           800 AM
 LOWEST     40           100 PM
 AVERAGE    60

..........................................................


THE ZANESVILLE OH CLIMATE NORMALS FOR TOMORROW
                         NORMAL    RECORD    YEAR
 MAXIMUM TEMPERATURE (F)   64        84      1938
                                             1908
 MINIMUM TEMPERATURE (F)   41        25      1952


SUNRISE AND SUNSET
OCTOBER 16 2017.......SUNRISE   739 AM EDT   SUNSET   646 PM EDT
OCTOBER 17 2017.......SUNRISE   740 AM EDT   SUNSET   645 PM EDT


-  INDICATES NEGATIVE NUMBERS.
R  INDICATES RECORD WAS SET OR TIED.
MM INDICATES DATA IS MISSING.
T  INDICATES TRACE AMOUNT.




$$
