000
CDUS41 KPBZ 170701
CLIZZV


CLIMATE REPORT
NATIONAL WEATHER SERVICE PITTSBURGH PA
300 AM EDT THU AUG 17 2017


...................................

...THE ZANESVILLE OH CLIMATE SUMMARY FOR AUGUST 16 2017...

CLIMATE NORMAL PERIOD 1981 TO 2010
CLIMATE RECORD PERIOD 1895 TO 2017


WEATHER ITEM   OBSERVED TIME   RECORD YEAR NORMAL DEPARTURE LAST
                VALUE   (LST)  VALUE       VALUE  FROM      YEAR
                                                  NORMAL
..................................................................
TEMPERATURE (F)
 YESTERDAY
  MAXIMUM         87    256 PM  97    1965  83      4       88
  MINIMUM         67    406 AM  41    1964  61      6       70
  AVERAGE         77                        72      5       79

PRECIPITATION (IN)
  YESTERDAY        0.00          1.46 1934   0.11  -0.11     0.69
  MONTH TO DATE    0.41                      1.66  -1.25     2.31
  SINCE JUN 1     10.86                      9.49   1.37     7.52
  SINCE JAN 1     28.98                     24.95   4.03    22.50

DEGREE DAYS
 HEATING
  YESTERDAY        0                         0      0        0
  MONTH TO DATE    0                         0      0        0
  SINCE JUN 1     23                        35    -12        4
  SINCE JUL 1      0                         3     -3        0

 COOLING
  YESTERDAY       12                         7      5       14
  MONTH TO DATE   91                       122    -31      219
  SINCE JUN 1    548                       529     19      902
  SINCE JAN 1    635                       583     52      996
..................................................................


WIND (MPH)
  HIGHEST WIND SPEED     9   HIGHEST WIND DIRECTION     S (170)
  HIGHEST GUST SPEED    12   HIGHEST GUST DIRECTION     S (170)
  AVERAGE WIND SPEED     2.9


SKY COVER
  POSSIBLE SUNSHINE  MM
  AVERAGE SKY COVER 0.5


WEATHER CONDITIONS
 THE FOLLOWING WEATHER WAS RECORDED YESTERDAY.
  FOG


RELATIVE HUMIDITY (PERCENT)
 HIGHEST    93           100 AM
 LOWEST     50           300 PM
 AVERAGE    72

..........................................................


THE ZANESVILLE OH CLIMATE NORMALS FOR TODAY
                         NORMAL    RECORD    YEAR
 MAXIMUM TEMPERATURE (F)   83        98      1988
 MINIMUM TEMPERATURE (F)   61        46      1964
                                             1902


SUNRISE AND SUNSET
AUGUST 17 2017........SUNRISE   641 AM EDT   SUNSET   821 PM EDT
AUGUST 18 2017........SUNRISE   642 AM EDT   SUNSET   820 PM EDT


-  INDICATES NEGATIVE NUMBERS.
R  INDICATES RECORD WAS SET OR TIED.
MM INDICATES DATA IS MISSING.
T  INDICATES TRACE AMOUNT.




$$
