000
CDUS41 KPBZ 300702
CLIZZV


CLIMATE REPORT
NATIONAL WEATHER SERVICE PITTSBURGH PA
301 AM EDT SUN APR 30 2017


...................................

...THE ZANESVILLE OH CLIMATE SUMMARY FOR APRIL 29 2017...

CLIMATE NORMAL PERIOD 1981 TO 2010
CLIMATE RECORD PERIOD 1946 TO 2017


WEATHER ITEM   OBSERVED TIME   RECORD YEAR NORMAL DEPARTURE LAST
                VALUE   (LST)  VALUE       VALUE  FROM      YEAR
                                                  NORMAL
..................................................................
TEMPERATURE (F)
 YESTERDAY
  MAXIMUM         77    504 PM  83    1991  68      9       62
  MINIMUM         56    200 AM  28    1977  44     12       49
  AVERAGE         67                        56     11       56

PRECIPITATION (IN)
  YESTERDAY        0.67         MM      MM   0.11   0.56     0.00
  MONTH TO DATE    2.87                      3.33  -0.46     4.21
  SINCE JUN 1     31.99                     33.56  -1.57    34.65
  SINCE JAN 1     13.37                     11.16   2.21    12.32

DEGREE DAYS
 HEATING
  YESTERDAY        0                        10    -10        9
  MONTH TO DATE  232                       403   -171      342
  SINCE MAR 1    933                      1156   -223      805
  SINCE JUL 1   4285                      5347  -1062     4151

 COOLING
  YESTERDAY        2                         0      2        0
  MONTH TO DATE   21                         0     21        3
  SINCE MAR 1     23                         1     22        8
  SINCE JAN 1     24                         1     23        8
..................................................................


WIND (MPH)
  HIGHEST WIND SPEED    20   HIGHEST WIND DIRECTION     W (290)
  HIGHEST GUST SPEED    27   HIGHEST GUST DIRECTION    NW (300)
  AVERAGE WIND SPEED     6.6


SKY COVER
  POSSIBLE SUNSHINE  MM
  AVERAGE SKY COVER 0.5


WEATHER CONDITIONS
 THE FOLLOWING WEATHER WAS RECORDED YESTERDAY.
  THUNDERSTORM
  HEAVY RAIN
  RAIN
  LIGHT RAIN
  FOG


RELATIVE HUMIDITY (PERCENT)
 HIGHEST    93           300 AM
 LOWEST     60           400 PM
 AVERAGE    77

..........................................................


THE ZANESVILLE OH CLIMATE NORMALS FOR TODAY
                         NORMAL    RECORD    YEAR
 MAXIMUM TEMPERATURE (F)   68        88      1970
 MINIMUM TEMPERATURE (F)   44        28      1961


SUNRISE AND SUNSET
APRIL 30 2017.........SUNRISE   629 AM EDT   SUNSET   821 PM EDT
MAY  1 2017...........SUNRISE   627 AM EDT   SUNSET   822 PM EDT


-  INDICATES NEGATIVE NUMBERS.
R  INDICATES RECORD WAS SET OR TIED.
MM INDICATES DATA IS MISSING.
T  INDICATES TRACE AMOUNT.




$$
