000
CDUS41 KPBZ 292114
CLIZZV


CLIMATE REPORT
NATIONAL WEATHER SERVICE PITTSBURGH PA
512 PM EDT WED JUL 29 2015


...................................

...THE ZANESVILLE OH CLIMATE SUMMARY FOR JULY 29 2015...
VALID TODAY AS OF 0500 PM LOCAL TIME.

CLIMATE NORMAL PERIOD 1981 TO 2010
CLIMATE RECORD PERIOD 1946 TO 2015


WEATHER ITEM   OBSERVED TIME   RECORD YEAR NORMAL DEPARTURE LAST
                VALUE   (LST)  VALUE       VALUE  FROM      YEAR
                                                  NORMAL
..................................................................
TEMPERATURE (F)
 TODAY
  MAXIMUM         90    312 PM  93    1988  84      6       70
  MINIMUM         68    509 AM  50    1989  62      6       53
  AVERAGE         79                        73      6       62

PRECIPITATION (IN)
  TODAY            0.00         MM      MM   0.10  -0.10     0.00
  MONTH TO DATE    2.56                      3.59  -1.03     3.24
  SINCE JUN 1      9.90                      7.63   2.27     9.98
  SINCE JAN 1     25.80                     23.09   2.71    24.31

DEGREE DAYS
 HEATING
  TODAY            0                         0      0        3
  MONTH TO DATE    0                         0      0       12
  SINCE JUN 1     24                        32     -8       22
  SINCE JUL 1      0                         0      0       12

 COOLING
  TODAY           14                         8      6        0
  MONTH TO DATE  210                       232    -22      159
  SINCE JUN 1    397                       390      7      355
  SINCE JAN 1    514                       444     70      437
..................................................................


WIND (MPH)
  HIGHEST WIND SPEED     9   HIGHEST WIND DIRECTION    SW (210)
  HIGHEST GUST SPEED    12   HIGHEST GUST DIRECTION     S (190)
  AVERAGE WIND SPEED     2.2


SKY COVER
  POSSIBLE SUNSHINE  MM
  AVERAGE SKY COVER 0.1


WEATHER CONDITIONS
 THE FOLLOWING WEATHER WAS RECORDED TODAY.
  FOG
  HAZE


RELATIVE HUMIDITY (PERCENT)
 HIGHEST    93          1200 AM
 LOWEST     55          1200 PM
 AVERAGE    74

..........................................................


THE ZANESVILLE OH CLIMATE NORMALS FOR TOMORROW
                         NORMAL    RECORD    YEAR
 MAXIMUM TEMPERATURE (F)   83        99      1999
 MINIMUM TEMPERATURE (F)   62        49      1981


SUNRISE AND SUNSET
JULY 29 2015..........SUNRISE   623 AM EDT   SUNSET   844 PM EDT
JULY 30 2015..........SUNRISE   624 AM EDT   SUNSET   843 PM EDT


-  INDICATES NEGATIVE NUMBERS.
R  INDICATES RECORD WAS SET OR TIED.
MM INDICATES DATA IS MISSING.
T  INDICATES TRACE AMOUNT.




$$
