000
CDUS41 KPBZ 282114
CLIZZV


CLIMATE REPORT
NATIONAL WEATHER SERVICE PITTSBURGH PA
514 PM EDT SUN AUG 28 2016


...................................

...THE ZANESVILLE OH CLIMATE SUMMARY FOR AUGUST 28 2016...
VALID TODAY AS OF 0500 PM LOCAL TIME.

CLIMATE NORMAL PERIOD 1981 TO 2010
CLIMATE RECORD PERIOD 1946 TO 2016


WEATHER ITEM   OBSERVED TIME   RECORD YEAR NORMAL DEPARTURE LAST
                VALUE   (LST)  VALUE       VALUE  FROM      YEAR
                                                  NORMAL
..................................................................
TEMPERATURE (F)
 TODAY
  MAXIMUM         92    314 PM  96    1953  82     10       81
  MINIMUM         67    526 AM  44    1986  59      8       51
  AVERAGE         80                        70     10       66

PRECIPITATION (IN)
  TODAY            0.00         MM      MM   0.10  -0.10     0.00
  MONTH TO DATE    2.77                      2.91  -0.14     0.76
  SINCE JUN 1      7.98                     10.74  -2.76    10.67
  SINCE JAN 1     22.96                     26.20  -3.24    26.57

DEGREE DAYS
 HEATING
  TODAY            0                         1     -1        0
  MONTH TO DATE    0                         1     -1        8
  SINCE JUN 1      4                        36    -32       32
  SINCE JUL 1      0                         4     -4        8

 COOLING
  TODAY           15                         6      9        1
  MONTH TO DATE  342                       201    141      156
  SINCE JUN 1   1025                       608    417      571
  SINCE JAN 1   1119                       662    457      688
..................................................................


WIND (MPH)
  HIGHEST WIND SPEED     8   HIGHEST WIND DIRECTION     N (340)
  HIGHEST GUST SPEED    12   HIGHEST GUST DIRECTION     N (360)
  AVERAGE WIND SPEED     2.4


SKY COVER
  POSSIBLE SUNSHINE  MM
  AVERAGE SKY COVER 0.0


WEATHER CONDITIONS
 THE FOLLOWING WEATHER WAS RECORDED TODAY.
  NO SIGNIFICANT WEATHER WAS OBSERVED.


RELATIVE HUMIDITY (PERCENT)
 HIGHEST   100           500 AM
 LOWEST     49           300 PM
 AVERAGE    75

..........................................................


THE ZANESVILLE OH CLIMATE NORMALS FOR TOMORROW
                         NORMAL    RECORD    YEAR
 MAXIMUM TEMPERATURE (F)   82        97      1953
 MINIMUM TEMPERATURE (F)   59        36      1965


SUNRISE AND SUNSET
AUGUST 28 2016........SUNRISE   652 AM EDT   SUNSET   804 PM EDT
AUGUST 29 2016........SUNRISE   653 AM EDT   SUNSET   803 PM EDT


-  INDICATES NEGATIVE NUMBERS.
R  INDICATES RECORD WAS SET OR TIED.
MM INDICATES DATA IS MISSING.
T  INDICATES TRACE AMOUNT.




$$
