000
CDUS41 KPBZ 310702
CLIZZV


CLIMATE REPORT
NATIONAL WEATHER SERVICE PITTSBURGH PA
302 AM EDT FRI OCT 31 2014


...................................

...THE ZANESVILLE OH CLIMATE SUMMARY FOR OCTOBER 30 2014...

CLIMATE NORMAL PERIOD 1981 TO 2010
CLIMATE RECORD PERIOD 1946 TO 2014


WEATHER ITEM   OBSERVED TIME   RECORD YEAR NORMAL DEPARTURE LAST
                VALUE   (LST)  VALUE       VALUE  FROM      YEAR
                                                  NORMAL
..................................................................
TEMPERATURE (F)
 YESTERDAY
  MAXIMUM         51   1221 PM  78    1971  60     -9       64
  MINIMUM         29    656 AM  20    1966  38     -9       45
  AVERAGE         40                        49     -9       55

PRECIPITATION (IN)
  YESTERDAY        0.00         MM      MM   0.08  -0.08     0.00
  MONTH TO DATE    2.47                      2.52  -0.05     2.19
  SINCE JUN 1     17.42                     16.59   0.83    20.89
  SINCE JAN 1     31.75                     32.05  -0.30    31.48

DEGREE DAYS
 HEATING
  YESTERDAY       25                        16      9       10
  MONTH TO DATE  347                       362    -15      319
  SINCE SEP 1    447                       460    -13      409
  SINCE JUL 1    468                       471     -3      418

 COOLING
  YESTERDAY        0                         0      0        0
  MONTH TO DATE    4                         7     -3       33
  SINCE SEP 1     86                        89     -3      123
  SINCE JAN 1    727                       766    -39      856
..................................................................


WIND (MPH)
  HIGHEST WIND SPEED     8   HIGHEST WIND DIRECTION     W (280)
  HIGHEST GUST SPEED    15   HIGHEST GUST DIRECTION    SW (240)
  AVERAGE WIND SPEED     1.6


SKY COVER
  POSSIBLE SUNSHINE  MM
  AVERAGE SKY COVER 0.5


WEATHER CONDITIONS
 THE FOLLOWING WEATHER WAS RECORDED YESTERDAY.
  NO SIGNIFICANT WEATHER WAS OBSERVED.


RELATIVE HUMIDITY (PERCENT)
 HIGHEST    92           600 AM
 LOWEST     50           300 PM
 AVERAGE    71

..........................................................


THE ZANESVILLE OH CLIMATE NORMALS FOR TODAY
                         NORMAL    RECORD    YEAR
 MAXIMUM TEMPERATURE (F)   60        82      1950
 MINIMUM TEMPERATURE (F)   38        22      1988


SUNRISE AND SUNSET
OCTOBER 31 2014.......SUNRISE   755 AM EDT   SUNSET   626 PM EDT
NOVEMBER  1 2014......SUNRISE   757 AM EDT   SUNSET   625 PM EDT


-  INDICATES NEGATIVE NUMBERS.
R  INDICATES RECORD WAS SET OR TIED.
MM INDICATES DATA IS MISSING.
T  INDICATES TRACE AMOUNT.




$$
