000
CDUS41 KPBZ 230730
CLIZZV


CLIMATE REPORT
NATIONAL WEATHER SERVICE PITTSBURGH PA
330 AM EDT TUE SEP 23 2014


...................................

...THE ZANESVILLE OH CLIMATE SUMMARY FOR SEPTEMBER 22 2014...

CLIMATE NORMAL PERIOD 1981 TO 2010
CLIMATE RECORD PERIOD 1946 TO 2014


WEATHER ITEM   OBSERVED TIME   RECORD YEAR NORMAL DEPARTURE LAST
                VALUE   (LST)  VALUE       VALUE  FROM      YEAR
                                                  NORMAL
..................................................................
TEMPERATURE (F)
 YESTERDAY
  MAXIMUM         62    451 PM  90    2010  74    -12       64
                                      1970
  MINIMUM         42   1159 PM  35    1999  50     -8       47
  AVERAGE         52                        62    -10       56

PRECIPITATION (IN)
  YESTERDAY        0.02         MM      MM   0.10  -0.08     0.00
  MONTH TO DATE    0.74                      2.20  -1.46     1.28
  SINCE JUN 1     14.59                     13.26   1.33    18.70
  SINCE JAN 1     28.92                     28.72   0.20    29.29

DEGREE DAYS
 HEATING
  YESTERDAY       13                         5      8        9
  MONTH TO DATE   71                        49     22       53
  SINCE SEP 1     71                        49     22       53
  SINCE JUL 1     92                        60     32       62

 COOLING
  YESTERDAY        0                         2     -2        0
  MONTH TO DATE   80                        71      9       90
  SINCE SEP 1     80                        71      9       90
  SINCE JAN 1    721                       748    -27      823
..................................................................


WIND (MPH)
  HIGHEST WIND SPEED    17   HIGHEST WIND DIRECTION    NW (320)
  HIGHEST GUST SPEED    23   HIGHEST GUST DIRECTION    NW (310)
  AVERAGE WIND SPEED     5.4


SKY COVER
  POSSIBLE SUNSHINE  MM
  AVERAGE SKY COVER 0.6


WEATHER CONDITIONS
 THE FOLLOWING WEATHER WAS RECORDED YESTERDAY.
  LIGHT RAIN
  FOG
  HAZE


RELATIVE HUMIDITY (PERCENT)
 HIGHEST    89           500 AM
 LOWEST     46           300 PM
 AVERAGE    68

..........................................................


THE ZANESVILLE OH CLIMATE NORMALS FOR TODAY
                         NORMAL    RECORD    YEAR
 MAXIMUM TEMPERATURE (F)   73        91      2010
 MINIMUM TEMPERATURE (F)   50        30      1995


SUNRISE AND SUNSET
SEPTEMBER 23 2014.....SUNRISE   716 AM EDT   SUNSET   723 PM EDT
SEPTEMBER 24 2014.....SUNRISE   717 AM EDT   SUNSET   721 PM EDT


-  INDICATES NEGATIVE NUMBERS.
R  INDICATES RECORD WAS SET OR TIED.
MM INDICATES DATA IS MISSING.
T  INDICATES TRACE AMOUNT.




$$
