000
CDUS41 KPBZ 012113
CLIZZV


CLIMATE REPORT
NATIONAL WEATHER SERVICE PITTSBURGH PA
513 PM EDT WED JUL 1 2015


...................................

...THE ZANESVILLE OH CLIMATE SUMMARY FOR JULY 1 2015...
VALID TODAY AS OF 0500 PM LOCAL TIME.

CLIMATE NORMAL PERIOD 1981 TO 2010
CLIMATE RECORD PERIOD 1946 TO 2015


WEATHER ITEM   OBSERVED TIME   RECORD YEAR NORMAL DEPARTURE LAST
                VALUE   (LST)  VALUE       VALUE  FROM      YEAR
                                                  NORMAL
..................................................................
TEMPERATURE (F)
 TODAY
  MAXIMUM         77    354 PM  95    1970  83     -6       88
  MINIMUM         60    158 AM  42    1988  61     -1       68
  AVERAGE         69                        72     -3       78

PRECIPITATION (IN)
  TODAY            0.00         MM      MM   0.13  -0.13     0.30
  MONTH TO DATE    0.00                      0.13  -0.13     0.30
  SINCE JUN 1      7.34                      4.17   3.17     7.04
  SINCE JAN 1     23.24                     19.63   3.61    21.37

DEGREE DAYS
 HEATING
  TODAY            0                         0      0        0
  MONTH TO DATE    0                         0      0        0
  SINCE JUN 1     24                        32     -8       10
  SINCE JUL 1      0                         0      0        0

 COOLING
  TODAY            4                         8     -4       13
  MONTH TO DATE    4                         8     -4       13
  SINCE JUN 1    191                       166     25      209
  SINCE JAN 1    308                       220     88      291
..................................................................


WIND (MPH)
  HIGHEST WIND SPEED    14   HIGHEST WIND DIRECTION    NW (300)
  HIGHEST GUST SPEED    18   HIGHEST GUST DIRECTION     W (250)
  AVERAGE WIND SPEED     6.1


SKY COVER
  POSSIBLE SUNSHINE  MM
  AVERAGE SKY COVER 0.7


WEATHER CONDITIONS
 THE FOLLOWING WEATHER WAS RECORDED TODAY.
  FOG
  HAZE


RELATIVE HUMIDITY (PERCENT)
 HIGHEST    90           100 AM
 LOWEST     50           200 PM
 AVERAGE    70

..........................................................


THE ZANESVILLE OH CLIMATE NORMALS FOR TOMORROW
                         NORMAL    RECORD    YEAR
 MAXIMUM TEMPERATURE (F)   84        97      2012
                                             1966
 MINIMUM TEMPERATURE (F)   62        46      2010
                                             2007


SUNRISE AND SUNSET
JULY  1 2015..........SUNRISE   603 AM EDT   SUNSET   900 PM EDT
JULY  2 2015..........SUNRISE   603 AM EDT   SUNSET   900 PM EDT


-  INDICATES NEGATIVE NUMBERS.
R  INDICATES RECORD WAS SET OR TIED.
MM INDICATES DATA IS MISSING.
T  INDICATES TRACE AMOUNT.




$$
