000
CDUS43 KICT 190626
CLISLN


CLIMATE REPORT
NATIONAL WEATHER SERVICE WICHITA KS
123 AM CDT TUE SEP 19 2017


...................................

...THE SALINA KS CLIMATE SUMMARY FOR SEPTEMBER 18 2017...

CLIMATE NORMAL PERIOD 1981 TO 2010
CLIMATE RECORD PERIOD 1894 TO 2017


WEATHER ITEM   OBSERVED TIME   RECORD YEAR NORMAL DEPARTURE LAST
                VALUE   (LST)  VALUE       VALUE  FROM      YEAR
                                                  NORMAL
..................................................................
TEMPERATURE (F)
 YESTERDAY
  MAXIMUM         91    323 PM 102    1931  81     10       87
  MINIMUM         68    746 AM  36    1973  57     11       63
  AVERAGE         80                        69     11       75

PRECIPITATION (IN)
  YESTERDAY        0.40          2.15 1959   0.08   0.32     0.00
  MONTH TO DATE    0.52                      1.64  -1.12     0.85
  SINCE SEP 1      0.52                      1.64  -1.12     0.85
  SINCE JAN 1     18.23                     25.98  -7.75    23.29

DEGREE DAYS
 HEATING
  YESTERDAY        0                         2     -2        0
  MONTH TO DATE    0                        13    -13        0
  SINCE SEP 1      0                        13    -13        0
  SINCE JUL 1      0                        14    -14        0

 COOLING
  YESTERDAY       15                         6      9       10
  MONTH TO DATE  187                       154     33      166
  SINCE SEP 1    187                       154     33      166
  SINCE JAN 1   1768                      1561    207     1836
..................................................................


WIND (MPH)
  HIGHEST WIND SPEED    26   HIGHEST WIND DIRECTION     N (350)
  HIGHEST GUST SPEED    32   HIGHEST GUST DIRECTION     N (360)
  AVERAGE WIND SPEED    11.4


SKY COVER
  POSSIBLE SUNSHINE  MM
  AVERAGE SKY COVER 0.7


WEATHER CONDITIONS
 THE FOLLOWING WEATHER WAS RECORDED YESTERDAY.
  THUNDERSTORM
  HEAVY RAIN
  RAIN
  LIGHT RAIN
  FOG


RELATIVE HUMIDITY (PERCENT)
 HIGHEST    90           900 AM
 LOWEST     36           300 PM
 AVERAGE    63

..........................................................


THE SALINA KS CLIMATE NORMALS FOR TODAY
                         NORMAL    RECORD    YEAR
 MAXIMUM TEMPERATURE (F)   80        99      1931
 MINIMUM TEMPERATURE (F)   57        39      1991


SUNRISE AND SUNSET
SEPTEMBER 19 2017.....SUNRISE   716 AM CDT   SUNSET   732 PM CDT
SEPTEMBER 20 2017.....SUNRISE   717 AM CDT   SUNSET   730 PM CDT


-  INDICATES NEGATIVE NUMBERS.
R  INDICATES RECORD WAS SET OR TIED.
MM INDICATES DATA IS MISSING.
T  INDICATES TRACE AMOUNT.




$$
