000
CXUS53 KABR 261735
CLM8D3


CLIMATE REPORT
NATIONAL WEATHER SERVICE ABERDEEN SD
1234 PM CDT WED JUL 26 2017

...................................

...THE SISSETON SD CLIMATE SUMMARY FOR THE MONTH OF JUNE 2017...

CLIMATE NORMAL PERIOD 1981 TO 2010
CLIMATE RECORD PERIOD 1900 TO 2017

WEATHER         OBSERVED          NORMAL  DEPART  LAST YEAR`S
                 VALUE   DATE(S)  VALUE   FROM    VALUE  DATE(S)
                                          NORMAL
................................................................
TEMPERATURE (F)
RECORD
 HIGH             105   06/02/1934
 LOW               31   06/07/1901
HIGHEST            96   06/09        78      18       97  06/12
                        06/02
LOWEST             41   06/26        MM      MM       45  06/28
AVG. MAXIMUM     82.1              77.3     4.8     82.7
AVG. MINIMUM     55.4              54.8     0.6     56.1
MEAN             68.8              66.1     2.7     69.4
DAYS MAX >= 90      6               1.4     4.6        6
DAYS MAX <= 32      0               0.0     0.0        0
DAYS MIN <= 32      0               0.0     0.0        0
DAYS MIN <= 0       0               0.0     0.0        0

PRECIPITATION (INCHES)
RECORD
 MAXIMUM         9.08   1939
 MINIMUM         0.55   1974
TOTALS           2.56              3.74   -1.18     1.12
DAYS >= .01        10                MM      MM        4
DAYS >= .10         5                MM      MM        1
DAYS >= .50         1                MM      MM        1
DAYS >= 1.00        1                MM      MM        0

SNOWFALL (INCHES)
RECORDS
 TOTAL             MM   5
 SNOW DEPTH        MM   MM
TOTALS            0.0                MM      MM      0.0
SINCE 7/1        31.1                MM      MM     28.9
SNOWDEPTH AVG.      0                MM      MM        0
DAYS >= TRACE       0                MM      MM        0
DAYS >= 1.0         0                MM      MM        0
GREATEST
 SNOW DEPTH         0   MM                             0  MM

DEGREE_DAYS
HEATING TOTAL      26                62     -36       27
 SINCE 7/1       7176              8283   -1107     6937
COOLING TOTAL     146                94      52      167
 SINCE 1/1        162               117      45      204

FREEZE DATES
RECORD
 EARLIEST     MM
 LATEST       MM
EARLIEST      10/07             MM
LATEST        04/29             MM
.................................................................

WIND (MPH)
AVERAGE WIND SPEED              10.8
RESULTANT WIND SPEED/DIRECTION   4/293
HIGHEST WIND SPEED/DIRECTION    38/280    DATE  06/13
HIGHEST GUST SPEED/DIRECTION    55/290    DATE  06/13

SKY COVER
POSSIBLE SUNSHINE (PERCENT)   MM
AVERAGE SKY COVER           0.00
NUMBER OF DAYS FAIR           30
NUMBER OF DAYS PC              0
NUMBER OF DAYS CLOUDY          0

AVERAGE RH (PERCENT)     60

WEATHER CONDITIONS. NUMBER OF DAYS WITH
THUNDERSTORM              0     MIXED PRECIP               0
HEAVY RAIN                2     RAIN                       6
LIGHT RAIN                7     FREEZING RAIN              0
LT FREEZING RAIN          0     HAIL                       0
HEAVY SNOW                0     SNOW                       0
LIGHT SNOW                0     SLEET                      0
FOG                       0     FOG W/VIS <= 1/4 MILE      0
HAZE                      0

-  INDICATES NEGATIVE NUMBERS.
R  INDICATES RECORD WAS SET OR TIED.
MM INDICATES DATA IS MISSING.
T  INDICATES TRACE AMOUNT.

$$
