000
CXUS55 KABQ 011743
CLMABQ


CLIMATE REPORT
NATIONAL WEATHER SERVICE ALBUQUERQUE NM
1120 AM MDT SAT JUL 1 2017

...................................

...THE ALBUQUERQUE  NM CLIMATE SUMMARY FOR THE MONTH OF JUNE 2017...

CLIMATE NORMAL PERIOD 1981 TO 2010
CLIMATE RECORD PERIOD 1891 TO 2017

WEATHER         OBSERVED          NORMAL  DEPART  LAST YEAR`S
                 VALUE   DATE(S)  VALUE   FROM    VALUE  DATE(S)
                                          NORMAL
................................................................
TEMPERATURE (F)
RECORD
 HIGH             107   06/26/1994
 LOW               40   06/02/1980
HIGHEST           103   06/22       100       3      103  06/19
LOWEST             51   06/01        48       3       56  06/14
                                                          06/02
AVG. MAXIMUM     93.2              88.3     4.9     93.3
AVG. MINIMUM     63.8              61.6     2.2     65.5
MEAN             78.5              74.9     3.6     79.4
DAYS MAX >= 90     25              12.5    12.5       27
DAYS MAX <= 32      0               0.0     0.0        0
DAYS MIN <= 32      0               0.0     0.0        0
DAYS MIN <= 0       0               0.0     0.0        0

PRECIPITATION (INCHES)
RECORD
 MAXIMUM         3.81   1933
 MINIMUM            T   2011
                        1975
                        1964
TOTALS           0.48              0.66   -0.18     0.17
DAILY AVG.       0.02              0.02    0.00     0.01
DAYS >= .01         1               4.4    -3.4        3
DAYS >= .10         1               1.7    -0.7        1
DAYS >= .50         0               0.4    -0.4        0
DAYS >= 1.00        0               0.0     0.0        0
GREATEST
 24 HR. TOTAL    0.48   06/26 TO 06/26              0.12

SNOWFALL (INCHES)
RECORDS
 TOTAL              T   2007
                        2006
TOTALS              TR              0.0     0.0      0.0
SINCE 7/1         3.6               9.6    -6.0      9.8
SNOWDEPTH AVG.      0                MM      MM        0
DAYS >= 1.0         0               0.0     0.0        0
GREATEST
 SNOW DEPTH         0   MM                             0  MM
 24 HR TOTAL        TR  06/26 TO 06/26               0.0

DEGREE_DAYS
HEATING TOTAL       0                 4      -4        0
 SINCE 7/1       3300              4179    -879     3784
COOLING TOTAL     412               302     110      439
 SINCE 1/1        491               400      91      510
.................................................................

WIND (MPH)
AVERAGE WIND SPEED              9.3
HIGHEST WIND SPEED/DIRECTION    47/090    DATE  06/26
HIGHEST GUST SPEED/DIRECTION    58/090    DATE  06/26

SKY COVER
POSSIBLE SUNSHINE (PERCENT)   MM
AVERAGE SKY COVER           0.30
NUMBER OF DAYS FAIR           16
NUMBER OF DAYS PC             14
NUMBER OF DAYS CLOUDY          0

AVERAGE RH (PERCENT)     27

WEATHER CONDITIONS. NUMBER OF DAYS WITH
THUNDERSTORM              0     MIXED PRECIP               0
HEAVY RAIN                1     RAIN                       1
LIGHT RAIN                5     FREEZING RAIN              0
LT FREEZING RAIN          0     HAIL                       1
HEAVY SNOW                0     SNOW                       0
LIGHT SNOW                0     SLEET                      0
FOG                       0     FOG W/VIS <= 1/4 MILE      0
HAZE                      5

-  INDICATES NEGATIVE NUMBERS.
R  INDICATES RECORD WAS SET OR TIED.
MM INDICATES DATA IS MISSING.
T  INDICATES TRACE AMOUNT.

$$

--------------------------------------------------------------------

THE AVERAGE MAXIMUM TEMPERATURE AT THE ALBUQUERQUE SUNPORT IN
JUNE 2017 WAS 93.2 DEGREES.  THE AVERAGE MINIMUM TEMPERATURE
FOR THE MONTH WAS 63.8 DEGREES.

THE HIGHEST TEMPERATURE RECORDED FOR THE MONTH OF JUNE WAS 103
DEGREES ON THE 22ND. THE LOWEST TEMPERATURE RECORDED FOR THE
MONTH WAS 51 DEGREES WHICH OCCURRED ON THE 1ST.

TOTAL PRECIPITATION FOR JUNE 2017 WAS 0.48 INCHES WHICH IS MINUS
0.18 INCHES BELOW NORMAL. PEA SIZE HAIL WAS ALSO REPORTED WITH A
THUNDERSTORM ON THE 26TH.

AVERAGE WIND SPEED FOR THE MONTH WAS 9.3 MILES AN HOUR. THE PEAK
WIND GUST FOR THE MONTH WAS 58 MILES AN HOUR FROM THE EAST...WHICH
OCCURRED ON THE 26TH.

$$
