000
CXUS54 KFWD 010857
CLMACT


CLIMATE REPORT
NATIONAL WEATHER SERVICE FORT WORTH TX
355 AM CDT SUN OCT 1 2017

...................................

...THE WACO CLIMATE SUMMARY FOR THE MONTH OF SEPTEMBER 2017...

CLIMATE NORMAL PERIOD 1981 TO 2010
CLIMATE RECORD PERIOD 1901 TO 2017

WEATHER         OBSERVED          NORMAL  DEPART  LAST YEAR`S
                 VALUE   DATE(S)  VALUE   FROM    VALUE  DATE(S)
                                          NORMAL
................................................................
TEMPERATURE (F)
RECORD
 HIGH             111   09/04/2000
 LOW               39   09/27/1942
HIGHEST            99   09/21        99       0       99  09/20
                                                          09/19
LOWEST             51   09/07        53      -2       49  09/30
AVG. MAXIMUM     92.0              89.8     2.2     91.3
AVG. MINIMUM     66.5              66.4     0.1     69.6
MEAN             79.2              78.1     1.1     80.5
DAYS MAX >= 90     20              16.1     3.9       22
DAYS MAX <= 32      0               0.0     0.0        0
DAYS MAX >= 100     0                                  0
DAYS MIN <= 32      0               0.0     0.0        0
DAYS MIN <= 0       0               0.0     0.0        0
DAYS MIN >= 80      0                                  0

PRECIPITATION (INCHES)
RECORD
 MAXIMUM        11.17   1913
 MINIMUM         0.00   1956
TOTALS           0.51              3.06   -2.55     0.72
DAILY AVG.       0.02              0.10   -0.08     0.02
DAYS >= .01         3               5.8    -2.8        4
DAYS >= .10         2               3.9    -1.9        2
DAYS >= .50         0               1.8    -1.8        0
DAYS >= 1.00        0               0.9    -0.9        0
GREATEST
 24 HR. TOTAL    0.30   09/28 TO 09/28              0.39

DEGREE_DAYS
HEATING TOTAL       0                 6      -6        0
 SINCE 7/1          0                 6      -6        0
COOLING TOTAL     435               399      36      470
 SINCE 1/1       2775              2594     181     2710
.................................................................

WIND (MPH)
AVERAGE WIND SPEED              8.5
HIGHEST WIND SPEED/DIRECTION    22/140    DATE  09/21
HIGHEST GUST SPEED/DIRECTION    28/150    DATE  09/21

SKY COVER
POSSIBLE SUNSHINE (PERCENT)   MM
AVERAGE SKY COVER           0.20
NUMBER OF DAYS FAIR           25
NUMBER OF DAYS PC              4
NUMBER OF DAYS CLOUDY          1

AVERAGE RH (PERCENT)     63

WEATHER CONDITIONS. NUMBER OF DAYS WITH
THUNDERSTORM              0     MIXED PRECIP               0
HEAVY RAIN                1     RAIN                       1
LIGHT RAIN                3     FREEZING RAIN              0
LT FREEZING RAIN          0     HAIL                       0
HEAVY SNOW                0     SNOW                       0
LIGHT SNOW                0     SLEET                      0
FOG                       3     FOG W/VIS <= 1/4 MILE      0
HAZE                      2

-  INDICATES NEGATIVE NUMBERS.
R  INDICATES RECORD WAS SET OR TIED.
MM INDICATES DATA IS MISSING.
T  INDICATES TRACE AMOUNT.

$$
