000
CXUS52 KCAE 020041
CLMAGS


CLIMATE REPORT
NATIONAL WEATHER SERVICE COLUMBIA SC
729 PM EST SUN FEB 1 2015

...................................

...THE AUGUSTA BUSH FIELD GA CLIMATE SUMMARY FOR THE MONTH OF JANUARY 2015...

CLIMATE NORMAL PERIOD 1981 TO 2010
CLIMATE RECORD PERIOD 1873 TO 2015

WEATHER         OBSERVED          NORMAL  DEPART
                 VALUE   DATE(S)  VALUE   FROM
                                          NORMAL
................................................
TEMPERATURE (F)
RECORD
 HIGH              84   01/14/1932
 LOW                    01/21/1985
HIGHEST            72   01/04        MM      MM
LOWEST             15   01/08        MM      MM
AVG. MAXIMUM     55.8              57.9    -2.1
AVG. MINIMUM     32.1              32.8    -0.7
MEAN             44.0              45.4    -1.4
DAYS MAX >= 90      0               0.0     0.0
DAYS MAX <= 32      0               0.2    -0.2
DAYS MIN <= 32     17              15.4     1.6
DAYS MIN <= 0       0               0.0     0.0

PRECIPITATION (INCHES)
RECORD
 MAXIMUM        12.60   1925
 MINIMUM         0.60   2013
TOTALS           2.10              3.91   -1.81
DAILY AVG.       0.07              0.13   -0.06
DAYS >= .01         9               9.8    -0.8
DAYS >= .10         6               6.6    -0.6
DAYS >= .50         1               2.7    -1.7
DAYS >= 1.00        0               1.1    -1.1
GREATEST
 24 HR. TOTAL    1.16   01/23 TO 01/24
 STORM TOTAL       MM
 (MM/DD(HH))            MM

SNOWFALL (INCHES)
RECORDS
 TOTAL            4.0   2002
TOTALS            0.0               0.4    -0.4
SINCE 7/1         0.0               0.5    -0.5
DAYS >= TRACE       0               0.2    -0.2
DAYS >= 1.0         0               0.1    -0.1
GREATEST
 SNOW DEPTH         0   MM

DEGREE_DAYS
HEATING TOTAL     646               610      36
 SINCE 7/1       1671              1585      86
COOLING TOTAL       0                 1      -1
 SINCE 1/1          0                 0       0

FREEZE DATES
RECORD
 EARLIEST     MM
 LATEST       MM
EARLIEST                        MM
LATEST                          MM
.................................................

WIND (MPH)
AVERAGE WIND SPEED              5.9
RESULTANT WIND SPEED/DIRECTION   3/298
HIGHEST WIND SPEED/DIRECTION    28/290    DATE  01/26
HIGHEST GUST SPEED/DIRECTION    34/290    DATE  01/26

SKY COVER
POSSIBLE SUNSHINE (PERCENT)   MM
AVERAGE SKY COVER           0.40
NUMBER OF DAYS FAIR           18
NUMBER OF DAYS PC              6
NUMBER OF DAYS CLOUDY          7

AVERAGE RH (PERCENT)     66

WEATHER CONDITIONS. NUMBER OF DAYS WITH
THUNDERSTORM              1     MIXED PRECIP               0
HEAVY RAIN                2     RAIN                       5
LIGHT RAIN               11     FREEZING RAIN              0
LT FREEZING RAIN          0     HAIL                       0
HEAVY SNOW                0     SNOW                       0
LIGHT SNOW                0     SLEET                      0
FOG                      17     FOG W/VIS <= 1/4 MILE      6
HAZE                      3

-  INDICATES NEGATIVE NUMBERS.
R  INDICATES RECORD WAS SET OR TIED.
MM INDICATES DATA IS MISSING.
T  INDICATES TRACE AMOUNT.

$$
