513
CXUS42 KFFC 011918
CLMAHN


CLIMATE REPORT
NATIONAL WEATHER SERVICE PEACHTREE CITY GA
316 PM EDT TUE AUG 1 2017

...................................

...THE ATHENS CLIMATE SUMMARY FOR THE MONTH OF JULY 2017...

CLIMATE NORMAL PERIOD 1981 TO 2010
CLIMATE RECORD PERIOD 1898 TO 2017

WEATHER         OBSERVED          NORMAL  DEPART  LAST YEAR`S
                 VALUE   DATE(S)  VALUE   FROM    VALUE  DATE(S)
                                          NORMAL
................................................................
TEMPERATURE (F)
RECORD
 HIGH             108   07/01/2012
                        07/12/1930
                        07/21/1926
 LOW               55   07/15/1967
                        07/02/1885
HIGHEST            98   07/21        MM      MM      101  07/26
                                                          07/25
LOWEST             61   07/31        MM      MM       68  07/22
                                                          07/12
AVG. MAXIMUM     92.0              91.4     0.6     96.3
AVG. MINIMUM     69.8              69.8     0.0     71.8
MEAN             80.9              80.6     0.3     84.0
DAYS MAX >= 90     27              19.4     7.6       31
DAYS MAX <= 32      0               0.0     0.0        0
DAYS MIN <= 32      0               0.0     0.0        0
DAYS MIN <= 0       0               0.0     0.0        0

PRECIPITATION (INCHES)
RECORD
 MAXIMUM        11.79   1919
 MINIMUM         0.99   1947
TOTALS           3.08              4.47   -1.39     1.60
DAILY AVG.       0.10              0.14   -0.04     0.05
GREATEST
 24 HR. TOTAL    1.02   07/01 TO 07/01           07/31 TO 07/31
                                                          07/31 TO 07/31
                                                          07/31 TO 07/31

DEGREE_DAYS
COOLING TOTAL     502               484      18      596
 SINCE 1/1       1210              1102     108     1377
..................................................

WIND (MPH)
AVERAGE WIND SPEED              2.7
HIGHEST WIND SPEED/DIRECTION    33/300    DATE  07/04
HIGHEST GUST SPEED/DIRECTION    47/300    DATE  07/04

SKY COVER
POSSIBLE SUNSHINE (PERCENT)   MM
AVERAGE SKY COVER           0.20
NUMBER OF DAYS FAIR           27
NUMBER OF DAYS PC              4
NUMBER OF DAYS CLOUDY          0

AVERAGE RH (PERCENT)     76

WEATHER CONDITIONS. NUMBER OF DAYS WITH
THUNDERSTORM              0     MIXED PRECIP               0
HEAVY RAIN                5     RAIN                       8
LIGHT RAIN               12     FREEZING RAIN              0
LT FREEZING RAIN          0     HAIL                       0
HEAVY SNOW                0     SNOW                       0
LIGHT SNOW                0     SLEET                      0
FOG                      20     FOG W/VIS <= 1/4 MILE      1
HAZE                      4

-  INDICATES NEGATIVE NUMBERS.
R  INDICATES RECORD WAS SET OR TIED.
MM INDICATES DATA IS MISSING.
T  INDICATES TRACE AMOUNT.

$$
