000
CXUS42 KFFC 011812
CLMAHN


CLIMATE REPORT
NATIONAL WEATHER SERVICE PEACHTREE CITY GA
111 PM EST FRI DEC 1 2017

...................................

...THE ATHENS CLIMATE SUMMARY FOR THE MONTH OF NOVEMBER 2017...

CLIMATE NORMAL PERIOD 1981 TO 2010
CLIMATE RECORD PERIOD 1898 TO 2017

WEATHER         OBSERVED          NORMAL  DEPART  LAST YEAR`S
                 VALUE   DATE(S)  VALUE   FROM    VALUE  DATE(S)
                                          NORMAL
................................................................
TEMPERATURE (F)
RECORD
 HIGH              86   11/02/1961
 LOW                7   11/25/1950
HIGHEST            84   11/07        69      15       85  11/03
LOWEST             27   11/20        19       8       29  11/22
AVG. MAXIMUM     67.0              65.2     1.8     71.0
AVG. MINIMUM     42.5              42.4     0.1     42.5
MEAN             54.8              53.8     1.0     56.8
DAYS MAX >= 90      0               0.0     0.0        0
DAYS MAX <= 32      0               0.0     0.0        0
DAYS MIN <= 32      4               4.2    -0.2        2
DAYS MIN <= 0       0               0.0     0.0        0

PRECIPITATION (INCHES)
RECORD
 MAXIMUM        13.72   1948
 MINIMUM         0.23   1910
TOTALS           1.22              3.82   -2.60     2.24
DAILY AVG.       0.04              0.13   -0.09     0.07
GREATEST
 24 HR. TOTAL    0.52   11/09 TO 11/09           11/29 TO 11/29
                                                          11/30 TO 11/30
                                                          11/30 TO 11/30

SNOWFALL (INCHES)
RECORDS
 TOTAL            0.0   2001
 24 HR TOTAL      0.0   11/01/2001 TO 11/01/2001
TOTALS            0.0               0.0     0.0      0.0
SINCE 7/1         0.0               0.0     0.0      0.0
SNOWDEPTH AVG.      0                MM      MM        0
DAYS >= TRACE       0               0.0     0.0        0
DAYS >= 1.0         0               0.0     0.0        0
GREATEST
 24 HR TOTAL      0.0   11/27 TO 11/27           11/30 TO 11/30
                                                          11/30 TO 11/30
                                                          11/30 TO 11/30

DEGREE_DAYS
HEATING TOTAL     324               345     -21      255
 SINCE 7/1        458               480     -22      286
.................................................

WIND (MPH)
AVERAGE WIND SPEED              3.3
HIGHEST WIND SPEED/DIRECTION    20/290    DATE  11/19
HIGHEST GUST SPEED/DIRECTION    33/300    DATE  11/19

SKY COVER
POSSIBLE SUNSHINE (PERCENT)   MM
AVERAGE SKY COVER           0.40
NUMBER OF DAYS FAIR           13
NUMBER OF DAYS PC             13
NUMBER OF DAYS CLOUDY          4

AVERAGE RH (PERCENT)     74

WEATHER CONDITIONS. NUMBER OF DAYS WITH
THUNDERSTORM              0     MIXED PRECIP               0
HEAVY RAIN                2     RAIN                       3
LIGHT RAIN               12     FREEZING RAIN              0
LT FREEZING RAIN          0     HAIL                       0
HEAVY SNOW                0     SNOW                       0
LIGHT SNOW                0     SLEET                      0
FOG                       8     FOG W/VIS <= 1/4 MILE      2
HAZE                      2

-  INDICATES NEGATIVE NUMBERS.
R  INDICATES RECORD WAS SET OR TIED.
MM INDICATES DATA IS MISSING.
T  INDICATES TRACE AMOUNT.

$$
