791
CXAK58 PAKN 011033
CLMAKN

CLIMATE REPORT
NATIONAL WEATHER SERVICE KING SALMON, AK
233 AM AKDT THU SEP 1 2016

...................................

...THE KING SALMON AP CLIMATE SUMMARY FOR THE MONTH OF AUGUST 2016...

CLIMATE NORMAL PERIOD 1981 TO 2010
CLIMATE RECORD PERIOD 1917 TO 2016

WEATHER         OBSERVED          NORMAL  DEPART  LAST YEAR`S
                 VALUE   DATE(S)  VALUE   FROM    VALUE  DATE(S)
                                          NORMAL
................................................................
TEMPERATURE (F)
RECORD
 HIGH              84   8/05/1968
 LOW               25   8/31/1984
HIGHEST            77   8/31         69       8      81  8/03
LOWEST             40                31       9      32  8/30
AVG. MAXIMUM       67.5              62.6     4.9    63.9
AVG. MINIMUM       51.5              46.6     4.9    46.6
MEAN               59.5              54.6     4.9    55.3
DAYS MAX >= 90      0                 0.0     0.0     0
DAYS MAX <= 32      0                 0.0     0.0     0
DAYS MAX >= 80      0                 0.3    -0.3     1
DAYS MAX >= 70     12                 4.3     7.7     5
DAYS MIN <= 32      0                 0.4    -0.4     1
DAYS MIN <= 0       0                 0.0     0.0     0

PRECIPITATION (INCHES)
RECORD
 MAXIMUM            6.43   1953
 MINIMUM            1.05   1975
TOTALS              4.84              2.95    1.89    1.76
DAILY AVG.          0.16              0.10    0.06    0.06
DAYS >= .01        22                15.3     6.7    16
DAYS >= .10        15                 8.3     6.7     7
DAYS >= .50         3                 1.3     1.7     0
DAYS >= 1.0         0                 0.1    -0.1     0
GREATEST
 24 HR TOTAL        0.82   8/21                       0.32  8/29

SNOWFALL (INCHES)
RECORDS
 TOTAL              0.0   1949
 24 HR TOTAL        0.0   8-31-2016
 SNOW DEPTH         0     8-31-2016
TOTALS              0.0               0.0     0.0     0.0
SINCE 7/1           0.0               0.0     0.0     0.0
SNOWDEPTH AVG.      0                 0       0       0
DAYS >= TRACE       0                 0.0     0.0     0
DAYS >= 1.0         0                 0.0     0.0     0
DAYS >= 6.0         0                 0.0     0.0     0
GREATEST
 SNOW DEPTH         0   MM                            0  MM
 24 HR TOTAL      0.0   MM                          0.0  MM

DEGREE_DAYS
HEATING TOTAL     162               322    -160     294
 SINCE 7/1        338               612    -274     524
COOLING TOTAL       0                 0       0       0
 SINCE 1/1          0                 0       0       2
................................................................

WIND (MPH)
AVERAGE WIND SPEED                7.5
HIGHEST WIND SPEED/DIRECTION     31/090    DATE   08/17
HIGHEST GUST SPEED/DIRECTION     42/090    DATE   08/17

SKY COVER
POSSIBLE SUNSHINE (PERCENT)   MM
AVERAGE SKY COVER             MM
NUMBER OF DAYS FAIR           MM
NUMBER OF DAYS PC             MM
NUMBER OF DAYS CLOUDY         MM

AVERAGE RH (PERCENT)     MM

WEATHER CONDITIONS. NUMBER OF DAYS WITH
THUNDERSTORM              0     ICE PELLETS                 0
RAIN                     24     GLAZE                       0
DRIZZLE                   0     HAIL                        0
SNOW                      0     HAZE                        0
FOG                      22     FOG W/VIS <= 1/4 MILE       5
BLOWING SNOW              0


-  INDICATES NEGATIVE NUMBERS.
R  INDICATES RECORD WAS SET OR TIED.
MM INDICATES DATA IS MISSING.
T  INDICATES TRACE AMOUNT.

&&


$$
FS SEP 16
