000
CXUS53 KDMX 011348
CLMALO

CLIMATE REPORT
NATIONAL WEATHER SERVICE DES MOINES IA
845 AM CDT WED JUL 1 2015

...................................

...THE WATERLOO CLIMATE SUMMARY FOR THE MONTH OF JUNE 2015...

CLIMATE NORMAL PERIOD 1981 TO 2010
CLIMATE RECORD PERIOD 1895 TO 2015

WEATHER         OBSERVED          NORMAL  DEPART  LAST YEAR`S
                 VALUE   DATE(S)  VALUE   FROM    VALUE  DATE(S)
                                          NORMAL
................................................................
TEMPERATURE (F)
RECORD
 HIGH             107   06/28/1934
                        06/27/1934
 LOW               33   06/01/1897
HIGHEST            95   06/09        93       2       88  06/01
LOWEST             43   06/01        45      -2       45  06/13
AVG. MAXIMUM     79.7              81.2    -1.5     80.6
AVG. MINIMUM     59.0              58.9     0.1     59.7
MEAN             69.3              70.0    -0.7     70.2
DAYS MAX >= 90      1               3.1    -2.1        0
DAYS MAX <= 32      0               0.0     0.0        0
DAYS MIN <= 32      0               0.0     0.0        0
DAYS MIN <= 0       0               0.0     0.0        0

PRECIPITATION (INCHES)
RECORD
 MAXIMUM        12.80   2009
 MINIMUM         0.61   1927
TOTALS           5.47              4.98    0.49     9.63
DAILY AVG.       0.18              0.17    0.01     0.32
DAYS >= .01        10              11.5    -1.5       15
DAYS >= .10         9               8.0     1.0       10
DAYS >= .50         5               3.6     1.4        6
DAYS >= 1.00        2               1.4     0.6        4

SNOWFALL (INCHES)
RECORDS
 TOTAL             MM   5
TOTALS            0.0               0.0     0.0      0.0
SINCE 7/1        29.2              35.3    -6.1     58.0
SNOWDEPTH AVG.      0                MM      MM        0
DAYS >= 1.0         0               0.0     0.0        0
GREATEST
 SNOW DEPTH         0   MM                             0  MM
 24 HR TOTAL      0.0   06/30 TO 06/30

DEGREE_DAYS
HEATING TOTAL      12                26     -14        7
 SINCE 7/1       7304              7030     274     8325
COOLING TOTAL     150               177     -27      171
 SINCE 1/1        197               233     -36      238
.................................................................

WIND (MPH)
AVERAGE WIND SPEED              7.7
HIGHEST WIND SPEED/DIRECTION    44/320    DATE  06/22
HIGHEST GUST SPEED/DIRECTION    59/330    DATE  06/22

SKY COVER
POSSIBLE SUNSHINE (PERCENT)   MM
AVERAGE SKY COVER           0.40
NUMBER OF DAYS FAIR           16
NUMBER OF DAYS PC             11
NUMBER OF DAYS CLOUDY          3

AVERAGE RH (PERCENT)     75

WEATHER CONDITIONS. NUMBER OF DAYS WITH
THUNDERSTORM              0     MIXED PRECIP               0
HEAVY RAIN                7     RAIN                       7
LIGHT RAIN               10     FREEZING RAIN              0
LT FREEZING RAIN          0     HAIL                       0
HEAVY SNOW                0     SNOW                       0
LIGHT SNOW                0     SLEET                      0
FOG                      20     FOG W/VIS <= 1/4 MILE      6
HAZE                      3

-  INDICATES NEGATIVE NUMBERS.
R  INDICATES RECORD WAS SET OR TIED.
MM INDICATES DATA IS MISSING.
T  INDICATES TRACE AMOUNT.

$$
