000
CXUS55 KPUB 011625
CLMALS


CLIMATE REPORT
NATIONAL WEATHER SERVICE PUEBLO
1020 AM MDT SAT AUG 1 2015

...................................

...THE ALAMOSA CO CLIMATE SUMMARY FOR THE MONTH OF JULY 2015...

CLIMATE NORMAL PERIOD 1981 TO 2010
CLIMATE RECORD PERIOD 1932 TO 2015

WEATHER         OBSERVED          NORMAL  DEPART  LAST YEAR`S
                 VALUE   DATE(S)  VALUE   FROM    VALUE  DATE(S)
                                          NORMAL
................................................................
TEMPERATURE (F)
RECORD
 HIGH              96   07/05/1989
 LOW               30   07/02/1997
HIGHEST            87   07/01        82       5       90  07/22
LOWEST             42   07/17        44      -2       42  07/04
AVG. MAXIMUM     80.1              82.3    -2.2     82.8
AVG. MINIMUM     48.1              46.9     1.2     49.1
MEAN             64.1              64.6    -0.5     66.0
DAYS MAX >= 90      0               1.2    -1.2
DAYS MAX <= 32      0               0.0     0.0
DAYS MIN <= 32      0               0.0     0.0
DAYS MIN <= 0       0               0.0     0.0

PRECIPITATION (INCHES)
RECORD
 MAXIMUM         3.50   1968
 MINIMUM         0.02   1994
TOTALS           1.34              0.97    0.37     1.52
DAILY AVG.       0.04              0.03    0.01
DAYS >= .01        14               8.1     5.9
DAYS >= .10         5               2.8     2.2
DAYS >= .50         0               0.3    -0.3
DAYS >= 1.00        0               0.0     0.0
GREATEST
 24 HR. TOTAL    0.41   07/06 TO 07/07

SNOWFALL (INCHES)
RECORDS
 TOTAL            0.2   1952
TOTALS            0.0               0.0     0.0      0.0
SINCE 7/1         0.0               0.0     0.0      0.0
SNOWDEPTH AVG.      0
DAYS >= 1.0         0               0.0     0.0
GREATEST
 SNOW DEPTH         0                                  0
 24 HR TOTAL      0.0                                0.0

DEGREE_DAYS
HEATING TOTAL      44                45      -1       22
 SINCE 7/1         44                45      -1       22
COOLING TOTAL      25                32      -7       56
 SINCE 1/1         49                38      11       57
.................................................................

WIND (MPH)
AVERAGE WIND SPEED              6.4
HIGHEST WIND SPEED/DIRECTION    32/170    DATE  07/26
HIGHEST GUST SPEED/DIRECTION    43/170    DATE  07/26

SKY COVER
POSSIBLE SUNSHINE (PERCENT)   MM
AVERAGE SKY COVER           0.30
NUMBER OF DAYS FAIR           20
NUMBER OF DAYS PC             10
NUMBER OF DAYS CLOUDY          1

AVERAGE RH (PERCENT)     60

WEATHER CONDITIONS. NUMBER OF DAYS WITH
THUNDERSTORM             14     MIXED PRECIP               0
HEAVY RAIN                2     RAIN                       4
LIGHT RAIN               20     FREEZING RAIN              0
LT FREEZING RAIN          0     HAIL                       0
HEAVY SNOW                0     SNOW                       0
LIGHT SNOW                0     SLEET                      0
FOG                       8     FOG W/VIS <= 1/4 MILE      3
HAZE                      1

-  INDICATES NEGATIVE NUMBERS.
R  INDICATES RECORD WAS SET OR TIED.
MM INDICATES DATA IS MISSING.
T  INDICATES TRACE AMOUNT.

$$
