000
CXUS55 KPUB 012301
CLMALS


CLIMATE REPORT
NATIONAL WEATHER SERVICE PUEBLO
457 PM MDT TUE AUG 1 2017

...................................

...THE ALAMOSA CO CLIMATE SUMMARY FOR THE MONTH OF JULY 2017...

CLIMATE NORMAL PERIOD 1981 TO 2010
CLIMATE RECORD PERIOD 1932 TO 2017

WEATHER         OBSERVED          NORMAL  DEPART  LAST YEAR`S
                 VALUE   DATE(S)  VALUE   FROM    VALUE  DATE(S)
                                          NORMAL
................................................................
TEMPERATURE (F)
RECORD
 HIGH              96   07/05/1989
 LOW               30   07/02/1997
HIGHEST            89   07/06        82       7       91  07/29
                                                          07/30
LOWEST             40   07/01        44      -4       37  07/13
                        07/04
AVG. MAXIMUM     82.8              82.3     0.5     85.8
AVG. MINIMUM     49.8              46.9     2.9     47.9
MEAN             66.3              64.6     1.7     66.8
DAYS MAX >= 90      0               1.2    -1.2
DAYS MAX <= 32      0               0.0     0.0
DAYS MIN <= 32      0               0.0     0.0
DAYS MIN <= 0       0               0.0     0.0

PRECIPITATION (INCHES)
RECORD
 MAXIMUM         3.52   2017
 MINIMUM         0.02   1994
TOTALS           3.52              0.97    2.55     0.31
DAILY AVG.       0.11              0.03    0.08
DAYS >= .01        15               8.1     6.9
DAYS >= .10         9               2.8     6.2
DAYS >= .50         1               0.3     0.7
DAYS >= 1.00        1               0.0     1.0
GREATEST
 24 HR. TOTAL    1.08   07/09

SNOWFALL (INCHES)
RECORDS
 TOTAL            0.2   1952
TOTALS              T               0.0     0.0      0.0
SINCE 7/1           T               0.0     0.0      0.0
SNOWDEPTH AVG.      0
DAYS >= 1.0         0               0.0     0.0
GREATEST
 SNOW DEPTH         0                                  0
 24 HR TOTAL        T   07/09                        0.0

DEGREE_DAYS
HEATING TOTAL       9                45     -36       13
 SINCE 7/1          9                45     -36       13
COOLING TOTAL      58                32      26       77
 SINCE 1/1         76                38      38      106
.................................................................

WIND (MPH)
AVERAGE WIND SPEED              5.9
HIGHEST WIND SPEED/DIRECTION    32/280    DATE  07/26
HIGHEST GUST SPEED/DIRECTION    42/340    DATE  07/01

SKY COVER
POSSIBLE SUNSHINE (PERCENT)   MM
AVERAGE SKY COVER           0.20
NUMBER OF DAYS FAIR           23
NUMBER OF DAYS PC              8
NUMBER OF DAYS CLOUDY          0

AVERAGE RH (PERCENT)     60

WEATHER CONDITIONS. NUMBER OF DAYS WITH
THUNDERSTORM             14     MIXED PRECIP               0
HEAVY RAIN                5     RAIN                       9
LIGHT RAIN               24     FREEZING RAIN              0
LT FREEZING RAIN          0     HAIL                       1
HEAVY SNOW                0     SNOW                       0
LIGHT SNOW                0     SLEET                      0
FOG                      10     FOG W/VIS <= 1/4 MILE      2
HAZE                      0

-  INDICATES NEGATIVE NUMBERS.
R  INDICATES RECORD WAS SET OR TIED.
MM INDICATES DATA IS MISSING.
T  INDICATES TRACE AMOUNT.

$$
