000
CXUS54 KAMA 161002
CLMAMA


CLIMATE REPORT...CORRECTED
NATIONAL WEATHER SERVICE AMARILLO TX
456 AM CDT MON MAY 16 2016

...................................

...THE AMARILLO CLIMATE SUMMARY FOR THE MONTH OF NOVEMBER 2015...

CLIMATE NORMAL PERIOD 1981 TO 2010
CLIMATE RECORD PERIOD 1892 TO 2016

WEATHER         OBSERVED          NORMAL  DEPART  LAST YEAR`S
                 VALUE   DATE(S)  VALUE   FROM    VALUE  DATE(S)
                                          NORMAL
................................................................
TEMPERATURE (F)
RECORD
 HIGH              87   11/08/1980
 LOW                0   11/28/1976
HIGHEST            80   11/02                         83  11/29
                                                          11/28
LOWEST             22   11/28                          9  11/17
                        11/27
AVG. MAXIMUM     61.8              60.0     1.8     58.2
AVG. MINIMUM     33.5              32.5     1.0     29.3
MEAN             47.7              46.3     1.4     43.8
DAYS MAX >= 90      0               0.0     0.0        0
DAYS MAX <= 32      3               0.4     2.6        3
DAYS MIN <= 32     14              14.5    -0.5       18
DAYS MIN <= 0       0               0.0     0.0        0

PRECIPITATION (INCHES)
RECORD
 MAXIMUM         5.09   1905
 MINIMUM         0.00   1999
                        1989
                        1903
TOTALS           1.50              0.80    0.70     0.34
DAILY AVG.       0.05              0.03    0.02     0.01
DAYS >= .01         5               4.0     1.0        3
DAYS >= .10         3               2.1     0.9        1
DAYS >= .50         1               0.4     0.6        0
DAYS >= 1.00        0               0.1    -0.1        0
GREATEST
 24 HR. TOTAL    0.69   11/26 TO 11/27

SNOWFALL (INCHES)
RECORDS
 TOTAL           14.8   1906
TOTALS            1.3               2.5    -1.2      2.5
SINCE 7/1         1.3               2.7    -1.4      2.5
DAYS >= TRACE       5               1.1     3.9        4
DAYS >= 1.0         0               0.6    -0.6        1
GREATEST
 SNOW DEPTH         1   11/28
 24 HR TOTAL      0.6   11/27 TO 11/28

DEGREE_DAYS
HEATING TOTAL     511               564     -53      630
 SINCE 7/1        659               844    -185      794
COOLING TOTAL       0                 1      -1        0
 SINCE 1/1       1493              1399      94     1534
.................................................................

WIND (MPH)
AVERAGE WIND SPEED              13.8
HIGHEST WIND SPEED/DIRECTION    40/320    DATE  11/17
HIGHEST GUST SPEED/DIRECTION    54/330    DATE  11/17

SKY COVER
POSSIBLE SUNSHINE (PERCENT)   MM
NUMBER OF DAYS FAIR           21
NUMBER OF DAYS PC              4
NUMBER OF DAYS CLOUDY          5

AVERAGE RH (PERCENT)     61

WEATHER CONDITIONS. NUMBER OF DAYS WITH
THUNDERSTORM              2     MIXED PRECIP               0
HEAVY RAIN                1     RAIN                       2
LIGHT RAIN                4     FREEZING RAIN              2
LT FREEZING RAIN          3     HAIL                       1
HEAVY SNOW                0     SNOW                       0
LIGHT SNOW                3     SLEET                      3
FOG                       8     FOG W/VIS <= 1/4 MILE      4
HAZE                      0

-  INDICATES NEGATIVE NUMBERS.
R  INDICATES RECORD WAS SET OR TIED.
MM INDICATES DATA IS MISSING.
T  INDICATES TRACE AMOUNT.

$$

NF
