000
CXUS53 KAPX 071400
CLMANJ


CLIMATE REPORT
NATIONAL WEATHER SERVICE GAYLORD MI
1000 AM EDT THU MAY 7 2015

...................................

...THE SAULT STE MARIE MI CLIMATE SUMMARY FOR THE MONTH OF APRIL 2015...

CLIMATE NORMAL PERIOD 1981 TO 2010
CLIMATE RECORD PERIOD 1888 TO 2015

WEATHER         OBSERVED          NORMAL  DEPART  LAST YEAR`S
                 VALUE   DATE(S)  VALUE   FROM    VALUE  DATE(S)
                                          NORMAL
................................................................
TEMPERATURE (F)
RECORD
 HIGH              85   04/25/1990
 LOW              -13   04/01/1923
HIGHEST            63   04/12        MM      MM       56  04/28
LOWEST             13   04/04        MM      MM        9  04/16
AVG. MAXIMUM     46.2              49.4    -3.2     43.1
AVG. MINIMUM     30.0              31.1    -1.1     27.6
MEAN             38.1              40.2    -2.1     35.3
DAYS MAX >= 90      0               0.0     0.0        0
DAYS MAX <= 32      3               1.4     1.6        3
DAYS MIN <= 32     16              16.0     0.0       21
DAYS MIN <= 0       0               0.0     0.0        0

PRECIPITATION (INCHES)
RECORD
 MAXIMUM           MM   MM
 MINIMUM           MM   MM
TOTALS           1.74              2.39   -0.65     4.20
DAILY AVG.       0.06              0.08   -0.02     0.14
DAYS >= .01         9              10.9    -1.9       17
DAYS >= .10         5               6.1    -1.1       11
DAYS >= .50         1               1.4    -0.4        4
DAYS >= 1.00        0               0.4    -0.4        0
GREATEST
 24 HR. TOTAL    0.61   04/20 TO 04/21
 STORM TOTAL       MM
 (MM/DD(HH))            MM

SNOWFALL (INCHES)
RECORDS
 TOTAL             MM   MM
TOTALS            2.6               6.7    -4.1     11.4
SINCE 7/1       168.4             120.3    48.1    135.7
SNOWDEPTH AVG.      9                MM      MM       12
DAYS >= TRACE       8               4.6     3.4       12
DAYS >= 1.0         1               2.0    -1.0        5
GREATEST
 SNOW DEPTH        24   04/01                         28  04/06
                                                          04/05
 24 HR TOTAL      1.5   04/10 TO 04/10               3.3

DEGREE_DAYS
HEATING TOTAL     799               743      56
 SINCE 7/1       8902              8069     833
COOLING TOTAL       0                 0       0
 SINCE 1/1          0                 0       0

FREEZE DATES
RECORD
 EARLIEST     MM
 LATEST       MM
EARLIEST                        MM
LATEST                          MM
.................................................................

WIND (MPH)
AVERAGE WIND SPEED              8.3
HIGHEST WIND SPEED/DIRECTION    29/310    DATE  04/10
HIGHEST GUST SPEED/DIRECTION    40/310    DATE  04/10

SKY COVER
POSSIBLE SUNSHINE (PERCENT)   MM
AVERAGE SKY COVER           0.50
NUMBER OF DAYS FAIR           14
NUMBER OF DAYS PC              8
NUMBER OF DAYS CLOUDY          8

AVERAGE RH (PERCENT)     63

WEATHER CONDITIONS. NUMBER OF DAYS WITH
THUNDERSTORM              0     MIXED PRECIP               0
HEAVY RAIN                2     RAIN                       4
LIGHT RAIN                9     FREEZING RAIN              1
LT FREEZING RAIN          1     HAIL                       0
HEAVY SNOW                0     SNOW                       1
LIGHT SNOW                9     SLEET                      0
FOG                       5     FOG W/VIS <= 1/4 MILE      1
HAZE                      2

-  INDICATES NEGATIVE NUMBERS.
R  INDICATES RECORD WAS SET OR TIED.
MM INDICATES DATA IS MISSING.
T  INDICATES TRACE AMOUNT.

$$
