781
CXUS53 KAPX 020035
CLMANJ


CLIMATE REPORT
NATIONAL WEATHER SERVICE GAYLORD MI
734 PM EST FRI DEC 1 2017

...................................

...THE SAULT STE MARIE MI CLIMATE SUMMARY FOR THE MONTH OF NOVEMBER 2017...

CLIMATE NORMAL PERIOD 1981 TO 2010
CLIMATE RECORD PERIOD 1888 TO 2017

WEATHER         OBSERVED          NORMAL  DEPART  LAST YEAR`S
                 VALUE   DATE(S)  VALUE   FROM    VALUE  DATE(S)
                                          NORMAL
................................................................
TEMPERATURE (F)
RECORD
 HIGH              74   11/03/1938
 LOW              -12   11/29/1929
HIGHEST            53   11/28        MM      MM       66  11/01
LOWEST              0   11/10        MM      MM       19  11/22
AVG. MAXIMUM     39.3              40.1    -0.8     49.2
AVG. MINIMUM     26.8              28.1    -1.3     34.4
MEAN             33.1              34.1    -1.0     41.8
DAYS MAX >= 90      0               0.0     0.0        0
DAYS MAX <= 32      3               5.7    -2.7        4
DAYS MIN <= 32     20              19.2     0.8        8
DAYS MIN <= 0       1               0.0     1.0        0

PRECIPITATION (INCHES)
RECORD
 MAXIMUM           MM   MM
 MINIMUM           MM   MM
TOTALS           3.90              3.37    0.53     2.56
DAILY AVG.       0.13              0.11    0.02     0.09
DAYS >= .01        20              16.7     3.3       14
DAYS >= .10         8               9.4    -1.4        6
DAYS >= .50         1               1.6    -0.6        1
DAYS >= 1.00        1               0.4     0.6        1
GREATEST
 24 HR. TOTAL    1.77   11/15 TO 11/15
 STORM TOTAL       MM
 (MM/DD(HH))            MM

SNOWFALL (INCHES)
RECORDS
 TOTAL             MM   MM
TOTALS           14.3              15.1    -0.8      6.9
SINCE 7/1        15.0              16.7    -1.7      6.9
SNOWDEPTH AVG.      1                 4      -3        0
DAYS >= TRACE      21              10.0    11.0        5
DAYS >= 1.0         5               5.2    -0.2        2
GREATEST
 SNOW DEPTH         4   11/12                          4  11/24
                        11/10
 24 HR TOTAL      5.0   11/09 TO 11/09               3.3

DEGREE_DAYS
HEATING TOTAL     952               927      25
 SINCE 7/1       1585              1932    -347

FREEZE DATES
RECORD
 EARLIEST     MM
 LATEST       MM
EARLIEST                        MM
LATEST                          MM
.................................................................

WIND (MPH)
AVERAGE WIND SPEED              8.5
HIGHEST WIND SPEED/DIRECTION    28/300    DATE  11/29
HIGHEST GUST SPEED/DIRECTION    42/280    DATE  11/21

SKY COVER
POSSIBLE SUNSHINE (PERCENT)   MM
AVERAGE SKY COVER           0.80
NUMBER OF DAYS FAIR            3
NUMBER OF DAYS PC              5
NUMBER OF DAYS CLOUDY         22

AVERAGE RH (PERCENT)     76

WEATHER CONDITIONS. NUMBER OF DAYS WITH
THUNDERSTORM              0     MIXED PRECIP               0
HEAVY RAIN                0     RAIN                       4
LIGHT RAIN               15     FREEZING RAIN              0
LT FREEZING RAIN          0     HAIL                       0
HEAVY SNOW                1     SNOW                       7
LIGHT SNOW               20     SLEET                      0
FOG                      20     FOG W/VIS <= 1/4 MILE      2
HAZE                      6

-  INDICATES NEGATIVE NUMBERS.
R  INDICATES RECORD WAS SET OR TIED.
MM INDICATES DATA IS MISSING.
T  INDICATES TRACE AMOUNT.

$$
