000
CXUS54 KLCH 010824
CLMARA


CLIMATE REPORT
NATIONAL WEATHER SERVICE LAKE CHARLES, LA
323 AM CDT SAT NOV 1 2014

...................................

...THE NEW IBERIA CLIMATE SUMMARY FOR THE MONTH OF OCTOBER 2014...

CLIMATE NORMAL PERIOD 1981 TO 2010
CLIMATE RECORD PERIOD 1948 TO 2014

WEATHER         OBSERVED          NORMAL  DEPART  LAST YEAR`S
                 VALUE   DATE(S)  VALUE   FROM    VALUE  DATE(S)
                                          NORMAL
................................................................
TEMPERATURE (F)
RECORD
 HIGH              95   10/02/1998
 LOW               29   10/30/1952
HIGHEST            90   10/10        MM      MM       MM  MM
                        10/09
                        10/02
LOWEST             48   10/31        MM      MM       MM  MM
                        10/25
AVG. MAXIMUM     83.6              81.2     2.4       MM
AVG. MINIMUM     60.0              58.9     1.1       MM
MEAN             71.8              70.1     1.7       MM
DAYS MAX >= 90      3               1.3     1.7       MM
DAYS MAX <= 32      0               0.0     0.0       MM
DAYS MIN <= 32      0               0.0     0.0       MM
DAYS MIN <= 0       0               0.0     0.0       MM

PRECIPITATION (INCHES)
RECORD
 MAXIMUM        21.35   1984
 MINIMUM         0.00   1952
                        1963
TOTALS           2.10              4.96   -2.86       MM
DAILY AVG.       0.07              0.16   -0.09       MM
DAYS >= .01         5                MM      MM       MM
DAYS >= .10         5                MM      MM       MM
DAYS >= .50         2                MM      MM       MM
DAYS >= 1.00        0                MM      MM       MM
GREATEST
 24 HR. TOTAL    0.84   10/01 TO 10/01
                        09/30 TO 10/01
                        10/01 TO 10/01

SNOWFALL (INCHES)
RECORDS
 TOTAL            0.0   5
                        0
                        -26215
TOTALS            0.0                MM      MM       MM
SINCE 7/1         0.0                MM      MM       MM
SNOWDEPTH AVG.      0                MM      MM       MM
DAYS >= 1.0         0                MM      MM       MM
GREATEST
 SNOW DEPTH         0   MM                            MM  MM
 24 HR TOTAL      0.0   10/31 TO 10/31

DEGREE_DAYS
HEATING TOTAL       5                33     -28       MM
 SINCE 7/1          5                34     -29       MM
COOLING TOTAL     224               189      35       MM
 SINCE 1/1       2807              2745      62       MM
.................................................................

WIND (MPH)
AVERAGE WIND SPEED              6.2
HIGHEST WIND SPEED/DIRECTION    35/240    DATE  10/13
HIGHEST GUST SPEED/DIRECTION    42/230    DATE  10/13

SKY COVER
POSSIBLE SUNSHINE (PERCENT)   MM
AVERAGE SKY COVER           0.10
NUMBER OF DAYS FAIR           25
NUMBER OF DAYS PC              6
NUMBER OF DAYS CLOUDY          0

AVERAGE RH (PERCENT)     70

WEATHER CONDITIONS. NUMBER OF DAYS WITH
THUNDERSTORM              0     MIXED PRECIP               0
HEAVY RAIN                4     RAIN                       4
LIGHT RAIN                5     FREEZING RAIN              0
LT FREEZING RAIN          0     HAIL                       0
HEAVY SNOW                0     SNOW                       0
LIGHT SNOW                0     SLEET                      0
FOG                      17     FOG W/VIS <= 1/4 MILE      7
HAZE                      2

-  INDICATES NEGATIVE NUMBERS.
R  INDICATES RECORD WAS SET OR TIED.
MM INDICATES DATA IS MISSING.
T  INDICATES TRACE AMOUNT.

$$
