000
CXUS43 KLOT 010722
CLMARR


CLIMATE REPORT
NATIONAL WEATHER SERVICE CHICAGO IL
104 AM CST WED MAR 1 2017

...................................

...THE AURORA MUNICIPAL AIRPORT CLIMATE SUMMARY FOR THE MONTH OF FEBRUARY 2017...

CLIMATE NORMAL PERIOD 1981 TO 2010
CLIMATE RECORD PERIOD 1998 TO 2017

WEATHER         OBSERVED          NORMAL  DEPART  LAST YEAR`S
                 VALUE   DATE(S)  VALUE   FROM    VALUE
                                          NORMAL
.............................................................
TEMPERATURE (F)
RECORD
 HIGH              70   02/20/2017
                        02/25/2000
                        02/11/1999
 LOW              -23   02/11/2014
HIGHEST            70R  02/20        MM      MM       63
LOWEST             10   02/04        MM      MM        2
AVG. MAXIMUM     48.2              33.7    14.5     37.9
AVG. MINIMUM     27.1              16.2    10.9     22.8
MEAN             37.7              24.9    12.8     30.3

PRECIPITATION (INCHES)
RECORD
 MAXIMUM         3.12   2009
 MINIMUM            T   2015
TOTALS           1.64              1.62    0.02     0.98

DEGREE_DAYS
HEATING TOTAL     760              1121    -361      999
 SINCE 7/1       4061              5138   -1077     4121
COOLING TOTAL       0                 0       0        0
 SINCE 1/1          0                 0       0        0
..............................................................

WIND (MPH)
AVERAGE WIND SPEED              10.9
HIGHEST WIND SPEED/DIRECTION    36/290    DATE  02/12
HIGHEST GUST SPEED/DIRECTION    44/300    DATE  02/12

AVERAGE RH (PERCENT)     70


-  INDICATES NEGATIVE NUMBERS.
R  INDICATES RECORD WAS SET OR TIED.
MM INDICATES DATA IS MISSING.
T  INDICATES TRACE AMOUNT.

$$
