000
CXUS54 KEWX 011710
CLMATT

CLIMATE REPORT...UPDATED
NATIONAL WEATHER SERVICE AUSTIN/SAN ANTONIO, TX
1110 AM CST THU JAN 1 2015

...................................

...THE AUSTIN CAMP MABRY CLIMATE SUMMARY FOR THE MONTH OF DECEMBER 2014...

CLIMATE NORMAL PERIOD 1981 TO 2010
CLIMATE RECORD PERIOD 1897 TO 2014

WEATHER         OBSERVED          NORMAL  DEPART  LAST YEAR`S
                 VALUE   DATE(S)  VALUE   FROM    VALUE  DATE(S)
                                          NORMAL
................................................................
TEMPERATURE (F)
HIGHEST            77   12/22                         85  12/03
LOWEST             30   12/29                         27  12/07
AVG. MAXIMUM     62.8              62.7     0.1     60.7
AVG. MINIMUM     47.3              42.3     5.0     39.6
MEAN             55.0              52.5     2.5     50.1
DAYS MAX >= 90      0                                  0
DAYS MAX <= 32      0                                  1
DAYS MIN <= 32      2                                  8
DAYS MIN <= 0       0                                  0

PRECIPITATION (INCHES)
TOTALS           1.06              2.40   -1.34     0.72
DAILY AVG.       0.03              0.08   -0.05     0.02
DAYS >= .01        10                                  4
DAYS >= .10         3                                  2
DAYS >= .50         1                                  0
DAYS >= 1.00        0                                  0
GREATEST
 24 HR. TOTAL    0.59   12/19 TO 12/19
                        12/18 TO 12/19
                        12/19 TO 12/19

SNOWFALL (INCHES)
TOTALS            0.0                 T     0.0      0.0
SINCE 7/1         0.0

DEGREE_DAYS
HEATING TOTAL     309               400     -91      468
 SINCE 7/1        599               612     -13      742
COOLING TOTAL       9                13      -4       15
 SINCE 1/1       3197              3139      58     3464
.................................................................

WIND (MPH)
AVERAGE WIND SPEED              4.6
HIGHEST WIND SPEED/DIRECTION    18/010    DATE  12/23
HIGHEST GUST SPEED/DIRECTION    31/360    DATE  12/23

SKY COVER
POSSIBLE SUNSHINE (PERCENT)   MM
AVERAGE SKY COVER           0.70
NUMBER OF DAYS FAIR            6
NUMBER OF DAYS PC              8
NUMBER OF DAYS CLOUDY         17

AVERAGE RH (PERCENT)     75

WEATHER CONDITIONS. NUMBER OF DAYS WITH
THUNDERSTORM              0     MIXED PRECIP               0
HEAVY RAIN                1     RAIN                       1
LIGHT RAIN               12     FREEZING RAIN              0
LT FREEZING RAIN          0     HAIL                       0
HEAVY SNOW                0     SNOW                       0
LIGHT SNOW                0     SLEET                      0
FOG                      17     FOG W/VIS <= 1/4 MILE      0
HAZE                      2

-  INDICATES NEGATIVE NUMBERS.
R  INDICATES RECORD WAS SET OR TIED.
MM INDICATES DATA IS MISSING.
T  INDICATES TRACE AMOUNT.

&&

[SEA LEVEL PRESSURE DATA]
HIGHEST SLP WAS 30.57 INCHES ON THE 31ST.
LOWEST SLP WAS 29.59 INCHES ON THE 22ND.

[MONTHLY CLIMATE SUMMARY]
DECEMBER 2015 WAS THE 19TH WARMEST AND 35TH DRIEST
DECEMBER SINCE RECORD KEEPING BEGAN.

PRELIMINARY LOCAL CLIMATOLOGICAL DATA (WS FORM: F-6)

                                          STATION:   AUSTIN CAMP MABRY
                                          MONTH:     DECEMBER
                                          YEAR:      2014
                                          LATITUDE:   30 17 N
                                          LONGITUDE:  97 42 W

  TEMPERATURE IN F:       :PCPN:    SNOW:  WIND      :SUNSHINE: SKY     :PK WND
================================================================================
1   2   3   4   5  6A  6B    7    8   9   10  11  12  13   14  15   16   17  18
                                     12Z  AVG MX 2MIN
DY MAX MIN AVG DEP HDD CDD  WTR  SNW DPTH SPD SPD DIR MIN PSBL S-S WX    SPD DR
================================================================================

 1  66  41  54  -1  11   0 0.00  0.0    0  6.2 17  20   M    M   9        30  20
 2  50  39  45 -10  20   0 0.00  0.0    0  4.3 10 360   M    M  10        16 360
 3  59  48  54  -1  11   0 0.00  0.0    0  1.3  7 140   M    M  10 18     10 150
 4  66  58  62   7   3   0 0.06  0.0    0  2.6 12 150   M    M  10 1      16 150
 5  75  63  69  15   0   4 0.01  0.0    0  4.6 12 230   M    M   7 1      20 210
 6  69  55  62   8   3   0 0.00  0.0    0  5.5 13 360   M    M   3        20 350
 7  56  52  54   0  11   0 0.00  0.0    0  4.1  9  20   M    M   9        14  10
 8  67  49  58   4   7   0 0.00  0.0    0  3.4  9  10   M    M   6        14 360
 9  69  43  56   3   9   0 0.00  0.0    0  1.2  8 110   M    M   0 1      11 130
10  66  47  57   4   8   0 0.02  0.0    0  1.2  8 140   M    M   8 1      11 110
11  67  57  62   9   3   0 0.04  0.0    0  4.6  9 150   M    M  10 1      16 200
12  71  59  65  12   0   0    T  0.0    0  4.8 12 150   M    M   9        17 150
13  74  55  65  12   0   0 0.00  0.0    0  4.6 14 150   M    M   6 1      21 140
14  74  61  68  16   0   3 0.07  0.0    0  6.3 14 190   M    M   9 1      26 190
15  74  52  63  11   2   0 0.00  0.0    0  4.5 12 300   M    M   4        19 190
16  63  46  55   3  10   0 0.00  0.0    0  5.0 14 360   M    M   3        20  10
17  53  48  51  -1  14   0 0.10  0.0    0  3.6 15 120   M    M  10 13     22 120
18  60  49  55   3  10   0    T  0.0    0  3.0 12  10   M    M  10 1      17 360
19  57  48  53   1  12   0 0.59  0.0    0  6.7 13  10   M    M  10 13     19  20
20  54  49  52   0  13   0 0.00  0.0    0  2.8  8 360   M    M  10 1      13 360
21  56  50  53   1  12   0 0.00  0.0    0  4.6 10 200   M    M  10 1      20 200
22  77  56  67  16   0   2 0.00  0.0    0  4.7 12 190   M    M   4        18 220
23  59  43  51   0  14   0    T  0.0    0  8.4 18  10   M    M   6        31 360
24  57  35  46  -5  19   0 0.00  0.0    0  5.8 16 300   M    M   2        25 280
25  65  33  49  -2  16   0 0.00  0.0    0  6.0 16 170   M    M   0        30 160
26  74  53  64  13   1   0 0.01  0.0    0  5.2 12 170   M    M   7 1      21 160
27  66  41  54   3  11   0 0.03  0.0    0  7.5 16 340   M    M  10 1      24 320
28  47  32  40 -11  25   0 0.13  0.0    0  4.1 14 360   M    M   7 1      21 350
29  67  30  49  -2  16   0 0.00  0.0    0  2.3 10 150   M    M   0        15 190
30  46  39  43  -8  22   0 0.00  0.0    0  5.8 13  30   M    M   8 18     21  10
31  42  36  39 -12  26   0    T  0.0    0  8.1 14  10   M    M  10        21  10
================================================================================
SM 1946 1467       309   9  1.06     0.0 142.8          M      217
================================================================================
AV 62.8 47.3                               4.6 FASTST   M    M   7    MAX(MPH)
                                 MISC ---->  # 18  10               # 31  360
================================================================================
NOTES:
# LAST OF SEVERAL OCCURRENCES

COLUMN 17 PEAK WIND IN M.P.H.

SYMBOLS USED IN COLUMN 16

1 = FOG OR MIST
2 = FOG REDUCING VISIBILITY
    TO 1/4 MILE OR LESS
3 = THUNDER
4 = ICE PELLETS
5 = HAIL
6 = FREEZING RAIN OR DRIZZLE
7 = DUSTSTORM OR SANDSTORM:
    VSBY 1/2 MILE OR LESS
8 = SMOKE OR HAZE
9 = BLOWING SNOW
X = TORNADO

$$
