000
CXUS53 KGRB 010821
CLMAUW


CLIMATE REPORT
NATIONAL WEATHER SERVICE GREEN BAY
216 AM CST WED MAR 1 2017

...................................

...THE WAUSAU WI CLIMATE SUMMARY FOR THE MONTH OF FEBRUARY 2017...

CLIMATE NORMAL PERIOD 1981 TO 2010
CLIMATE RECORD PERIOD 1896 TO 2017

WEATHER         OBSERVED          NORMAL  DEPART  LAST YEAR`S
                 VALUE   DATE(S)  VALUE   FROM    VALUE  DATE(S)
                                          NORMAL
................................................................
TEMPERATURE (F)
RECORD
 HIGH              59   02/26/2000
 LOW              -40   02/10/1899
HIGHEST            57   02/19        46      11       55  02/27
LOWEST             -4   02/09       -15      11      -14  02/14
                        02/04
                        02/03
AVG. MAXIMUM     34.7              28.1     6.6     30.8
AVG. MINIMUM     18.0              10.0     8.0     15.3
MEAN             26.3              19.1     7.2     23.1
DAYS MAX >= 90      0               0.0     0.0        0
DAYS MAX <= 32     13              17.4    -4.4       15
DAYS MIN <= 32     24              27.0    -3.0       27
DAYS MIN <= 0       4               6.9    -2.9        4

PRECIPITATION (INCHES)
RECORD
 MAXIMUM         4.51   1945
 MINIMUM         0.05   1964
TOTALS           1.60              0.92    0.68     0.59
DAILY AVG.       0.06              0.03    0.03     0.02
DAYS >= .01         5               7.7    -2.7       10
DAYS >= .10         2               2.8    -0.8        1
DAYS >= .50         2               0.3     1.7
DAYS >= 1.00        0               0.1    -0.1        0
GREATEST
 STORM TOTAL       MM
 (MM/DD(HH))            MM

SNOWFALL (INCHES)
RECORDS
 TOTAL           34.5   1945
 24 HR TOTAL      8.7   MM
TOTALS            7.7               9.6    -1.9      9.0
SINCE 7/1        53.8              45.3     8.5     24.4
DAYS >= TRACE       7               7.5    -0.5
DAYS >= 1.0         1               3.3    -2.3        2
GREATEST
 SNOW DEPTH         9   02/07                         11  02/17
                        02/06                             02/16
                        02/05                             02/15
 24 HR TOTAL      7.3   MM

DEGREE_DAYS
HEATING TOTAL    1078              1286    -208     1209
 SINCE 7/1       5226              6136    -910     5123
COOLING TOTAL       0                 0       0        0
 SINCE 1/1          0                 0       0        0
.................................................................

WIND (MPH)
AVERAGE WIND SPEED              8.9
HIGHEST WIND SPEED/DIRECTION    32/300    DATE  02/12
HIGHEST GUST SPEED/DIRECTION    44/290    DATE  02/12

SKY COVER
POSSIBLE SUNSHINE (PERCENT)   MM
AVERAGE SKY COVER           0.40
NUMBER OF DAYS FAIR           10
NUMBER OF DAYS PC             13
NUMBER OF DAYS CLOUDY          5

AVERAGE RH (PERCENT)     72

WEATHER CONDITIONS. NUMBER OF DAYS WITH
THUNDERSTORM              0     MIXED PRECIP               0
HEAVY RAIN                1     RAIN                       1
LIGHT RAIN                4     FREEZING RAIN              0
LT FREEZING RAIN          1     HAIL                       0
HEAVY SNOW                1     SNOW                       2
LIGHT SNOW                7     SLEET                      0
FOG                      12     FOG W/VIS <= 1/4 MILE      3
HAZE                      2

-  INDICATES NEGATIVE NUMBERS.
R  INDICATES RECORD WAS SET OR TIED.
MM INDICATES DATA IS MISSING.
T  INDICATES TRACE AMOUNT.

$$
