000
CXUS52 KGSP 011450
CLMAVL

CLIMATE REPORT
NATIONAL WEATHER SERVICE GREENVILLE-SPARTANBURG SC
1050 AM EDT SAT APR 1 2017

...................................

...THE ASHEVILLE CLIMATE SUMMARY FOR THE MONTH OF MARCH 2017...

CLIMATE NORMAL PERIOD 1981 TO 2010
CLIMATE RECORD PERIOD 1869 TO 2017

WEATHER         OBSERVED          NORMAL  DEPART  LAST YEAR`S
                 VALUE   DATE(S)  VALUE   FROM    VALUE  DATE(S)
                                          NORMAL
................................................................
TEMPERATURE (F)
RECORD
 HIGH              87   03/25/1929
 LOW                2   03/15/1993
HIGHEST            80   03/21        MM      MM       80  03/16
LOWEST             19   03/15        MM      MM       26  03/03
AVG. MAXIMUM     59.3              58.7     0.6     65.0
AVG. MINIMUM     37.3              35.5     1.8     41.2
MEAN             48.3              47.1     1.2     53.1
DAYS MAX >= 90      0               0.0     0.0        0
DAYS MAX <= 32      1               0.3     0.7        0
DAYS MIN <= 32     13              11.2     1.8        6
DAYS MIN <= 0       0               0.0     0.0        0

PRECIPITATION (INCHES)
RECORD
 MAXIMUM         9.86   1975
 MINIMUM         0.43   1889
TOTALS           3.92              3.83    0.09     1.56
DAILY AVG.       0.13              0.12    0.01     0.05
DAYS >= .01        16              11.0     5.0       10
DAYS >= .10        11               6.7     4.3        5
DAYS >= .50         3               2.5     0.5        1
DAYS >= 1.00        0               1.0    -1.0        0
GREATEST
 24 HR. TOTAL    0.86   03/31 TO 03/31           03/13 TO 03/13
                                                          03/12 TO 03/13
                                                          03/13 TO 03/13
 STORM TOTAL       MM                                 MM
 (MM/DD(HH))            MM                    03/13(00) TO 03/13(00)
                                                 03/13(00) TO 03/13(00)3
                                                 03/13(00) TO 03/13(00)3

SNOWFALL (INCHES)
RECORDS
 TOTAL           28.9   1960
 24 HR TOTAL     16.5   03/13/1993 TO 03/14/1993
 SNOW DEPTH        18   03/14/1993
TOTALS            2.1               1.9     0.2        T
 LIQUID EQUIV    0.21              0.20    0.01       MM
SINCE 7/1         9.4               9.2     0.2     13.9
 LIQUID 7/1      0.94              0.90    0.04     1.39
SNOWDEPTH AVG.      0                MM      MM        0
DAYS >= TRACE       4               0.9     3.1        1
DAYS >= 1.0         1               0.4     0.6        0
GREATEST
 SNOW DEPTH         2   03/12                          0  MM
 24 HR TOTAL      2.0   03/11 TO 03/12           03/03 TO 03/03
                                                          03/13 TO 03/13
                                                          03/13 TO 03/13
 STORM TOTAL       MM                                 MM
 (MM/DD(HH))            MM                    03/03(00) TO 03/03(00)
                                                 03/13(00) TO 03/13(00)3
                                                 03/13(00) TO 03/13(00)3

DEGREE_DAYS
HEATING TOTAL     507               555     -48      361
 SINCE 7/1       2901              3772    -871     3108
COOLING TOTAL       0                 1      -1        0
 SINCE 1/1          0                 1      -1        0

FREEZE DATES
RECORD
 EARLIEST     MM
 LATEST       MM
EARLIEST                        MM
LATEST                          MM
....................................................

WIND (MPH)
AVERAGE WIND SPEED              8.9
HIGHEST WIND SPEED/DIRECTION    36/330    DATE  03/02
HIGHEST GUST SPEED/DIRECTION    44/340    DATE  03/15

SKY COVER
POSSIBLE SUNSHINE (PERCENT)   MM
AVERAGE SKY COVER           0.40
NUMBER OF DAYS FAIR           14
NUMBER OF DAYS PC             11
NUMBER OF DAYS CLOUDY          6

AVERAGE RH (PERCENT)     58

WEATHER CONDITIONS. NUMBER OF DAYS WITH
THUNDERSTORM              7     MIXED PRECIP               0
HEAVY RAIN                8     RAIN                      10
LIGHT RAIN               16     FREEZING RAIN              0
LT FREEZING RAIN          0     HAIL                       0
HEAVY SNOW                0     SNOW                       0
LIGHT SNOW                4     SLEET                      0
FOG                      13     FOG W/VIS <= 1/4 MILE      3
HAZE                      1

-  INDICATES NEGATIVE NUMBERS.
R  INDICATES RECORD WAS SET OR TIED.
MM INDICATES DATA IS MISSING.
T  INDICATES TRACE AMOUNT.

$$

OUTLAW
