000
CXUS52 KGSP 011159
CLMAVL

CLIMATE REPORT
NATIONAL WEATHER SERVICE GREENVILLE-SPARTANBURG SC
756 AM EDT SAT OCT 1 2016

...................................

...THE ASHEVILLE CLIMATE SUMMARY FOR THE MONTH OF SEPTEMBER 2016...

CLIMATE NORMAL PERIOD 1981 TO 2010
CLIMATE RECORD PERIOD 1869 TO 2016

WEATHER         OBSERVED          NORMAL  DEPART  LAST YEAR`S
                 VALUE   DATE(S)  VALUE   FROM    VALUE  DATE(S)
                                          NORMAL
................................................................
TEMPERATURE (F)
RECORD
 HIGH              95   09/06/1954
                        09/05/1954
                        09/04/1954
 LOW               30   09/30/1967
HIGHEST            90   09/24        MM      MM       89  09/04
                        09/08                             09/03
LOWEST             49   09/30        MM      MM       40  09/14
AVG. MAXIMUM     83.4              76.9     6.5     78.2
AVG. MINIMUM     60.4              55.8     4.6     58.1
MEAN             71.9              66.3     5.6     68.2
DAYS MAX >= 90      2               0.4     1.6        0
DAYS MAX <= 32      0               0.0     0.0        0
DAYS MIN <= 32      0               0.0     0.0        0
DAYS MIN <= 0       0               0.0     0.0        0

PRECIPITATION (INCHES)
RECORD
 MAXIMUM        13.71   2004
 MINIMUM         0.16   1984
TOTALS           0.58              3.81   -3.23     4.50
DAILY AVG.       0.02              0.13   -0.11     0.15
DAYS >= .01         5               9.5    -4.5       13
DAYS >= .10         1               5.9    -4.9       10
DAYS >= .50         0               2.7    -2.7        2
DAYS >= 1.00        0               0.9    -0.9        2
GREATEST
 24 HR. TOTAL    0.53   09/26 TO 09/27           09/24 TO 09/25
                                                          09/25 TO 09/25
                                                          09/25 TO 09/25
 STORM TOTAL       MM                                 MM
 (MM/DD(HH))            MM                    09/25(00) TO 09/25(00)
                                                 09/25(00) TO 09/25(00)5
                                                 09/25(00) TO 09/25(00)5

SNOWFALL (INCHES)
RECORDS
 TOTAL             MM   MM
 24 HR TOTAL       MM
 SNOW DEPTH        MM   MM
TOTALS            0.0               0.0     0.0      0.0
 LIQUID EQUIV    0.00              0.00    0.00     0.00
SINCE 7/1         0.0               0.0     0.0      0.0
 LIQUID 7/1      0.00              0.00    0.00     0.00
SNOWDEPTH AVG.      0                MM      MM        0
DAYS >= TRACE       0               0.0     0.0        0
DAYS >= 1.0         0               0.0     0.0        0
GREATEST
 SNOW DEPTH         0   MM                             0  MM
 24 HR TOTAL      0.0   09/30 TO 09/30           09/25 TO 09/25
                                                          09/25 TO 09/25
                                                          09/25 TO 09/25
 STORM TOTAL       MM                                 MM
 (MM/DD(HH))            MM                    09/25(00) TO 09/25(00)
                                                 09/25(00) TO 09/25(00)5
                                                 09/25(00) TO 09/25(00)5

DEGREE_DAYS
HEATING TOTAL       5                55     -50       35
 SINCE 7/1          5                57     -52       35
COOLING TOTAL     219                95     124      139
 SINCE 1/1       1302               852     450     1144

FREEZE DATES
RECORD
 EARLIEST     MM
 LATEST       MM
EARLIEST                        MM
LATEST                          MM
......................................................

WIND (MPH)
AVERAGE WIND SPEED              4.1
HIGHEST WIND SPEED/DIRECTION    22/330    DATE  09/19
HIGHEST GUST SPEED/DIRECTION    30/340    DATE  09/19

SKY COVER
POSSIBLE SUNSHINE (PERCENT)   MM
AVERAGE SKY COVER           0.40
NUMBER OF DAYS FAIR           13
NUMBER OF DAYS PC             15
NUMBER OF DAYS CLOUDY          2

AVERAGE RH (PERCENT)     66

WEATHER CONDITIONS. NUMBER OF DAYS WITH
THUNDERSTORM              5     MIXED PRECIP               0
HEAVY RAIN                1     RAIN                       1
LIGHT RAIN                8     FREEZING RAIN              0
LT FREEZING RAIN          0     HAIL                       0
HEAVY SNOW                0     SNOW                       0
LIGHT SNOW                0     SLEET                      0
FOG                      16     FOG W/VIS <= 1/4 MILE      6
HAZE                      8

-  INDICATES NEGATIVE NUMBERS.
R  INDICATES RECORD WAS SET OR TIED.
MM INDICATES DATA IS MISSING.
T  INDICATES TRACE AMOUNT.

$$
JPT
