000
CXUS51 KBGM 012122
CLMAVP


CLIMATE REPORT
NATIONAL WEATHER SERVICE BINGHAMTON NY
516 PM EDT SAT AUG 1 2015

...................................

...THE AVOCA PA CLIMATE SUMMARY FOR THE MONTH OF JULY 2015...

CLIMATE NORMAL PERIOD 1981 TO 2010
CLIMATE RECORD PERIOD 1901 TO 2015

WEATHER         OBSERVED          NORMAL  DEPART  LAST YEAR`S
                 VALUE   DATE(S)  VALUE   FROM    VALUE  DATE(S)
                                          NORMAL
................................................................
TEMPERATURE (F)
RECORD
 HIGH             101   07/16/1988
                        07/03/1966
 LOW               43   07/06/1979
HIGHEST            93   07/19        82      11       92  07/23
LOWEST             51   07/16        62     -11       51  07/25
AVG. MAXIMUM     84.0              81.9     2.1     82.8
AVG. MINIMUM     61.8              60.9     0.9     61.7
MEAN             72.9              71.4     1.5     72.3
DAYS MAX >= 90      4               2.9     1.1        4
DAYS MAX <= 32      0               0.0     0.0        0
DAYS MIN <= 32      0               0.0     0.0        0
DAYS MIN <= 0       0               0.0     0.0        0

PRECIPITATION (INCHES)
RECORD
 MAXIMUM         7.25   1986
 MINIMUM         0.28   2001
TOTALS           2.33              3.79   -1.46     2.49
DAILY AVG.       0.08              0.12   -0.04     0.08
DAYS >= .01         9              11.2    -2.2       11
DAYS >= .10         6               7.3    -1.3        6
DAYS >= .50         2               2.6    -0.6        2
DAYS >= 1.00        0               0.8    -0.8        0
GREATEST
 24 HR. TOTAL    0.83   06/30 TO 07/01

SNOWFALL (INCHES)
RECORDS
 TOTAL            0.0   2007
                        2006
                        2005
 24 HR TOTAL      0.0   MM
TOTALS            0.0               0.0     0.0      0.0
SINCE 7/1         0.0               0.0     0.0      0.0
DAYS >= TRACE       0               0.0     0.0        0
DAYS >= 1.0         0               0.0     0.0        0
GREATEST
 24 HR TOTAL      0.0   07/31 TO 07/31

DEGREE_DAYS
HEATING TOTAL       0                 8      -8        2
 SINCE 7/1          0                 8      -8        2
COOLING TOTAL     253               206      47      235
 SINCE 1/1        556               360     196      435
.................................................................

WIND (MPH)
AVERAGE WIND SPEED              5.1
RESULTANT WIND SPEED/DIRECTION   1/235
HIGHEST WIND SPEED/DIRECTION    24/320    DATE  07/18
HIGHEST GUST SPEED/DIRECTION    35/310    DATE  07/18

SKY COVER
POSSIBLE SUNSHINE (PERCENT)   MM
AVERAGE SKY COVER           0.40
NUMBER OF DAYS FAIR           17
NUMBER OF DAYS PC             11
NUMBER OF DAYS CLOUDY          3

AVERAGE RH (PERCENT)     67

WEATHER CONDITIONS. NUMBER OF DAYS WITH
THUNDERSTORM              0     MIXED PRECIP               0
HEAVY RAIN                9     RAIN                       9
LIGHT RAIN               12     FREEZING RAIN              0
LT FREEZING RAIN          0     HAIL                       0
HEAVY SNOW                0     SNOW                       0
LIGHT SNOW                0     SLEET                      0
FOG                      17     FOG W/VIS <= 1/4 MILE      1
HAZE                      8

-  INDICATES NEGATIVE NUMBERS.
R  INDICATES RECORD WAS SET OR TIED.
MM INDICATES DATA IS MISSING.
T  INDICATES TRACE AMOUNT.

&&
RAIN GAUGE WAS NOT WORKING SO PRECIPITATION AMOUNTS ON THE
26TH AND 27TH ARE MISSING
$$
