000
CXUS51 KOKX 011450
CLMBDR
CLIMATE REPORT
NATIONAL WEATHER SERVICE NEW YORK, NY
950 AM EST FRI MAR 01 2024
...................................
...THE BRIDGEPORT CT CLIMATE SUMMARY FOR THE MONTH OF FEBRUARY 2024...
CLIMATE NORMAL PERIOD 1991 TO 2020
CLIMATE RECORD PERIOD 1948 TO 2024
WEATHER OBSERVED NORMAL DEPART LAST YEAR`S
VALUE DATE(S) VALUE FROM VALUE DATE(S)
NORMAL
................................................................
TEMPERATURE (F)
RECORD
HIGH 68 02/16/2023
LOW -6 02/14/2016
HIGHEST 56 02/10 MM MM 68 02/16
LOWEST 19 02/25 MM MM -4 02/04
AVG. MAXIMUM 43.6 40.5 3.1 45.4
AVG. MINIMUM 29.7 25.7 4.0 27.4
MEAN 36.7 33.1 3.6 36.4
DAYS MAX >= 90 0 0.0 0.0 0
DAYS MAX <= 32 0 5.6 -5.6 2
DAYS MIN <= 32 21 21.7 -0.7 20
DAYS MIN <= 0 0 0.1 -0.1 1
PRECIPITATION (INCHES)
RECORD
MAXIMUM 6.65 1972
MINIMUM 0.43 1987
TOTALS 1.86 3.12 -1.26 1.22
DAILY AVG. 0.06 NAN NAN 0.04
DAYS >= .01 9 10.4 -1.4 10
DAYS >= .10 4 6.2 -2.2 4
DAYS >= .50 2 2.2 -0.2 0
DAYS >= 1.00 0 0.8 -0.8 0
GREATEST
24 HR. TOTAL 0.70 02/13 TO 02/13 0.49 02/27 TO 02/28
STORM TOTAL 0.70 0.33
(MM/DD(HH)) MM
SNOWFALL (INCHES)
TOTALS 10.1 10.7 -0.6 4.1
LIQUID EQUIV 1.00 1.00 0.00 0.40
SINCE 7/1 15.6 25.7 -10.1 MM
LIQUID 7/1 1.56 2.50 -0.94 MM
SNOWDEPTH AVG. 1 0
DAYS >= TRACE 4 4.0 0.0 6
DAYS >= 1.0 2 2.4 -0.4 2
GREATEST
SNOW DEPTH 7 02/14 3 02/28
24 HR TOTAL MM MM 4.1
STORM TOTAL 7.6 2.0
(MM/DD(HH)) MM
DEGREE DAYS
HEATING TOTAL 816 893 -77 796
SINCE 7/1 3393 3760 -367 MM
COOLING TOTAL 0 0 0 0
SINCE 1/1 0 0 0 MM
................................................................
WIND (MPH)
AVERAGE WIND SPEED 8.4
HIGHEST WIND SPEED/DIRECTION 39/310 DATE 02/28
HIGHEST GUST SPEED/DIRECTION 56/300 DATE 02/28
56/300 02/29
WEATHER CONDITIONS. NUMBER OF DAYS WITH
THUNDERSTORM 0 MIXED PRECIP 0
HEAVY RAIN 2 RAIN 2
LIGHT RAIN 7 FREEZING RAIN 0
LT FREEZING RAIN 0 HAIL 0
HEAVY SNOW 1 SNOW 0
LIGHT SNOW 4 SLEET 0
FOG 8 FOG W/VIS <= 1/4 MILE 3
HAZE 0
- INDICATES NEGATIVE NUMBERS.
R INDICATES RECORD WAS SET OR TIED.
MM INDICATES DATA IS MISSING.
T INDICATES TRACE AMOUNT.
$$