000
CXUS51 KOKX 011147 RRA
CLMBDR

CLIMATE REPORT
NATIONAL WEATHER SERVICE NEW YORK NY
737 AM EDT SAT AUG 1 2015

...................................

...THE BRIDGEPORT CT CLIMATE SUMMARY FOR THE MONTH OF JULY 2015...

CLIMATE NORMAL PERIOD 1981 TO 2010
CLIMATE RECORD PERIOD 1948 TO 2015

WEATHER         OBSERVED          NORMAL  DEPART  LAST YEAR`S
                 VALUE   DATE(S)  VALUE   FROM    VALUE  DATE(S)
                                          NORMAL
................................................................
TEMPERATURE (F)
RECORD
 HIGH             103   07/22/1957
 LOW               49   07/01/1988
HIGHEST            93   07/20        MM      MM       90  07/08
LOWEST             60   07/17        MM      MM       61  07/30
                                                          07/06
                                                          07/05
AVG. MAXIMUM     83.6              82.2     1.4     82.6
AVG. MINIMUM     68.6              66.4     2.2     67.5
MEAN             76.1              74.3     1.8     75.1
DAYS MAX >= 90      5               3.0     2.0        1
DAYS MAX <= 32      0               0.0     0.0        0
DAYS MIN <= 32      0               0.0     0.0        0
DAYS MIN <= 0       0               0.0     0.0        0

PRECIPITATION (INCHES)
RECORD
 MAXIMUM        12.84   1971
 MINIMUM         0.47   1979
TOTALS           2.67              3.46   -0.79     3.46
DAILY AVG.       0.09              0.11   -0.02     0.11
DAYS >= .01         9               8.9     0.1        9
DAYS >= .10         6               5.8     0.2        6
DAYS >= .50         3               2.2     0.8        3
DAYS >= 1.00        0               1.0    -1.0        1
GREATEST
 24 HR. TOTAL    0.78   07/13 TO 07/14           07/14 TO 07/15
                        07/14 TO 07/14                    07/31 TO 07/31
                        07/14 TO 07/15                    07/31 TO 07/31
 STORM TOTAL       MM                                 MM
 (MM/DD(HH))            MM                    07/15(00) TO 07/15(00)
                                                 07/31(00) TO 07/31(00)1
                                                 07/31(00) TO 07/31(00)1

DEGREE_DAYS
HEATING TOTAL       0                 1      -1        0
 SINCE 7/1          0                 1      -1        0
COOLING TOTAL     353               289      64      323
 SINCE 1/1        568               456     112      492
..................................................

WIND (MPH)
AVERAGE WIND SPEED              6.9
HIGHEST WIND SPEED/DIRECTION    24/210    DATE  07/30
HIGHEST GUST SPEED/DIRECTION    31/210    DATE  07/30


WEATHER CONDITIONS. NUMBER OF DAYS WITH
THUNDERSTORM              0     MIXED PRECIP               0
HEAVY RAIN                3     RAIN                       4
LIGHT RAIN               10     FREEZING RAIN              0
LT FREEZING RAIN          0     HAIL                       0
HEAVY SNOW                0     SNOW                       0
LIGHT SNOW                0     SLEET                      0
FOG                      17     FOG W/VIS <= 1/4 MILE      0
HAZE                      5

-  INDICATES NEGATIVE NUMBERS.
R  INDICATES RECORD WAS SET OR TIED.
MM INDICATES DATA IS MISSING.
T  INDICATES TRACE AMOUNT.

$$
