000
CXAK58 PABE 020253
CLMBET


CLIMATE REPORT
NATIONAL WEATHER SERVICE ANCHORAGE, AK
550 PM AKST THU DEC 1 2016

...................................

...THE BETHEL CLIMATE SUMMARY FOR THE MONTH OF NOVEMBER 2016...

CLIMATE NORMAL PERIOD 1981 TO 2010
CLIMATE RECORD PERIOD 1948 TO 2016

WEATHER         OBSERVED          NORMAL  DEPART  LAST YEAR`S
                 VALUE   DATE(S)  VALUE   FROM    VALUE  DATE(S)
                                          NORMAL
................................................................
TEMPERATURE (F)
RECORD
 HIGH              54   11/02/1926
 LOW              -31   11/30/1939
HIGHEST            43                MM      MM       MM
LOWEST            -15                MM      MM       MM
AVG. MAXIMUM     18.9              23.2    -4.3       MM
AVG. MINIMUM      8.1              11.6    -3.5       MM
MEAN             13.5              17.4    -3.9       MM
DAYS MAX >= 90      0               0.0     0.0       MM
DAYS MAX <= 32     27              21.0     6.0       MM
DAYS MIN <= 32     30              28.2     1.8       MM
DAYS MIN <= 0       8               6.5     1.5       MM

PRECIPITATION (INCHES)
RECORD
 MAXIMUM           MM   MM
 MINIMUM           MM   MM
TOTALS           0.47              1.60   -1.13       MM
DAILY AVG.       0.02              0.05   -0.03       MM
DAYS >= .01        10              12.6    -2.6       MM
DAYS >= .10         1               4.7    -3.7       MM
DAYS >= .50         0               0.6    -0.6       MM
DAYS >= 1.00        0               0.1    -0.1       MM
GREATEST
 24 HR. TOTAL    0.22   11/24 TO 11/25                MM
 STORM TOTAL       MM                                 MM
 (MM/DD(HH))            MM                                MM

SNOWFALL (INCHES)
RECORDS
 TOTAL             MM   MM
 24 HR TOTAL       MM
 SNOW DEPTH        MM   MM
TOTALS            3.6              12.9    -9.3       MM
SINCE 7/1         3.6              17.9   -14.3       MM
SNOWDEPTH AVG.      1                 4      -3       MM
DAYS >= TRACE      14              11.5     2.5       MM
DAYS >= 1.0         1               3.9    -2.9
GREATEST
 SNOW DEPTH         3   11/30                         MM  MM
                        11/29
                        11/28
 24 HR TOTAL      2.4   MM                            MM
 STORM TOTAL       MM                                 MM
 (MM/DD(HH))            MM

DEGREE_DAYS
HEATING TOTAL    1540              1428     112       MM
 SINCE 7/1       3228              3723    -495       MM
COOLING TOTAL       0                 0       0       MM
 SINCE 1/1         13                 4       9       MM

FREEZE DATES
RECORD
 EARLIEST     MM
 LATEST       MM
EARLIEST                        MM
LATEST                          MM
.................................................................

WIND (MPH)
AVERAGE WIND SPEED              11.8
RESULTANT WIND SPEED/DIRECTION  10/017
HIGHEST WIND SPEED/DIRECTION    33/020    DATE  11/30
HIGHEST GUST SPEED/DIRECTION    42/010    DATE  11/30

SKY COVER
POSSIBLE SUNSHINE (PERCENT)   MM
AVERAGE SKY COVER           0.60
NUMBER OF DAYS FAIR            9
NUMBER OF DAYS PC              9
NUMBER OF DAYS CLOUDY         12

AVERAGE RH (PERCENT)     89

WEATHER CONDITIONS. NUMBER OF DAYS WITH
THUNDERSTORM              0     MIXED PRECIP               0
HEAVY RAIN                0     RAIN                       0
LIGHT RAIN                1     FREEZING RAIN              1
LT FREEZING RAIN          1     HAIL                       0
HEAVY SNOW                0     SNOW                       1
LIGHT SNOW               14     SLEET                      0
FOG                      18     FOG W/VIS <= 1/4 MILE      1
HAZE                      1

-  INDICATES NEGATIVE NUMBERS.
R  INDICATES RECORD WAS SET OR TIED.
MM INDICATES DATA IS MISSING.
T  INDICATES TRACE AMOUNT.

$$
