000
CXUS55 KCYS 052050
CLMBFF


CLIMATE REPORT
NATIONAL WEATHER SERVICE CHEYENNE WY
150 PM MST WED NOV 5 2014

...................................

...THE SCOTTSBLUFF NE AIRPORT CLIMATE SUMMARY FOR THE MONTH OF OCTOBER 2014...

CLIMATE NORMAL PERIOD 1981 TO 2010
CLIMATE RECORD PERIOD 1871 TO 2014

WEATHER         OBSERVED          NORMAL  DEPART  LAST YEAR`S
                 VALUE   DATE(S)  VALUE   FROM    VALUE  DATE(S)
                                          NORMAL
................................................................
TEMPERATURE (F)
RECORD
 HIGH              93   10/03/1906
 LOW               -6   10/31/1991
HIGHEST            85   10/15        65      20       82
LOWEST             25   10/29        34      -9       26
AVG. MAXIMUM     70.7              64.1     6.6     59.5
AVG. MINIMUM     35.8              32.9     2.9     33.3
MEAN             53.3              48.5     4.8     46.4
DAYS MAX >= 90      0               0.1                0
DAYS MAX <= 32      0               0.5                0
DAYS MIN <= 32     11              12.7               19
DAYS MIN <= 0       0               0.1                0

PRECIPITATION (INCHES)
RECORD
 MAXIMUM         3.14   2009
 MINIMUM            T   1934
                        1933
TOTALS           0.59              1.14   -0.55     1.67
DAYS >= .01         7               6.5     0.5       10
DAYS >= .10         2               3.0    -1.0        3
DAYS >= .50         0               0.5    -0.5        1
DAYS >= 1.00        0               0.2    -0.2        0
GREATEST
 24 HR. TOTAL    0.43   10/26 TO 10/27

SNOWFALL (INCHES)
RECORDS
 TOTAL           31.5   2009
TOTALS            0.0               2.7    -2.7      6.6
SINCE 7/1           T               3.2    -3.2      6.6
SNOWDEPTH AVG.      0
DAYS >= TRACE       0               1.5    -1.5        4
DAYS >= 1.0         0               0.9    -0.9        1
GREATEST
 SNOW DEPTH         0   MM                             1  10/05
 24 HR TOTAL      0.0   10/31 TO 10/31           10/04 TO 10/04
                                                          10/04 TO 10/04
                                                          10/04 TO 10/04

DEGREE_DAYS
HEATING TOTAL     354               512    -158      568
 SINCE 7/1        478               691    -213      656
COOLING TOTAL       0                 1      -1        0
 SINCE 1/1        719               724      -5     1047
.....................................................

WIND (MPH)
AVERAGE WIND SPEED              8.3
HIGHEST WIND SPEED/DIRECTION    37/320    DATE  10/05
HIGHEST GUST SPEED/DIRECTION    48/320    DATE  10/05

SKY COVER
POSSIBLE SUNSHINE (PERCENT)   MM
AVERAGE SKY COVER           0.10
NUMBER OF DAYS FAIR           27
NUMBER OF DAYS PC              4
NUMBER OF DAYS CLOUDY          0

AVERAGE RH (PERCENT)     62

WEATHER CONDITIONS. NUMBER OF DAYS WITH
THUNDERSTORM              0     MIXED PRECIP               0
HEAVY RAIN                0     RAIN                       2
LIGHT RAIN                7     FREEZING RAIN              0
LT FREEZING RAIN          0     HAIL                       0
HEAVY SNOW                0     SNOW                       0
LIGHT SNOW                0     SLEET                      0
FOG                       7     FOG W/VIS <= 1/4 MILE      0
HAZE                      4

-  INDICATES NEGATIVE NUMBERS.
R  INDICATES RECORD WAS SET OR TIED.
MM INDICATES DATA IS MISSING.
T  INDICATES TRACE AMOUNT.

$$
