000
CXUS55 KCYS 172303
CLMBFF


CLIMATE REPORT
NATIONAL WEATHER SERVICE CHEYENNE WY
403 PM MST SAT JAN 17 2015

...................................

...THE SCOTTSBLUFF NE AIRPORT CLIMATE SUMMARY FOR THE YEAR OF 2014...

CLIMATE NORMAL PERIOD 1981 TO 2010
CLIMATE RECORD PERIOD 1871 TO 2015

WEATHER         OBSERVED          NORMAL  DEPART  LAST YEAR`S
                 VALUE   DATE(S)  VALUE   FROM    VALUE
                                          NORMAL
.............................................................
TEMPERATURE (F)
RECORD
 HIGH             110   07/11/1939
 LOW              -45   02/12/1899
HIGHEST           105   07/24                        102
LOWEST            -28   12/31                        -17
AVG. MAXIMUM     63.4              63.6    -0.2     64.3
AVG. MINIMUM     33.5              34.1    -0.6     34.5
MEAN             48.5              48.8    -0.3     49.4
DAYS MAX >= 90     50              42.6               60
DAYS MAX <= 32     41              26.7               25
DAYS MIN <= 32    176             172.7              187
DAYS MIN <= 0      22              12.7               13

PRECIPITATION (INCHES)
RECORD
 MAXIMUM        27.48   1915
 MINIMUM         2.93   2002
TOTALS          19.27             15.79    3.48    13.37
DAILY AVG.       0.05              0.04    0.01     0.04
DAYS >= .01       108              87.2               92
DAYS >= .10        48              40.1               37
DAYS >= .50         8               8.0                7
DAYS >= 1.00        3               1.9                0
GREATEST
 24 HR. TOTAL    3.47   09/29 TO 09/30              1.09

SNOWFALL (INCHES)
RECORDS
 TOTAL           67.2   1987
TOTALS           73.3R             42.1    31.2     55.2
SINCE 7/1        30.9              16.0    14.9     24.1
DAYS >= TRACE      62              27.0               49
DAYS >= 1.0        23              13.6               16
GREATEST
 SNOW DEPTH        14   12/27                          9
 24 HR TOTAL     10.5   12/14 TO 12/15               9.2

DEGREE_DAYS
HEATING TOTAL    6597              6616     -19     6610
 SINCE 7/1         MM              2772      MM       MM
COOLING TOTAL     719               724      -5     1047
 SINCE 1/1        719               724      -5     1047
..............................................................

WIND (MPH)
AVERAGE WIND SPEED              9.6
HIGHEST WIND SPEED/DIRECTION    51/340    DATE  04/29
HIGHEST GUST SPEED/DIRECTION    72/260    DATE  07/21

SKY COVER
POSSIBLE SUNSHINE (PERCENT)   MM
AVERAGE SKY COVER           0.30
NUMBER OF DAYS FAIR          233
NUMBER OF DAYS PC            101
NUMBER OF DAYS CLOUDY         27

AVERAGE RH (PERCENT)     63

WEATHER CONDITIONS. NUMBER OF DAYS WITH
THUNDERSTORM              0     MIXED PRECIP               0
HEAVY RAIN               17     RAIN                      27
LIGHT RAIN              107     FREEZING RAIN              0
LT FREEZING RAIN          1     HAIL                       1
HEAVY SNOW                6     SNOW                      14
LIGHT SNOW               62     SLEET                      0
FOG                     115     FOG W/VIS <= 1/4 MILE     17
HAZE                     48

-  INDICATES NEGATIVE NUMBERS.
R  INDICATES RECORD WAS SET OR TIED.
MM INDICATES DATA IS MISSING.
T  INDICATES TRACE AMOUNT.

$$
