000
CXUS51 KBGM 012122
CLMBGM


CLIMATE REPORT
NATIONAL WEATHER SERVICE BINGHAMTON NY
516 PM EDT SAT AUG 1 2015

...................................

...THE BINGHAMTON NY CLIMATE SUMMARY FOR THE MONTH OF JULY 2015...

CLIMATE NORMAL PERIOD 1981 TO 2010
CLIMATE RECORD PERIOD 1951 TO 2015

WEATHER         OBSERVED          NORMAL  DEPART  LAST YEAR`S
                 VALUE   DATE(S)  VALUE   FROM    VALUE  DATE(S)
                                          NORMAL
................................................................
TEMPERATURE (F)
RECORD
 HIGH              98   07/16/1988
 LOW               39   07/09/1963
HIGHEST            86   07/19        78       8       86  07/01
LOWEST             49   07/16        59     -10       50  07/25
AVG. MAXIMUM     77.1              77.8    -0.7     77.0
AVG. MINIMUM     58.6              59.6    -1.0     58.8
MEAN             67.9              68.7    -0.8     67.9
DAYS MAX >= 90      0               0.7    -0.7        0
DAYS MAX <= 32      0               0.0     0.0        0
DAYS MIN <= 32      0               0.0     0.0        0
DAYS MIN <= 0       0               0.0     0.0        0

PRECIPITATION (INCHES)
RECORD
 MAXIMUM         7.68   2004
 MINIMUM         0.83   1955
TOTALS           5.15              3.70    1.45     3.84
DAILY AVG.       0.17              0.12    0.05     0.12
DAYS >= .01        14              11.8     2.2       13
DAYS >= .10        11               7.5     3.5        6
DAYS >= .50         5               2.6     2.4        2
DAYS >= 1.00        1               0.9     0.1        1
GREATEST
 24 HR. TOTAL    1.39   06/30 TO 07/01

SNOWFALL (INCHES)
RECORDS
 TOTAL              T   2014
                        2010
 24 HR TOTAL        T   07/23/2014 TO 07/23/2014
                        07/14/2014 TO 07/14/2014
                        07/13/2014 TO 07/13/2014
 SNOW DEPTH         T   07/23/2014
TOTALS              TR              0.0     0.0        T
SINCE 7/1           T               0.0     0.0        T
SNOWDEPTH AVG.      0                MM      MM        0
DAYS >= TRACE       1               0.0     1.0        1
DAYS >= 1.0         0               0.0     0.0        0
GREATEST
 SNOW DEPTH         TR  07/26                          0  MM
 24 HR TOTAL        TR  07/26 TO 07/26

DEGREE_DAYS
HEATING TOTAL      24                24       0       25
 SINCE 7/1         24                24       0       25
COOLING TOTAL     119               138     -19      123
 SINCE 1/1        242               235       7      233
.................................................................

WIND (MPH)
AVERAGE WIND SPEED              6.0
RESULTANT WIND SPEED/DIRECTION   2/260
HIGHEST WIND SPEED/DIRECTION    25/330    DATE  07/21
HIGHEST GUST SPEED/DIRECTION    38/330    DATE  07/21

SKY COVER
POSSIBLE SUNSHINE (PERCENT)   MM
AVERAGE SKY COVER           0.30
NUMBER OF DAYS FAIR           19
NUMBER OF DAYS PC             10
NUMBER OF DAYS CLOUDY          2

AVERAGE RH (PERCENT)     75

WEATHER CONDITIONS. NUMBER OF DAYS WITH
THUNDERSTORM              0     MIXED PRECIP               0
HEAVY RAIN                8     RAIN                      10
LIGHT RAIN               15     FREEZING RAIN              0
LT FREEZING RAIN          0     HAIL                       0
HEAVY SNOW                0     SNOW                       0
LIGHT SNOW                0     SLEET                      0
FOG                      21     FOG W/VIS <= 1/4 MILE      4
HAZE                      4

-  INDICATES NEGATIVE NUMBERS.
R  INDICATES RECORD WAS SET OR TIED.
MM INDICATES DATA IS MISSING.
T  INDICATES TRACE AMOUNT.

&&
12TH WETTEST JULY
RECORD LOW TEMPERATURE ON JULY 16TH OF 49  OLD RECORD 50 IN 1987
SNOWFALL ON THE 26TH WAS HAIL

$$
