000
CXUS51 KCAR 031639 RRA
CLMBGR

CLIMATE REPORT...PRELIMINARY
NATIONAL WEATHER SERVICE CARIBOU, ME
955 AM EST SUN DEC 3 2017

...................................

...THE BANGOR ME CLIMATE SUMMARY FOR THE MONTH OF NOVEMBER 2017...

CLIMATE NORMAL PERIOD 1981 TO 2010
CLIMATE RECORD PERIOD 1925 TO 2017

WEATHER         OBSERVED          NORMAL  DEPART  LAST YEAR`S
                 VALUE   DATE(S)  VALUE   FROM    VALUE  DATE(S)
                                          NORMAL
................................................................
TEMPERATURE (F)
RECORD
 HIGH              75   11/06/1938
 LOW               -3   11/29/1940
HIGHEST            67   11/03        MM      MM       62  11/14
                                                          11/02
LOWEST             12   11/28        MM      MM       20  11/29
AVG. MAXIMUM     46.1              45.3     0.8     47.8
AVG. MINIMUM     26.7              28.5    -1.8     31.6
MEAN             36.4              36.9    -0.5     39.7
DAYS MAX >= 90      0               0.0     0.0        0
DAYS MAX <= 32      0               1.7    -1.7        0
DAYS MIN <= 32     22              20.4     1.6       19
DAYS MIN <= 0       0               0.0     0.0        0

PRECIPITATION (INCHES)
RECORD
 MAXIMUM        11.61   1983
 MINIMUM         0.50   1939
TOTALS           3.05                     -1.15
DAILY AVG.       0.10              0.14   -0.04     0.14
DAYS >= .01        10              11.5    -1.5       12
DAYS >= .10         5               7.5    -2.5        8
DAYS >= .50         4               3.0     1.0        3
DAYS >= 1.00        0               1.0    -1.0        2
GREATEST
 24 HR. TOTAL    0.91   11/22 TO 11/22           11/15 TO 11/16
                                                          11/27 TO 11/27
                                                          11/27 TO 11/27

SNOWFALL (INCHES)
RECORDS
 TOTAL           25.9   2014
TOTALS              T               2.3    -2.3      1.5
SINCE 7/1           T               2.4    -2.4      1.5
SNOWDEPTH AVG.      0                MM      MM        0
DAYS >= 1.0         0               0.9    -0.9        1
GREATEST
 SNOW DEPTH         0   MM                             0  MM
 24 HR TOTAL        T   11/16 TO 11/16           11/27 TO 11/27
                                                          11/27 TO 11/27
                                                          11/27 TO 11/27

DEGREE_DAYS
HEATING TOTAL     850               843       7      753
 SINCE 7/1       1259              1669    -410     1419
COOLING TOTAL       0                 0       0        0
 SINCE 1/1        368               318      50      448
........................................................

WIND (MPH)
AVERAGE WIND SPEED              7.9
HIGHEST WIND SPEED/DIRECTION    30/320    DATE  11/10
HIGHEST GUST SPEED/DIRECTION    40/320    DATE  11/10

SKY COVER
POSSIBLE SUNSHINE (PERCENT)   MM
AVERAGE SKY COVER           0.60
NUMBER OF DAYS FAIR            3
NUMBER OF DAYS PC             18
NUMBER OF DAYS CLOUDY          9

AVERAGE RH (PERCENT)     67

WEATHER CONDITIONS. NUMBER OF DAYS WITH
THUNDERSTORM              0     MIXED PRECIP               0
HEAVY RAIN                0     RAIN                       5
LIGHT RAIN               13     FREEZING RAIN              0
LT FREEZING RAIN          0     HAIL                       0
HEAVY SNOW                0     SNOW                       1
LIGHT SNOW                2     SLEET                      1
FOG                      11     FOG W/VIS <= 1/4 MILE      0
HAZE                      1

-  INDICATES NEGATIVE NUMBERS.
R  INDICATES RECORD WAS SET OR TIED.
MM INDICATES DATA IS MISSING.
T  INDICATES TRACE AMOUNT.
------------------------------------------------------------------------------------------

...NORTHERN AND EASTERN MONTHLY CLIMATE NARRATIVE...

NOVEMBER 2017 FINISHED WITH BELOW AVERAGE TEMPERATURES.
PRECIPITATION WAS MORE VARIABLE AND RANGED FROM 50 TO 75 PERCENT
OF NORMAL ACROSS MUCH OF THE REGION, BUT FROM 100 TO 130 PERCENT
OF NORMAL ACROSS PARTS OF FAR NORTHEAST MAINE AND INTO THE SAINT
JOHN VALLEY. THE PRECIPITATION WAS SPREAD OUT ACROSS THE MONTH
WITH NO PROLONGED PERIODS OF DRY WEATHER.  SNOWFALL WAS WELL
BELOW AVERAGE THIS PAST NOVEMBER.

TEMPERATURES ACROSS THE REGION AS A WHOLE AVERAGED FROM 0.5 TO 2
DEGREES BELOW AVERAGE, WHICH WAS IN SHARP CONTRAST TO OCTOBER
WHICH WAS THE WARMEST ON RECORD AT CARIBOU, BANGOR, HOULTON, AND
MILLINOCKET. IT WAS THE COOLEST NOVEMBER ACROSS NORTHERN AND
EASTERN MAINE SINCE 2014.

FOR THE TWO MONTH PERIOD OF SEPTEMBER THROUGH OCTOBER IT WAS THE
WARMEST ON RECORD AT CARIBOU, HOULTON, MILLINOCKET, AND BANGOR.
THE COLDER THAN AVERAGE NOVEMBER WAS ENOUGH THAT HOULTON WAS THE
ONLY CLIMATE SITE TO EXPERIENCE THE WARMEST METEOROLOGICAL FALL
(SEPTEMBER THROUGH NOVEMBER) ON RECORD. CARIBOU ENDED WITH THE
2ND WARMEST, MILLINOCKET THE 3RD WARMEST, AND BANGOR THE 4TH
WARMEST.

ONLY A TRACE OF SNOW WAS OBSERVED AT BANGOR THIS PAST NOVEMBER.
THE LAST TIME ONLY A TRACE OF SNOW WAS OBSERVED AT BANGOR IN
NOVEMBER WAS IN 2009, BUT IT IS NOT ALL THAT UNCOMMON AS THERE
HAVE BEEN 17 YEARS SINCE WEATHER RECORDS BEGAN IN 1926 WHEN ONLY A
TRACE OF SNOW WAS OBSERVED AT BANGOR DURING THE MONTH OF
NOVEMBER. AT CARIBOU A TOTAL OF 3.9" OF SNOW WAS OBSERVED, WHICH
TIED WITH 1962 AS THE 12TH LEAST SNOWY NOVEMBER ON RECORD. THE
FIRST MEASURABLE SNOW AT CARIBOU DUD NOT OCCUR UNTIL 0.8" WAS
OBSERVED ON THE 17TH. THIS WAS THE 4TH LATEST MEASURABLE SNOWFALL
ON RECORD BEHIND ONLY 1994, 2010, AND 2016.

THE OUTLOOK FOR DECEMBER FROM THE CLIMATE PREDICTION CENTER CALLS
FOR AN INCREASED LIKELIHOOD OF BELOW AVERAGE TEMPERATURES. THERE ARE
NO STRONG CLIMATE SIGNALS THAT WOULD POINT TOWARD AN UNUSUALLY WET
(SNOWY) OR DRY MONTH. THE WINTER SOLSTICE THIS YEAR WILL BE OBSERVED
AT 11:28 AM ON DECEMBER 21ST.

THE AVERAGE HIGH TEMPERATURE AT CARIBOU DROPS FROM 32 DEGREES ON
THE 1ST TO 22 DEGREES BY MONTH END. THE AVERAGE LOW FALLS FROM 18
DEGREES ON THE FIRST TO 4 ABOVE BY MONTHS END. AT BANGOR, THE
AVERAGE HIGH FALLS FROM 39F ON THE 1ST TO 29F BY THE END OF THE
MONTH. THE AVERAGE LOW FALLS FROM 23F ON THE 1ST TO 9F ABOVE BY
THE END OF THE MONTH. THE AVERAGE SNOWFALL AT CARIBOU IS 22.9" AND
AT BANGOR IS 14.4".

$$

CB/VJN
