000
CXUS55 KVEF 011142
CLMBIH

CLIMATE REPORT
NATIONAL WEATHER SERVICE LAS VEGAS, NV
424 AM PDT THU SEP 1 2016

...................................

...THE BISHOP CA CLIMATE SUMMARY FOR THE MONTH OF AUGUST 2016...

CLIMATE NORMAL PERIOD 1981 TO 2010
CLIMATE RECORD PERIOD 1943 TO 2016

WEATHER         OBSERVED          NORMAL  DEPART  LAST YEAR`S
                 VALUE   DATE(S)  VALUE   FROM    VALUE  DATE(S)
                                          NORMAL
................................................................
TEMPERATURE (F)
RECORD
 HIGH             107   08/01/1977
                        08/02/1993
                        08/07/1981
                        08/08/1981
                        08/09/1981
 LOW               34   08/22/1947
HIGHEST           105   08/02        96       9      106  08/17
                        08/01
LOWEST             46R  08/09        54      -8       49  08/11
AVG. MAXIMUM     98.8              96.3     2.5     98.7
AVG. MINIMUM     53.7              53.8    -0.1     56.7
MEAN             76.2              75.0     1.2     77.7
DAYS MAX >= 90     31              28.0     3.0       30
DAYS MAX <= 32      0               0.0     0.0        0
DAYS MIN <= 32      0               0.0     0.0        0
DAYS MIN <= 0       0               0.0     0.0        0

PRECIPITATION (INCHES)
RECORD
 MAXIMUM         0.64   1983
 MINIMUM         0.00   2008
                        2006
                        1994
TOTALS              T              0.13   -0.13     0.02
DAILY AVG.          T              0.00    0.00     0.00
DAYS >= .01         0               1.5    -1.5        1
DAYS >= .10         0               0.5    -0.5        0
DAYS >= .50         0               0.0     0.0        0
DAYS >= 1.00        0               0.0     0.0        0
GREATEST
 24 HR. TOTAL       T   08/23 TO 08/23
                        07/31 TO 08/01
                        08/21 TO 08/22

DEGREE_DAYS
HEATING TOTAL       0                 1      -1        0
 SINCE 7/1          0                 2      -2        0
COOLING TOTAL     357               313      44      403
 SINCE 1/1       1223               977     246     1150

FREEZE DATES
RECORD
 EARLIEST     09/20/1986
 LATEST       06/07/1988
EARLIEST                        10/15
LATEST                          05/03
.................................................................

WIND (MPH)
AVERAGE WIND SPEED              7.4
HIGHEST WIND SPEED/DIRECTION    33/120    DATE  08/20
HIGHEST GUST SPEED/DIRECTION    44/120    DATE  08/20

SKY COVER
POSSIBLE SUNSHINE (PERCENT)   MM
AVERAGE SKY COVER           0.00
NUMBER OF DAYS FAIR           31
NUMBER OF DAYS PC              0
NUMBER OF DAYS CLOUDY          0

AVERAGE RH (PERCENT)     25

WEATHER CONDITIONS. NUMBER OF DAYS WITH
THUNDERSTORM              M     MIXED PRECIP               0
HEAVY RAIN                0     RAIN                       0
LIGHT RAIN                2     FREEZING RAIN              0
LT FREEZING RAIN          0     HAIL                       0
HEAVY SNOW                0     SNOW                       0
LIGHT SNOW                0     SLEET                      0
FOG                       0     FOG W/VIS <= 1/4 MILE      0
HAZE                      0

-  INDICATES NEGATIVE NUMBERS.
R  INDICATES RECORD WAS SET OR TIED.
MM INDICATES DATA IS MISSING.
T  INDICATES TRACE AMOUNT.

$$
