000
CXUS51 KRLX 041450
CLMBKW


CLIMATE REPORT
NATIONAL WEATHER SERVICE CHARLESTON WV
1049 AM EDT THU JUN 4 2015

...................................

...THE BECKLEY CLIMATE SUMMARY FOR THE MONTH OF MAY 2015...

CLIMATE NORMAL PERIOD 1981 TO 2010
CLIMATE RECORD PERIOD 1963 TO 2015

WEATHER         OBSERVED          NORMAL  DEPART  LAST YEAR`S
                 VALUE   DATE(S)  VALUE   FROM    VALUE  DATE(S)
                                          NORMAL
................................................................
TEMPERATURE (F)
RECORD
 HIGH              89   05/20/1996
                        05/19/1996
 LOW               23   05/10/1966
HIGHEST            85   05/11                         84
LOWEST             39   05/14                         36
                        05/02
AVG. MAXIMUM     76.2              70.2     6.0     74.4
AVG. MINIMUM     54.2              49.4     4.8     51.9
MEAN             65.2              59.8     5.4     63.5
DAYS MAX >= 90      0               0.1    -0.1        0
DAYS MAX <= 32      0               0.0     0.0        0
DAYS MIN <= 32      0               0.6    -0.6        0
DAYS MIN <= 0       0               0.0     0.0        0

PRECIPITATION (INCHES)
RECORD
 MAXIMUM         9.56   1924
 MINIMUM         1.03   1977
TOTALS           1.14              4.66   -3.52     3.87
DAILY AVG.       0.04              0.15   -0.11     0.12
DAYS >= .01        10              14.7    -4.7        8
DAYS >= .10         6               9.6    -3.6        5
DAYS >= .50         0               3.2    -3.2        2
DAYS >= 1.00        0               1.0    -1.0        1
GREATEST
 24 HR. TOTAL    0.40   04/30 TO 05/01           05/15 TO 05/15
                                                          05/31 TO 05/31
                                                          05/31 TO 05/31

SNOWFALL (INCHES)
RECORDS
 TOTAL             MM   MM
TOTALS            0.0               0.1    -0.1      0.0
SINCE 7/1        66.2              62.0     4.2     76.3
SNOWDEPTH AVG.      0                MM      MM        0
DAYS >= 1.0         0               0.0     0.0        0
GREATEST
 SNOW DEPTH         0   MM                             0
 24 HR TOTAL      0.0   05/31 TO 05/31               0.0

DEGREE_DAYS
HEATING TOTAL      88               192    -104      105
 SINCE 7/1       5444              5301     143     5431
COOLING TOTAL     103                31      72       70
 SINCE 1/1        106                41      65       75
..................................................

WIND (MPH)
AVERAGE WIND SPEED              6.3
HIGHEST WIND SPEED/DIRECTION    25/260    DATE  05/31
HIGHEST GUST SPEED/DIRECTION    34/260    DATE  05/31

SKY COVER
POSSIBLE SUNSHINE (PERCENT)   MM
AVERAGE SKY COVER           0.30
NUMBER OF DAYS FAIR           19
NUMBER OF DAYS PC             10
NUMBER OF DAYS CLOUDY          2

AVERAGE RH (PERCENT)     63

WEATHER CONDITIONS. NUMBER OF DAYS WITH
THUNDERSTORM              0     MIXED PRECIP               0
HEAVY RAIN                4     RAIN                       4
LIGHT RAIN               13     FREEZING RAIN              0
LT FREEZING RAIN          0     HAIL                       0
HEAVY SNOW                0     SNOW                       0
LIGHT SNOW                0     SLEET                      0
FOG                       8     FOG W/VIS <= 1/4 MILE      3
HAZE                      4

-  INDICATES NEGATIVE NUMBERS.
R  INDICATES RECORD WAS SET OR TIED.
MM INDICATES DATA IS MISSING.
T  INDICATES TRACE AMOUNT.

$$
