000
CXUS56 KBOI 011740
CLMBNO


CLIMATE REPORT
NATIONAL WEATHER SERVICE BOISE ID
1040 AM MST WED MAR 1 2017

...................................

...THE BURNS OR CLIMATE SUMMARY FOR THE MONTH OF FEBRUARY 2017...

CLIMATE NORMAL PERIOD 1981 TO 2010
CLIMATE RECORD PERIOD 1938 TO 2017

WEATHER         OBSERVED          NORMAL  DEPART
                 VALUE   DATE(S)  VALUE   FROM
                                          NORMAL
................................................
TEMPERATURE (F)
HIGHEST            45   02/10        MM      MM
                        02/09
LOWEST              2   02/14        MM      MM
                        02/12
AVG. MAXIMUM     36.7              39.3    -2.6
AVG. MINIMUM     18.0              18.2    -0.2
MEAN             27.3              28.8    -1.5
DAYS MAX >= 90      0
DAYS MAX <= 32      8
DAYS MIN <= 32     26
DAYS MIN <= 0       0

PRECIPITATION (INCHES)
RECORD
 MAXIMUM         3.85   1940
TOTALS           1.76              1.02    0.74
DAYS >= .01        16
DAYS >= .10         6
DAYS >= .50         0
DAYS >= 1.00        0
GREATEST
 24 HR. TOTAL    0.48   02/06 TO 02/07
                        02/07 TO 02/07
                        02/07 TO 02/08

DEGREE_DAYS
HEATING TOTAL    1047              1015      32
 SINCE 7/1       5874              5528     346
COOLING TOTAL       0                 0       0
 SINCE 1/1          0                 0       0
.................................................

WIND (MPH)
AVERAGE WIND SPEED              7.3
RESULTANT WIND SPEED/DIRECTION   1/216
HIGHEST WIND SPEED/DIRECTION    39/190    DATE  02/16
HIGHEST GUST SPEED/DIRECTION    46/190    DATE  02/16

AVERAGE RH (PERCENT)     79


-  INDICATES NEGATIVE NUMBERS.
R  INDICATES RECORD WAS SET OR TIED.
MM INDICATES DATA IS MISSING.
T  INDICATES TRACE AMOUNT.

$$
