000
CXUS56 KBOI 011738
CLMBNO


CLIMATE REPORT
NATIONAL WEATHER SERVICE BOISE ID
1036 AM MST MON FEB 1 2016

...................................

...THE BURNS OR CLIMATE SUMMARY FOR THE MONTH OF JANUARY 2016...

CLIMATE NORMAL PERIOD 1981 TO 2010
CLIMATE RECORD PERIOD 1938 TO 2016

WEATHER         OBSERVED          NORMAL  DEPART
                 VALUE   DATE(S)  VALUE   FROM
                                          NORMAL
................................................
TEMPERATURE (F)
HIGHEST            40   01/23        MM      MM
                        01/22
                        01/16
LOWEST            -18   01/02        MM      MM
AVG. MAXIMUM     32.4              34.8    -2.4
AVG. MINIMUM     12.7              14.8    -2.1
MEAN             22.5              24.8    -2.3
DAYS MAX >= 90      0
DAYS MAX <= 32     10
DAYS MIN <= 32     27
DAYS MIN <= 0       4

PRECIPITATION (INCHES)
RECORD
 MAXIMUM         3.97   1956
TOTALS           1.48              1.19    0.29
DAYS >= .01        11
DAYS >= .10         5
DAYS >= .50         0
DAYS >= 1.00        0
GREATEST
 24 HR. TOTAL    0.40   01/19 TO 01/19

DEGREE_DAYS
HEATING TOTAL    1140              1246    -106
 SINCE 7/1       4260              4513    -253
COOLING TOTAL       0                 0       0
 SINCE 1/1          0                 0       0
.................................................

WIND (MPH)
AVERAGE WIND SPEED              5.1
RESULTANT WIND SPEED/DIRECTION   1/343
HIGHEST WIND SPEED/DIRECTION    35/220    DATE  01/19
HIGHEST GUST SPEED/DIRECTION    42/220    DATE  01/19

AVERAGE RH (PERCENT)     82


-  INDICATES NEGATIVE NUMBERS.
R  INDICATES RECORD WAS SET OR TIED.
MM INDICATES DATA IS MISSING.
T  INDICATES TRACE AMOUNT.

$$
