000
CXUS56 KBOI 011730
CLMBNO


CLIMATE REPORT
NATIONAL WEATHER SERVICE BOISE ID
1127 AM MDT THU JUN 1 2017

...................................

...THE BURNS OR CLIMATE SUMMARY FOR THE MONTH OF MAY 2017...

CLIMATE NORMAL PERIOD 1981 TO 2010
CLIMATE RECORD PERIOD 1938 TO 2017

WEATHER         OBSERVED          NORMAL  DEPART
                 VALUE   DATE(S)  VALUE   FROM
                                          NORMAL
................................................
TEMPERATURE (F)
HIGHEST            88   05/30        MM      MM
LOWEST             23   05/08        MM      MM
                        05/01
AVG. MAXIMUM     67.9              66.1     1.8
AVG. MINIMUM     34.7              36.4    -1.7
MEAN             51.3              51.2     0.1
DAYS MAX >= 90      0
DAYS MAX <= 32      0
DAYS MIN <= 32     11
DAYS MIN <= 0       0

PRECIPITATION (INCHES)
RECORD
 MAXIMUM         3.26   2005
TOTALS           0.36              1.23   -0.87
DAYS >= .01         4
DAYS >= .10         2
DAYS >= .50         0
DAYS >= 1.00        0
GREATEST
 24 HR. TOTAL    0.15   05/13 TO 05/13

DEGREE_DAYS
HEATING TOTAL     418               430     -12
 SINCE 7/1       7782              7470     312
COOLING TOTAL       1                 3      -2
 SINCE 1/1          1                 3      -2
.................................................

WIND (MPH)
AVERAGE WIND SPEED              7.9
RESULTANT WIND SPEED/DIRECTION   3/272
HIGHEST WIND SPEED/DIRECTION    38/260    DATE  05/16
HIGHEST GUST SPEED/DIRECTION    48/260    DATE  05/16

AVERAGE RH (PERCENT)     55


-  INDICATES NEGATIVE NUMBERS.
R  INDICATES RECORD WAS SET OR TIED.
MM INDICATES DATA IS MISSING.
T  INDICATES TRACE AMOUNT.

$$
