000
CXUS51 KBOX 010841
CLMBOS


CLIMATE REPORT
NATIONAL WEATHER SERVICE TAUNTON MA
332 AM EST FRI DEC 1 2017

...................................

...THE BOSTON MA CLIMATE SUMMARY FOR THE MONTH OF NOVEMBER 2017...

CLIMATE NORMAL PERIOD 1981 TO 2010
CLIMATE RECORD PERIOD 1872 TO 2017

WEATHER         OBSERVED          NORMAL  DEPART
                 VALUE   DATE(S)  VALUE   FROM
                                          NORMAL
................................................
TEMPERATURE (F)
RECORD
 HIGH              83   11/02/1950
 LOW               -2   11/30/1875
HIGHEST            75   11/03
LOWEST             22   11/28
AVG. MAXIMUM     51.3              51.5    -0.2
AVG. MINIMUM     36.1              38.0    -1.9
MEAN             43.7              44.7    -1.0
DAYS MAX >= 90      0               0.0     0.0
DAYS MAX <= 32      0               0.3    -0.3
DAYS MIN <= 32      9               5.6     3.4
DAYS MIN <= 0       0               0.0     0.0

PRECIPITATION (INCHES)
RECORD
 MAXIMUM        11.03   1876
 MINIMUM         0.59   1917
TOTALS           1.80              3.99   -2.19
DAILY AVG.       0.06              0.13   -0.07
DAYS >= .01        10              10.6    -0.6
DAYS >= .10         5               6.6    -1.6
DAYS >= .50         1               2.8    -1.8
DAYS >= 1.00        0               1.0    -1.0
GREATEST
 24 HR. TOTAL    0.89   11/22 TO 11/22

SNOWFALL (INCHES)
RECORDS
 TOTAL           17.8   1898
 SNOW DEPTH        MM   MM
TOTALS              T               1.3    -1.3
SINCE 7/1           T               1.3    -1.3
SNOWDEPTH AVG.     MM
DAYS >= 1.0         0               0.4    -0.4
GREATEST
 SNOW DEPTH        MM
 24 HR TOTAL        T   11/20 TO 11/20

DEGREE_DAYS
HEATING TOTAL     633               608      25
 SINCE 7/1        827              1055    -228
COOLING TOTAL       0                 0       0
 SINCE 1/1        880               747     133
.................................................

WIND (MPH)
AVERAGE WIND SPEED              11.2
RESULTANT WIND SPEED/DIRECTION   5/272
HIGHEST WIND SPEED/DIRECTION    37/270    DATE  11/19
HIGHEST GUST SPEED/DIRECTION    49/270    DATE  11/19

SKY COVER
POSSIBLE SUNSHINE (PERCENT)   MM
AVERAGE SKY COVER           0.60
NUMBER OF DAYS FAIR            9
NUMBER OF DAYS PC             14
NUMBER OF DAYS CLOUDY          7

AVERAGE RH (PERCENT)     66

WEATHER CONDITIONS. NUMBER OF DAYS WITH
THUNDERSTORM              0     MIXED PRECIP               0
HEAVY RAIN                1     RAIN                       4
LIGHT RAIN               11     FREEZING RAIN              0
LT FREEZING RAIN          0     HAIL                       0
HEAVY SNOW                0     SNOW                       0
LIGHT SNOW                1     SLEET                      0
FOG                       8     FOG W/VIS <= 1/4 MILE      0
HAZE                      3

-  INDICATES NEGATIVE NUMBERS.
R  INDICATES RECORD WAS SET OR TIED.
MM INDICATES DATA IS MISSING.
T  INDICATES TRACE AMOUNT.

$$

SIPPRELL
