000
CXUS55 KRIW 020900
CLMBPI

CYSCLMBPI 000
TTAA00 KRIW 011318


CLIMATE REPORT
NATIONAL WEATHER SERVICE RIVERTON WY
610 AM MST MON DEC 1 2014

...PRELIMINARY MONTHLY CLIMATE SUMMARY FOR THE MILEY MEMORIAL FIELD
IN BIG PINEY FOR THE MONTH OF NOVEMBER 2014...

...OFFICIAL CLIMATE DATA FOR THE MONTH OF NOVEMBER 2014 WILL BE
AVAILABLE APPROXIMATELY IN JANUARY 2015 FROM THE NATIONAL CLIMATIC
DATA CENTER (HTTP://WWW.NCDC.NOAA.GOV/OL/CLIMATEDATA.HTML).
UNOFFICIAL ASOS DAILY SUMMARIES ARE AVAILABLE ON THE INTERNET AT
HTTP://WWW.CRH.NOAA.GOV/RIW/CLIMATE/...

...NOVEMBER WAS SLIGHTLY WARMER AND MUCH DRIER THAN NORMAL IN BIG
PINEY...

THE AVERAGE TEMPERATURE FOR BIG PINEY IN NOVEMBER WAS 25.4
DEGREES...WHICH WAS 1.6 DEGREES ABOVE NORMAL. THE WARMEST DAILY HIGH
FOR THE MONTH WAS 63 DEGREES ON THE 1ST...BREAKING THE PREVIOUS
RECORD OF 59 DEGREES...WHICH WAS SET IN 1988. A RECORD HIGH OF 55
DEGREES OCCURRED ON THE 28TH...BREAKING THE PREVIOUS RECORD OF 49
DEGREES...SET IN 1999. THE COLDEST READING WAS -18 DEGREES ON THE
13TH...WHICH ALSO BROKE THE PREVIOUS DAILY RECORD OF -16
DEGREES...WHICH WAS SET IN 1978. A RECORD LOW OF -15 DEGREES
OCCURRED ON THE 12TH...BREAKING THE PREVIOUS RECORD OF -13
DEGREES...SET IN 2000.

TOTAL PRECIPITATION FOR THE MONTH WAS 0.05 INCHES...WHICH WAS 24
PERCENT OF NORMAL. THIS MAKES IT THE 7TH DRIEST NOVEMBER ON RECORD.
THE WETTEST 24 HOUR PERIOD OF THE MONTH WAS THE 14TH...WHEN 0.03 OF
AN INCH OF PRECIPITATION OCCURRED. NO PRECIPITATION RECORDS WERE SET
DURING THE MONTH. THE HIGHEST WIND GUST WAS 50 MPH...WHICH OCCURRED
ON THE 29TH.

...THE BIG PINEY WY CLIMATE SUMMARY FOR THE MONTH OF NOVEMBER 2014...

CLIMATE NORMAL PERIOD 1981 TO 2010
CLIMATE RECORD PERIOD 1976 TO 2014

WEATHER         OBSERVED          NORMAL  DEPART
                 VALUE   DATE(S)  VALUE   FROM
                                          NORMAL
................................................
TEMPERATURE (F)
RECORD
 HIGH              67   11/04/1978
 LOW              -27   11/16/1978
HIGHEST            63   11/01
LOWEST            -18   11/13
AVG. MAXIMUM     41.4              37.8     3.6
AVG. MINIMUM     10.0               9.9     0.1
MEAN             25.4              23.8     1.6
DAYS MAX >= 90      0
DAYS MAX <= 32      7
DAYS MIN <= 32     26
DAYS MIN <= 0       6

PRECIPITATION (INCHES)
RECORD
 MAXIMUM         1.03   1978
 MINIMUM            T   2011
                        2009
                        1999
TOTALS           0.05              0.21   -0.16
DAILY AVG.       0.00
DAYS >= .01         2
DAYS >= .10         0
DAYS >= .50         0
DAYS >= 1.00        0
GREATEST
 24 HR. TOTAL    0.03   11/14 TO 11/14


DEGREE_DAYS
HEATING TOTAL    1021              1235    -214
 SINCE 7/1       2298              2815    -517
COOLING TOTAL       0                 0       0
 SINCE 1/1         26                35      -9
.................................................

WIND (MPH)
AVERAGE WIND SPEED              8.8
HIGHEST WIND SPEED/DIRECTION    43/240    DATE  11/01
HIGHEST GUST SPEED/DIRECTION    50/280    DATE  11/29

SKY COVER
POSSIBLE SUNSHINE (PERCENT)   MM
AVERAGE SKY COVER           0.30
NUMBER OF DAYS FAIR           19
NUMBER OF DAYS PC              8
NUMBER OF DAYS CLOUDY          3

AVERAGE RH (PERCENT)     60

WEATHER CONDITIONS. NUMBER OF DAYS WITH
THUNDERSTORM              0     MIXED PRECIP               0
HEAVY RAIN                0     RAIN                       0
LIGHT RAIN                5     FREEZING RAIN              0
LT FREEZING RAIN          0     HAIL                       0
HEAVY SNOW                1     SNOW                       3
LIGHT SNOW                9     SLEET                      0
FOG                       5     FOG W/VIS <= 1/4 MILE      0
HAZE                      7

-  INDICATES NEGATIVE NUMBERS.
R  INDICATES RECORD WAS SET OR TIED.
MM INDICATES DATA IS MISSING.
T  INDICATES TRACE AMOUNT.

LOOKING AHEAD TO DECEMBER 2015...THE AVERAGE HIGH TEMPERATURE ON THE
FIRST OF THE MONTH IS 33 DEGREES...AND THE AVERAGE LOW TEMPERATURE
IS 6 DEGREES. THE AVERAGE HIGH BY THE END OF THE MONTH IS 26
DEGREES...AND THE AVERAGE LOW TEMPERATURE IS -3 DEGREES. THE AVERAGE
MONTHLY PRECIPITATION IS 0.29 INCHES.

$$
