000
CXUS54 KLCH 311058
CLMBPT


CLIMATE REPORT
NATIONAL WEATHER SERVICE LAKE CHARLES, LA
558 AM CDT MON AUG 31 2015

...................................

...THE BEAUMONT PORT ARTHUR CLIMATE SUMMARY FOR THE MONTH OF JULY 2015...

CLIMATE NORMAL PERIOD 1981 TO 2010
CLIMATE RECORD PERIOD 1901 TO 2015

WEATHER         OBSERVED          NORMAL  DEPART  LAST YEAR`S
                 VALUE   DATE(S)  VALUE   FROM    VALUE  DATE(S)
                                          NORMAL
................................................................
TEMPERATURE (F)
RECORD
 HIGH             108   07/14/1902
 LOW               61   07/14/1990
                        07/15/1967
HIGHEST           102   07/30        MM      MM       MM  MM
LOWEST             69   07/01        MM      MM       MM  MM
AVG. MAXIMUM     94.8              91.7     3.1       MM
AVG. MINIMUM     75.4              74.2     1.2       MM
MEAN             85.1              83.0     2.1       MM
DAYS MAX >= 90     31              23.5     7.5       MM
DAYS MAX <= 32      0               0.0     0.0       MM
DAYS MIN <= 32      0               0.0     0.0       MM
DAYS MIN <= 0       0               0.0     0.0       MM

PRECIPITATION (INCHES)
RECORD
 MAXIMUM        18.71   1959
 MINIMUM         0.63   1956
TOTALS           1.16              5.95   -4.79       MM
DAILY AVG.       0.04              0.19   -0.15       MM
DAYS >= .01         5              11.4    -6.4       MM
DAYS >= .10         2               7.5    -5.5       MM
DAYS >= .50         1               4.1    -3.1       MM
DAYS >= 1.00        0               1.9    -1.9       MM
GREATEST
 24 HR. TOTAL    0.71   07/20 TO 07/21
                        07/21 TO 07/21
                        07/21 TO 07/22

DEGREE_DAYS
COOLING TOTAL     629               556      73       MM
 SINCE 1/1       1863              1606     257       MM
.................................................................

WIND (MPH)
AVERAGE WIND SPEED              6.4
HIGHEST WIND SPEED/DIRECTION    26/260    DATE  07/01
HIGHEST GUST SPEED/DIRECTION    40/270    DATE  07/01

SKY COVER
POSSIBLE SUNSHINE (PERCENT)   MM
AVERAGE SKY COVER           0.20
NUMBER OF DAYS FAIR           31
NUMBER OF DAYS PC              0
NUMBER OF DAYS CLOUDY          0

AVERAGE RH (PERCENT)     75

WEATHER CONDITIONS. NUMBER OF DAYS WITH
THUNDERSTORM              0     MIXED PRECIP               0
HEAVY RAIN                3     RAIN                       1
LIGHT RAIN               12     FREEZING RAIN              0
LT FREEZING RAIN          0     HAIL                       0
HEAVY SNOW                0     SNOW                       0
LIGHT SNOW                0     SLEET                      0
FOG                      19     FOG W/VIS <= 1/4 MILE      0
HAZE                      2

-  INDICATES NEGATIVE NUMBERS.
R  INDICATES RECORD WAS SET OR TIED.
MM INDICATES DATA IS MISSING.
T  INDICATES TRACE AMOUNT.

$$
