000
CXUS54 KLCH 020916
CLMBPT


CLIMATE REPORT
NATIONAL WEATHER SERVICE LAKE CHARLES, LA
416 AM CDT WED JUL 2 2014

...................................

...THE BEAUMONT PORT ARTHUR CLIMATE SUMMARY FOR THE MONTH OF JUNE 2014...

CLIMATE NORMAL PERIOD 1981 TO 2010
CLIMATE RECORD PERIOD 1901 TO 2014

WEATHER         OBSERVED          NORMAL  DEPART  LAST YEAR`S
                 VALUE   DATE(S)  VALUE   FROM    VALUE  DATE(S)
                                          NORMAL
................................................................
TEMPERATURE (F)
RECORD
 HIGH             106   06/12/1902
                        06/11/1902
 LOW               53   06/14/1903
HIGHEST            93   06/23        MM      MM       MM  MM
                        06/21
                        06/19
LOWEST             65   06/11        MM      MM       MM  MM
AVG. MAXIMUM     90.0              89.6     0.4       MM
AVG. MINIMUM     73.5              72.7     0.8       MM
MEAN             81.8              81.2     0.6       MM
DAYS MAX >= 90     19              15.0     4.0       MM
DAYS MAX <= 32      0               0.0     0.0       MM
DAYS MIN <= 32      0               0.0     0.0       MM
DAYS MIN <= 0       0               0.0     0.0       MM

PRECIPITATION (INCHES)
RECORD
 MAXIMUM        18.90   1989
 MINIMUM         0.14   1917
TOTALS           3.89              7.09   -3.20       MM
DAILY AVG.       0.13              0.24   -0.11       MM
DAYS >= .01        11              10.0     1.0       MM
DAYS >= .10         7               7.5    -0.5       MM
DAYS >= .50         4               4.0     0.0       MM
DAYS >= 1.00        0               2.4    -2.4       MM
GREATEST
 24 HR. TOTAL    1.09   06/24 TO 06/25

DEGREE_DAYS
COOLING TOTAL     510               484      26       MM
 SINCE 1/1       1004              1050     -46       MM
.................................................................

WIND (MPH)
AVERAGE WIND SPEED              8.5
HIGHEST WIND SPEED/DIRECTION    31/200    DATE  06/10
HIGHEST GUST SPEED/DIRECTION    44/200    DATE  06/10

SKY COVER
POSSIBLE SUNSHINE (PERCENT)   MM
AVERAGE SKY COVER           0.30
NUMBER OF DAYS FAIR           19
NUMBER OF DAYS PC              9
NUMBER OF DAYS CLOUDY          2

AVERAGE RH (PERCENT)     75

WEATHER CONDITIONS. NUMBER OF DAYS WITH
THUNDERSTORM              0     MIXED PRECIP               0
HEAVY RAIN                6     RAIN                       4
LIGHT RAIN               14     FREEZING RAIN              0
LT FREEZING RAIN          0     HAIL                       0
HEAVY SNOW                0     SNOW                       0
LIGHT SNOW                0     SLEET                      0
FOG                      17     FOG W/VIS <= 1/4 MILE      2
HAZE                      9

-  INDICATES NEGATIVE NUMBERS.
R  INDICATES RECORD WAS SET OR TIED.
MM INDICATES DATA IS MISSING.
T  INDICATES TRACE AMOUNT.

$$
