000
CXUS44 KBRO 011011
CLMBRO


CLIMATE REPORT
NATIONAL WEATHER SERVICE BROWNSVILLE TX
457 AM CDT MON JUN 1 2015

...................................

...THE BROWNSVILLE CLIMATE SUMMARY FOR THE MONTH OF MAY 2015...

CLIMATE NORMAL PERIOD 1981 TO 2010
CLIMATE RECORD PERIOD 1878 TO 2015

WEATHER         OBSERVED          NORMAL  DEPART  LAST YEAR`S
                 VALUE   DATE(S)  VALUE   FROM    VALUE  DATE(S)
                                          NORMAL
................................................................
TEMPERATURE (F)
HIGHEST            91   05/18        94      -3       94  05/30
                        05/09
LOWEST             61   05/02        61       0       53  05/03
                        05/01
AVG. MAXIMUM     87.6              88.4    -0.8     86.3
AVG. MINIMUM     74.7              72.3     2.4     68.2
MEAN             81.2              80.3     0.9     77.2
DAYS MAX >= 90      9              11.8    -2.8        7
DAYS MAX <= 32      0               0.0     0.0        0
DAYS MIN <= 32      0               0.0     0.0        0
DAYS MIN <= 0       0               0.0     0.0        0

PRECIPITATION (INCHES)
TOTALS           9.72              2.64    7.08     2.83
DAILY AVG.       0.31              0.09    0.22     0.09
DAYS >= .01         6               4.9     1.1        3
DAYS >= .10         4               2.6     1.4        3
DAYS >= .50         3               1.6     1.4        3
DAYS >= 1.00        3               1.0     2.0        1
GREATEST
 24 HR. TOTAL    3.50   05/31 TO 05/31

DEGREE_DAYS
HEATING TOTAL       0                 0       0        0
 SINCE 7/1        690               554     136      824
COOLING TOTAL     508               476      32      388
 SINCE 1/1       1062              1093     -31      922
.................................................................

WIND (MPH)
AVERAGE WIND SPEED              13.5
HIGHEST WIND SPEED/DIRECTION    36/120    DATE  05/29
HIGHEST GUST SPEED/DIRECTION    46/110    DATE  05/29

SKY COVER
POSSIBLE SUNSHINE (PERCENT)   MM
AVERAGE SKY COVER           0.60
NUMBER OF DAYS FAIR            4
NUMBER OF DAYS PC             15
NUMBER OF DAYS CLOUDY         12

AVERAGE RH (PERCENT)     78

WEATHER CONDITIONS. NUMBER OF DAYS WITH
THUNDERSTORM              0     MIXED PRECIP               0
HEAVY RAIN                3     RAIN                       4
LIGHT RAIN                9     FREEZING RAIN              0
LT FREEZING RAIN          0     HAIL                       0
HEAVY SNOW                0     SNOW                       0
LIGHT SNOW                0     SLEET                      0
FOG                      21     FOG W/VIS <= 1/4 MILE      4
HAZE                     14

-  INDICATES NEGATIVE NUMBERS.
R  INDICATES RECORD WAS SET OR TIED.
MM INDICATES DATA IS MISSING.
T  INDICATES TRACE AMOUNT.

$$
