000
CXUS44 KBRO 011127
CLMBRO


CLIMATE REPORT
NATIONAL WEATHER SERVICE BROWNSVILLE TX
620 AM CDT FRI APR 1 2016

...................................

...THE BROWNSVILLE CLIMATE SUMMARY FOR THE MONTH OF MARCH 2016...

CLIMATE NORMAL PERIOD 1981 TO 2010
CLIMATE RECORD PERIOD 1878 TO 2016

WEATHER         OBSERVED          NORMAL  DEPART  LAST YEAR`S
                 VALUE   DATE(S)  VALUE   FROM    VALUE  DATE(S)
                                          NORMAL
................................................................
TEMPERATURE (F)
HIGHEST            91   03/31        92      -1       83  03/26
                                                          03/23
LOWEST             47   03/21        42       5       42  03/05
AVG. MAXIMUM     80.9              78.9     2.0     74.5
AVG. MINIMUM     63.5              59.6     3.9     58.7
MEAN             72.2              69.3     2.9     66.6
DAYS MAX >= 90      1               1.0     0.0        0
DAYS MAX <= 32      0               0.0     0.0        0
DAYS MIN <= 32      0               0.0     0.0        0
DAYS MIN <= 0       0               0.0     0.0        0

PRECIPITATION (INCHES)
TOTALS           2.67              1.23    1.44     4.72
DAILY AVG.       0.09              0.04    0.05     0.16
DAYS >= .01         5               4.4     0.6       12
DAYS >= .10         3               1.9     1.1        7
DAYS >= .50         1               0.5     0.5        3
DAYS >= 1.00        1               0.3     0.7        2
GREATEST
 24 HR. TOTAL    2.18   03/09 TO 03/10
DEGREE_DAYS
HEATING TOTAL      13                43     -30       67
 SINCE 7/1        373               546    -173      690
COOLING TOTAL     243               174      69      124
 SINCE 1/1        351               315      36      181

.................................................................
WIND (MPH)
AVERAGE WIND SPEED              11.9
HIGHEST WIND SPEED/DIRECTION    39/150    DATE  03/07
HIGHEST GUST SPEED/DIRECTION    50/150    DATE  03/07

SKY COVER
AVERAGE SKY COVER           0.50
NUMBER OF DAYS FAIR            7
NUMBER OF DAYS PC             16
NUMBER OF DAYS CLOUDY          8

AVERAGE RH (PERCENT)     77

WEATHER CONDITIONS. NUMBER OF DAYS WITH
THUNDERSTORM              0     MIXED PRECIP               0
HEAVY RAIN                3     RAIN                       2
LIGHT RAIN                7     FREEZING RAIN              0
LT FREEZING RAIN          0     HAIL                       0
HEAVY SNOW                0     SNOW                       0
LIGHT SNOW                0     SLEET                      0
FOG                      22     FOG W/VIS <= 1/4 MILE      4
HAZE                      6

-  INDICATES NEGATIVE NUMBERS.
R  INDICATES RECORD WAS SET OR TIED.
MM INDICATES DATA IS MISSING.
T  INDICATES TRACE AMOUNT.

$$
