000
CXUS53 KGRR 011859
CLMBTL


CLIMATE REPORT
NATIONAL WEATHER SERVICE GRAND RAPIDS, MI
243 PM EDT SAT AUG 1 2015

...................................

...THE BATTLE CREEK MI CLIMATE SUMMARY FOR THE MONTH OF JULY 2015...

CLIMATE NORMAL PERIOD 1981 TO 2010
CLIMATE RECORD PERIOD 1998 TO 2015

WEATHER         OBSERVED          NORMAL  DEPART  LAST YEAR`S
                 VALUE   DATE(S)  VALUE   FROM    VALUE  DATE(S)
                                          NORMAL
................................................................
TEMPERATURE (F)
HIGHEST            89   07/28        MM      MM       87  07/27
                        07/17                             07/22
LOWEST             53   07/08        MM      MM       49  07/17
                        07/02
AVG. MAXIMUM     81.3              82.6    -1.3     77.7
AVG. MINIMUM     60.8              59.2     1.6     57.8
MEAN             71.1              70.9     0.2     67.8
DAYS MAX >= 90      0               3.0    -3.0        0
DAYS MAX <= 32      0               0.0     0.0        0
DAYS MIN <= 32      0               0.0     0.0        0
DAYS MIN <= 0       0               0.0     0.0        0

PRECIPITATION (INCHES)
TOTALS           4.21              3.36    0.85     4.21
DAILY AVG.       0.14              0.11    0.03     0.14
DAYS >= .01         8               9.1    -1.1       10
DAYS >= .10         6               5.9     0.1        6
DAYS >= .50         5               2.2     2.8        4
DAYS >= 1.00        1               0.9     0.1        2
GREATEST
 24 HR. TOTAL    1.49   07/13 TO 07/14

DEGREE_DAYS
HEATING TOTAL       7                15      -8       18
 SINCE 7/1          7                15      -8       18
COOLING TOTAL     204               197       7      105
 SINCE 1/1        417               361      56      333
..................................................

WIND (MPH)
AVERAGE WIND SPEED              6.7
RESULTANT WIND SPEED/DIRECTION   2/250
HIGHEST WIND SPEED/DIRECTION    30/270    DATE  07/18
HIGHEST GUST SPEED/DIRECTION    37/300    DATE  07/31

SKY COVER
POSSIBLE SUNSHINE (PERCENT)   MM
AVERAGE SKY COVER           0.20
NUMBER OF DAYS FAIR           22
NUMBER OF DAYS PC              7
NUMBER OF DAYS CLOUDY          2

AVERAGE RH (PERCENT)     69

WEATHER CONDITIONS. NUMBER OF DAYS WITH
THUNDERSTORM              4     MIXED PRECIP               0
HEAVY RAIN                5     RAIN                       5
LIGHT RAIN               12     FREEZING RAIN              0
LT FREEZING RAIN          0     HAIL                       0
HEAVY SNOW                0     SNOW                       0
LIGHT SNOW                0     SLEET                      0
FOG                      13     FOG W/VIS <= 1/4 MILE      1
HAZE                      7

-  INDICATES NEGATIVE NUMBERS.
R  INDICATES RECORD WAS SET OR TIED.
MM INDICATES DATA IS MISSING.
T  INDICATES TRACE AMOUNT.

$$

CAS
