000
CXUS54 KLIX 011630
CLMBTR


CLIMATE REPORT
NATIONAL WEATHER SERVICE NEW ORLEANS
1026 AM CST FRI DEC 1 2017

...................................

...THE BATON ROUGE  ASOS CLIMATE SUMMARY FOR THE MONTH OF NOVEMBER 2017...

CLIMATE NORMAL PERIOD 1981 TO 2010
CLIMATE RECORD PERIOD 1894 TO 2017

WEATHER         OBSERVED          NORMAL  DEPART  LAST YEAR`S
                 VALUE   DATE(S)  VALUE   FROM    VALUE  DATE(S)
                                          NORMAL
................................................................
TEMPERATURE (F)
RECORD
 HIGH              89   11/04/2016
                        11/03/1935
                        11/02/1935
 LOW               21   11/30/1976
HIGHEST            85   11/06                         89  11/04
                        11/03
LOWEST             33   11/24                         32  11/21
AVG. MAXIMUM     74.0              71.9     2.1     76.4
AVG. MINIMUM     50.6              48.9     1.7     50.9
MEAN             62.3              60.4     1.9     63.6
DAYS MAX >= 90      0               0.0     0.0        0
DAYS MAX <= 32      0               0.0     0.0        0
DAYS MIN <= 32      0               1.3    -1.3        1
DAYS MIN <= 0       0               0.0     0.0        0

PRECIPITATION (INCHES)
RECORD
 MAXIMUM
 MINIMUM
TOTALS           2.70              4.10   -1.40     2.59
DAILY AVG.       0.09              0.14   -0.05     0.09
DAYS >= .01         5               8.5    -3.5        7
DAYS >= .10         2               5.2    -3.2        5
DAYS >= .50         2               2.8    -0.8        2
DAYS >= 1.00        1               1.2    -0.2        1
GREATEST
 24 HR. TOTAL    1.76   11/01 TO 11/01

SNOWFALL (INCHES)
RECORDS
 TOTAL
 24 HR TOTAL
 SNOW DEPTH
TOTALS            0.0               0.0     0.0      0.0
SINCE 7/1         0.0               0.0     0.0      0.0
SNOWDEPTH AVG.      0               0.0     0.0        0
DAYS >= TRACE       0               0.0     0.0        0
DAYS >= 1.0         0               0.0     0.0        0
GREATEST
 SNOW DEPTH         0                                  0
 24 HR TOTAL      0.0

DEGREE_DAYS
HEATING TOTAL     150               189     -39      106
 SINCE 7/1        207               235     -28      113
COOLING TOTAL      77                51      26       73
 SINCE 1/1       2974              2801     173     3109
.................................................

WIND (MPH)
AVERAGE WIND SPEED              5.5
HIGHEST WIND SPEED/DIRECTION    26/330    DATE  11/18
HIGHEST GUST SPEED/DIRECTION    37/310    DATE  11/18

SKY COVER
POSSIBLE SUNSHINE (PERCENT)   MM
AVERAGE SKY COVER           0.30
NUMBER OF DAYS FAIR           16
NUMBER OF DAYS PC             11
NUMBER OF DAYS CLOUDY          3

AVERAGE RH (PERCENT)     72

WEATHER CONDITIONS. NUMBER OF DAYS WITH
THUNDERSTORM              0     MIXED PRECIP               0
HEAVY RAIN                3     RAIN                       3
LIGHT RAIN                5     FREEZING RAIN              0
LT FREEZING RAIN          0     HAIL                       0
HEAVY SNOW                0     SNOW                       0
LIGHT SNOW                0     SLEET                      0
FOG                      20     FOG W/VIS <= 1/4 MILE      5
HAZE                      7

-  INDICATES NEGATIVE NUMBERS.
R  INDICATES RECORD WAS SET OR TIED.
MM INDICATES DATA IS MISSING.
T  INDICATES TRACE AMOUNT.

$$
