000
CXUS52 KCAE 011855
CLMCAE


CLIMATE REPORT
NATIONAL WEATHER SERVICE COLUMBIA SC
230 PM EDT FRI JUL 1 2016

...................................

...THE COLUMBIA METRO AIRPORT SC CLIMATE SUMMARY FOR THE MONTH OF JUNE 2016...

CLIMATE NORMAL PERIOD 1981 TO 2010
CLIMATE RECORD PERIOD 1887 TO 2016

WEATHER         OBSERVED          NORMAL  DEPART
                 VALUE   DATE(S)  VALUE   FROM
                                          NORMAL
................................................
TEMPERATURE (F)
RECORD
 HIGH             109   06/30/2012
                        06/29/2012
                        54/01/2206
 LOW               44   06/01/1984
HIGHEST           103   06/24        MM      MM
LOWEST             61   06/20        MM      MM
AVG. MAXIMUM     94.2              90.0     4.2
AVG. MINIMUM     71.7              68.2     3.5
MEAN             83.0              79.1     3.9
DAYS MAX >= 90     25              15.6     9.4
DAYS MAX <= 32      0               0.0     0.0
DAYS MIN <= 32      0               0.0     0.0
DAYS MIN <= 0       0               0.0     0.0

PRECIPITATION (INCHES)
RECORD
 MAXIMUM        14.81   1973
 MINIMUM         0.49   2002
TOTALS           2.39              4.69   -2.30
DAILY AVG.       0.08              0.16   -0.08
DAYS >= .01         8              10.5    -2.5
DAYS >= .10         3               7.1    -4.1
DAYS >= .50         1               3.1    -2.1
DAYS >= 1.00        1               1.3    -0.3
GREATEST
 24 HR. TOTAL    1.99   06/06 TO 06/06
 STORM TOTAL       MM
 (MM/DD(HH))            MM

SNOWFALL (INCHES)
RECORDS
 TOTAL             MM   MM
TOTALS            0.0               0.0     0.0
SINCE 7/1           T               1.5    -1.5
DAYS >= TRACE       0               0.0     0.0
DAYS >= 1.0         0               0.0     0.0
GREATEST
 SNOW DEPTH         0   MM

DEGREE_DAYS
HEATING TOTAL       0                 1      -1
 SINCE 7/1       1791              2552    -761
COOLING TOTAL     546               424     122
 SINCE 1/1        985               745     240

FREEZE DATES
RECORD
 EARLIEST     10/15/1991
 LATEST       04/03/1964
EARLIEST      11/15             11/05
LATEST        02/28             03/22
.................................................

WIND (MPH)
AVERAGE WIND SPEED              6.2
RESULTANT WIND SPEED/DIRECTION   1/197
HIGHEST WIND SPEED/DIRECTION    28/010    DATE  06/17
HIGHEST GUST SPEED/DIRECTION    40/020    DATE  06/17

SKY COVER
POSSIBLE SUNSHINE (PERCENT)   MM
AVERAGE SKY COVER           0.40
NUMBER OF DAYS FAIR           14
NUMBER OF DAYS PC             15
NUMBER OF DAYS CLOUDY          1

AVERAGE RH (PERCENT)     62

WEATHER CONDITIONS. NUMBER OF DAYS WITH
THUNDERSTORM             10     MIXED PRECIP               0
HEAVY RAIN                1     RAIN                       2
LIGHT RAIN               11     FREEZING RAIN              0
LT FREEZING RAIN          0     HAIL                       0
HEAVY SNOW                0     SNOW                       0
LIGHT SNOW                0     SLEET                      0
FOG                       8     FOG W/VIS <= 1/4 MILE      2
HAZE                      4

-  INDICATES NEGATIVE NUMBERS.
R  INDICATES RECORD WAS SET OR TIED.
MM INDICATES DATA IS MISSING.
T  INDICATES TRACE AMOUNT.

$$
