000
CXUS55 KABQ 011513
CLMCAO

ABQCLMCAO 000
TTAA00 KABQ 011458


CLIMATE REPORT
NATIONAL WEATHER SERVICE ALBUQUERQUE NM
913 AM MDT FRI APR 1 2016

...................................

...THE CLAYTON  NM CLIMATE SUMMARY FOR THE MONTH OF MARCH 2016...

CLIMATE NORMAL PERIOD 1981 TO 2010
CLIMATE RECORD PERIOD 1896 TO 2016

WEATHER         OBSERVED          NORMAL  DEPART  LAST YEAR`S
                 VALUE   DATE(S)  VALUE   FROM    VALUE  DATE(S)
                                          NORMAL
................................................................
TEMPERATURE (F)
RECORD
 HIGH              87   03/30/2010
 LOW              -11   03/11/1948
HIGHEST            82   03/21        MM      MM       81  03/28
LOWEST             19   03/20        29     -10        5  03/05
                                                          03/04
AVG. MAXIMUM     63.7              58.5     5.2     62.2
AVG. MINIMUM     32.2              30.0     2.2     34.5
MEAN             48.0              44.2     3.8     48.4
DAYS MAX >= 90      0               0.0     0.0        0
DAYS MAX <= 32      0               0.8    -0.8        2
DAYS MIN <= 32     15              18.2    -3.2        9
DAYS MIN <= 0       0               0.0     0.0        0

PRECIPITATION (INCHES)
RECORD
 MAXIMUM           MM   MM
 MINIMUM           MM   MM
TOTALS           0.19              0.95   -0.76     0.41
DAILY AVG.       0.01              0.03   -0.02     0.01
DAYS >= .01         1               5.2    -4.2        4
DAYS >= .10         1               2.5    -1.5        2
DAYS >= .50         0               0.5    -0.5        0
DAYS >= 1.00        0               0.1    -0.1        0
GREATEST
 24 HR. TOTAL    0.19   03/25 TO 03/26              0.15

SNOWFALL (INCHES)
RECORDS
 TOTAL             MM   MM
TOTALS            1.6               6.3    -4.7      0.9
SINCE 7/1        25.0              25.8    -0.8     26.1
SNOWDEPTH AVG.      0                MM      MM        0
DAYS >= 1.0         1               2.4    -1.4        0
GREATEST
 SNOW DEPTH         0   MM                             0  MM
 24 HR TOTAL      1.6   MM                           0.9

DEGREE_DAYS
HEATING TOTAL     520               644    -124      507
 SINCE 7/1       3770              4321    -551     3950
COOLING TOTAL       0                 1      -1        0
 SINCE 1/1          0                 1      -1        0
.................................................................

WIND (MPH)
AVERAGE WIND SPEED              13.3
HIGHEST WIND SPEED/DIRECTION    43/200    DATE  03/29
HIGHEST GUST SPEED/DIRECTION    53/250    DATE  03/23

SKY COVER
AVERAGE SKY COVER           0.10

AVERAGE RH (PERCENT)     43

WEATHER CONDITIONS. NUMBER OF DAYS WITH
THUNDERSTORM              0     MIXED PRECIP               0
HEAVY RAIN                0     RAIN                       0
LIGHT RAIN                2     FREEZING RAIN              0
LT FREEZING RAIN          1     HAIL                       0
HEAVY SNOW                0     SNOW                       1
LIGHT SNOW                3     SLEET                      0
FOG                       2     FOG W/VIS <= 1/4 MILE      1
HAZE                      3

-  INDICATES NEGATIVE NUMBERS.
R  INDICATES RECORD WAS SET OR TIED.
MM INDICATES DATA IS MISSING.
T  INDICATES TRACE AMOUNT.

$$
