000
CXUS51 KCAR 030808
CLMCAR

CLIMATE REPORT
NATIONAL WEATHER SERVICE CARIBOU, ME
306 AM EST SAT JAN 3 2015

...................................

...THE CARIBOU ME CLIMATE SUMMARY FOR THE MONTH OF DECEMBER 2014...

CLIMATE NORMAL PERIOD 1981 TO 2010
CLIMATE RECORD PERIOD 1939 TO 2015

WEATHER         OBSERVED          NORMAL  DEPART  LAST YEAR`S
                 VALUE   DATE(S)  VALUE   FROM    VALUE  DATE(S)
                                          NORMAL
................................................................
TEMPERATURE (F)
RECORD
 HIGH              58   12/12/1950
                        12/05/1950
 LOW              -31   12/30/1989
HIGHEST            48   12/25        MM      MM       42  12/06
LOWEST            -15   12/31        MM      MM      -16  12/17
AVG. MAXIMUM     29.0              26.2     2.8     20.0
AVG. MINIMUM     15.6              10.3     5.3      5.7
MEAN             22.3              18.2     4.1     12.9
DAYS MAX >= 90      0               0.0     0.0        0
DAYS MAX <= 32     19              21.2    -2.2       26
DAYS MIN <= 32     27              29.9    -2.9       30
DAYS MIN <= 0       7               7.4    -0.4       12

PRECIPITATION (INCHES)
RECORD
 MAXIMUM         7.97   1973
 MINIMUM         0.74   1963
TOTALS           5.88                      2.61
DAILY AVG.       0.19              0.11    0.08     0.12
DAYS >= .01        15              14.3     0.7       22
DAYS >= .10        11               7.4     3.6       10
DAYS >= .50         5               2.1     2.9        2
DAYS >= 1.00        1               0.4     0.6        0
GREATEST
 24 HR. TOTAL    1.37   12/09 TO 12/10           12/15 TO 12/16
                                                          12/15 TO 12/15
                                                          12/15 TO 12/15

SNOWFALL (INCHES)
RECORDS
 TOTAL           59.9   1972
TOTALS           27.1              22.9     4.2     44.8
SINCE 7/1        55.9              35.1    20.8     54.9
SNOWDEPTH AVG.      8                 7       1        8
DAYS >= 1.0         6               5.8     0.2       10
GREATEST
 SNOW DEPTH        15   12/23                         20  12/30
                        12/22                             12/28
                        12/21                             12/27
 24 HR TOTAL      8.3   MM                       12/15 TO 12/15
                                                          12/15 TO 12/15
                                                          12/15 TO 12/15

DEGREE_DAYS
HEATING TOTAL    1315              1449    -134     1609
 SINCE 7/1       3267              3594    -327     3565
COOLING TOTAL       0                 0       0        0
 SINCE 1/1        266               180      86      192
......................................................

WIND (MPH)
AVERAGE WIND SPEED              7.4
HIGHEST WIND SPEED/DIRECTION    32/250    DATE  12/25
HIGHEST GUST SPEED/DIRECTION    50/250    DATE  12/26

SKY COVER
POSSIBLE SUNSHINE (PERCENT)   MM
AVERAGE SKY COVER           0.70
NUMBER OF DAYS FAIR            7
NUMBER OF DAYS PC              5
NUMBER OF DAYS CLOUDY         19

AVERAGE RH (PERCENT)     79

WEATHER CONDITIONS. NUMBER OF DAYS WITH
THUNDERSTORM              0     MIXED PRECIP               0
HEAVY RAIN                2     RAIN                       4
LIGHT RAIN                8     FREEZING RAIN              1
LT FREEZING RAIN          2     HAIL                       0
HEAVY SNOW                0     SNOW                       5
LIGHT SNOW               17     SLEET                      0
FOG                      20     FOG W/VIS <= 1/4 MILE      5
HAZE                      6

-  INDICATES NEGATIVE NUMBERS.
R  INDICATES RECORD WAS SET OR TIED.
MM INDICATES DATA IS MISSING.
T  INDICATES TRACE AMOUNT.
---------------------------------------------------------------------
...NORTHERN AND EASTERN MAINE MONTHLY AREA CLIMATE NARRATIVE...
...A MILD AND WET MONTH...

DECEMBER 2014 FEATURED WELL ABOVE AVERAGE TEMPERATURES AND
PRECIPITATION ACROSS NORTHERN AND EASTERN MAINE. TEMPERATURES RANGED
FROM 3 TO 6 DEGREES ABOVE NORMAL...AND PRECIPITATION RANGED FROM 130
TO 200 PERCENT OF NORMAL.

THE MONTH BEGAN COLD WITH WELL BELOW NORMAL TEMPERATURES MUCH OF THE
TIME FROM THE 2ND THROUGH THE 8TH. TEMPERATURES WERE THEN ABOVE
NORMAL FROM THE 9TH THROUGH THE 28TH WITH THE EXCEPTION OF ONLY ONE
DAY.  THE MONTH ENDED ON A COLD NOTE WITH WELL BELOW NORMAL
TEMPERATURES THE LAST TWO DAYS OF THE MONTH. RECORD HIGH
TEMPERATURES WERE EITHER SET OR TIED ON CHRISTMAS DAY.  THE HIGH OF
48 DEGREES AT CARIBOU TIED THE RECORD SET IN 2003.  THE HIGH OF 54
AT BANGOR BROKE THE PREVIOUS RECORD OF 51 SET IN 2003.

AT CARIBOU...THE AVERAGE TEMPERATURE OF 22.3 DEGREES WAS 4.1 DEGREES
ABOVE THE 1981-2010 NORMALS.  IT TIED WITH 1950 AS THE 9TH WARMEST
DECEMBER ON RECORD.  FIVE OF THE TOP 10 WARMEST DECEMBERS HAVE
OCCURRED SINCE 2000.

AT BANGOR...THE AVERAGE TEMPERATURE OF 28.9 DEGREES WAS 4.3 DEGREES
ABOVE NORMAL.  IT RANKED AS THE 12TH WARMEST DECEMBER ON
RECORD...AND WAS THE WARMEST DECEMBER SINCE 2006.

THERE WERE A TOTAL OF 7 NIGHTS WHEN THE TEMPERATURE FELL BELOW ZERO
AT CARIBOU...WHICH IS AVERAGE FOR DECEMBER. THE TEMPERATURE DID NOT
FALL BELOW ZERO AT BANGOR. ON AVERAGE THERE ARE 2 NIGHTS DURING THE
MONTH OF DECEMBER WHEN THE TEMPERATURE WILL FALL BELOW ZERO...BUT IT
IS NOT ALL THAT UNCOMMON TO GO THROUGH THE MONTH OF DECEMBER WITH NO
SUB-ZERO COLD.

A TOTAL OF 5.88 INCHES OF RAIN (AND MELTED SNOW) WAS OBSERVED AT
CARIBOU. IT WAS THE 3RD WETTEST DECEMBER ON RECORD BEHIND ONLY 1973
AND 2005. A TOTAL OF 27.1 INCHES OF SNOW FELL...WHICH WAS 4.2 INCHES
ABOVE NORMAL.

A TOTAL OF 5.23 INCHES OF RAIN (AND MELTED SNOW) WAS OBSERVED AT
BANGOR.  IT RANKED AS THE 14TH WETTEST DECEMBER ON RECORD. ONLY 6.5
INCHES OF SNOW WAS OBSERVED...WHICH WAS 8.5 INCHES BELOW NORMAL. IT
WAS THE LEAST SNOWY DECEMBER SINCE 2006.

AT THE START OF THE MONTH THE SNOW DEPTH RANGED FROM 3 TO 10 INCHES
ACROSS NORTHERN AND EASTERN MAINE.  THE ONLY SPOTS THAT HAD NO SNOW
WERE ALONG THE IMMEDIATE COAST. BY THE END OF THE MONTH...THE SNOW
DEPTH RANGED FROM 5 TO 10 INCHES ACROSS NORTHERN MAINE WITH A FEW
SPOTS LIKELY OVER A FOOT IN THE GREAT NORTH WOODS. THERE WAS A
LITTLE OR NO SNOW ON THE GROUND ACROSS DOWN EAST MAINE.

THE OUTLOOK FROM THE CLIMATE PREDICTION CENTER (WWW.CPC.NOAA.GOV)
FOR JANUARY ACROSS OUR REGION INDICATED THAT THERE ARE NO STRONG
CLIMATE SIGNALS THAT WOULD POINT TOWARD AN UNUSUALLY COLD OR MILD
JANUARY...ALTHOUGH THE MONTH WILL GET OFF TO A COLD START DURING THE
FIRST THIRD OF THE MONTH. THERE ARE ALSO NO CLIMATE SIGNALS THAT
WOULD POINT TOWARD AN UNUSUALLY WET (SNOWY) OR DRY MONTH. AVERAGE
HIGH TEMPERATURES IN JANUARY ARE NEAR 20 DEGREES AT CARIBOU AND IN
THE UPPER 20 AT BANGOR.  AVERAGE LOW TEMPERATURES BOTTOM OUT AT ZERO
AT CARIBOU AND AT 6 ABOVE AT BANGOR. JANUARY IS ON AVERAGE THE
SNOWIEST MONTH OF YEAR WITH AN AVERAGE MONTHLY SNOWFALL OF 19.2
INCHES AT BANGOR AND 25.2 INCHES AT CARIBOU. NEARLY AN HOUR OF
DAYLIGHT IS GAINED DURING THE MONTH.

$$

CB/VJN
