000
CXUS51 KCAR 011348
CLMCAR

CLIMATE REPORT
NATIONAL WEATHER SERVICE CARIBOU, ME
945 AM EDT FRI APR 1 2016

...................................

...THE CARIBOU ME CLIMATE SUMMARY FOR THE MONTH OF MARCH 2016...

CLIMATE NORMAL PERIOD 1981 TO 2010
CLIMATE RECORD PERIOD 1939 TO 2016

WEATHER         OBSERVED          NORMAL  DEPART  LAST YEAR`S
                 VALUE   DATE(S)  VALUE   FROM    VALUE  DATE(S)
                                          NORMAL
................................................................
TEMPERATURE (F)
RECORD
 HIGH              75   03/21/2012
 LOW              -28   03/02/2001
HIGHEST            47   03/16        MM      MM       45  03/26
                                                          03/11
LOWEST             -8   03/04        MM      MM      -20  03/06
AVG. MAXIMUM     33.2              33.9    -0.7     31.0
AVG. MINIMUM     15.1              15.2    -0.1      8.1
MEAN             24.1              24.5    -0.4     19.5
DAYS MAX >= 90      0               0.0     0.0        0
DAYS MAX <= 32     14              11.6     2.4       18
DAYS MIN <= 32     30              29.3     0.7       31
DAYS MIN <= 0       4               4.0     0.0        6

PRECIPITATION (INCHES)
RECORD
 MAXIMUM         5.27   2008
 MINIMUM         0.66   1965
TOTALS           4.70                      2.19
DAILY AVG.       0.15              0.08    0.07     0.05
DAYS >= .01        15              12.6     2.4       13
DAYS >= .10        11               6.1     4.9        3
DAYS >= .50         4               1.5     2.5        1
DAYS >= 1.00        0               0.3    -0.3        0
GREATEST
 24 HR. TOTAL    1.37   03/28 TO 03/29           03/15 TO 03/15
                                                          03/15 TO 03/15
                                                          03/15 TO 03/15

SNOWFALL (INCHES)
RECORDS
 TOTAL           47.1   1955
TOTALS           27.2              18.3     8.9     24.9
SINCE 7/1        87.2             100.8   -13.6    133.2
SNOWDEPTH AVG.     11                16      -5       17
DAYS >= 1.0         8               4.5     3.5        7
GREATEST
 SNOW DEPTH        15   03/30                         25  03/04
 24 HR TOTAL      7.5   03/02 TO 03/02           03/15 TO 03/15
                                                          03/15 TO 03/15
                                                          03/15 TO 03/15

DEGREE_DAYS
HEATING TOTAL    1257              1254       3     1402
 SINCE 7/1       6999              7975    -976     8143
COOLING TOTAL       0                 0       0        0
 SINCE 1/1          0                 0       0        0
......................................................

WIND (MPH)
AVERAGE WIND SPEED              8.1
HIGHEST WIND SPEED/DIRECTION    33/330    DATE  03/13
HIGHEST GUST SPEED/DIRECTION    43/320    DATE  03/13

SKY COVER
POSSIBLE SUNSHINE (PERCENT)   MM
AVERAGE SKY COVER           0.50
NUMBER OF DAYS FAIR           13
NUMBER OF DAYS PC              7
NUMBER OF DAYS CLOUDY         11

AVERAGE RH (PERCENT)     65

WEATHER CONDITIONS. NUMBER OF DAYS WITH
THUNDERSTORM              0     MIXED PRECIP               0
HEAVY RAIN                0     RAIN                       3
LIGHT RAIN                7     FREEZING RAIN              1
LT FREEZING RAIN          2     HAIL                       0
HEAVY SNOW                3     SNOW                      10
LIGHT SNOW               14     SLEET                      0
FOG                      17     FOG W/VIS <= 1/4 MILE      8
HAZE                     17

-  INDICATES NEGATIVE NUMBERS.
R  INDICATES RECORD WAS SET OR TIED.
MM INDICATES DATA IS MISSING.
T  INDICATES TRACE AMOUNT.
---------------------------------------------------------------------
...CLIMATE SUMMARY FOR MARCH 2016 FOR NORTHERN AND EASTERN MAINE...

OVERALL...MARCH 2016 FINISHED WITH NEAR TO SLIGHTLY BELOW AVERAGE
TEMPERATURES ACROSS FAR NORTHERN MAINE WITH ABOVE AVERAGE
TEMPERATURES ACROSS THE REMAINDER OF THE REGION.

AT CARIBOU...THE AVERAGE TEMPERATURE OF 24.1 DEGREES WAS 4 TENTHS OF
A DEGREE BELOW THE 30-YEAR AVERAGE.  AT BANGOR ON THE OTHER
HAND...THE AVERAGE TEMPERATURE OF 32.9 DEGREES WAS 2.7 DEGREES ABOVE
AVERAGE.

A TOTAL OF 4.70 INCHES OF RAIN (AND MELTED SNOW) WAS OBSERVED AT
CARIBOU...WHICH WAS 2.19 INCHES ABOVE AVERAGE. IT RANKED AS THE 6TH
WETTEST MARCH ON RECORD AT CARIBOU. A TOTAL OF 27.2 INCHES OF SNOW
WAS OBSERVED WHICH WAS 8.9 INCHES ABOVE AVERAGE AND RANKED AS THE
18TH SNOWIEST MARCH ON RECORD.

AT BANGOR...A TOTAL OF 3.27 INCHES OF RAIN (AND MELTED SNOW) WAS
OBSERVED WHICH WAS JUST 11 HUNDREDTHS (0.11") OF AN INCH BELOW
AVERAGE.  A TOTAL OF 6 INCHES OF SNOW WAS OBSERVED WHICH WAS 5.7
INCHES BELOW AVERAGE.  IT WAS THE LEAST SNOWY MARCH AT BANGOR SINCE
2010.

AT THE START OF THE MONTH THERE WAS LITTLE OR NO SNOW ON THE GROUND
ACROSS DOWNEAST AREAS AND ALONG THE COAST. ACROSS NORTHERN
AREAS...SNOW DEPTH WAS ONLY A QUARTER TO A THIRD OF AVERAGE. THE
ONLY EXCEPTION WAS IN PARTS OF NORTH WOODS WHERE SNOW DEPTH WAS AS
HIGH AS 40 TO 50 INCHES IN SOME AREAS ALONG THE WESTERN MAINE BORDER
WITH QUEBEC.  BY THE END OF THE MONTH...THERE WAS LITTLE IN THE WAY
OF SIGNIFICANT SNOW COVER SOUTH OF A DOVER-FOXCROFT TO DANFORTH LINE
WITH NO SNOW BEING REPORTED FROM BANGOR DOWN TO THE COAST. THE
CENTRAL HIGHLANDS WERE COVERED WITH A FOOT OR LESS OF SNOW. THIS
INCREASES RATHER QUICKLY AS YOU HEAD NORTH INTO AROOSTOOK COUNTY AND
THE NORTH WOODS. THE SAINT JOHN VALLEY AND ALLAGASH REGIONS HAVE THE
DEEPEST SNOW PACK...WHERE 20 TO 30 INCHES IS COMMON. HIGHER AMOUNTS
WERE LIKELY ACROSS THE HIGHER TERRAIN.

THE SNOW WATER EQUIVALENT AT THE END OF MARCH WAS NEAR NORMAL. THE
HIGHEST SNOW WATER EQUIVALENT WAS ACROSS NORTHERN MAINE WITH 5 TO 8
INCHES BEING REPORTED FROM HOULTON NORTH. LOCALLY HIGHER AMOUNTS
EXIST IN THE HIGHER TERRAIN OF THE NORTH WOODS. DOWN INTO THE
CENTRAL HIGHLANDS...THE SNOW HAD ONLY 1 TO 3 INCHES OF WATER
EQUIVALENT.

THE OUTLOOK FROM THE CLIMATE PREDICATION CENTER FOR APRIL CALLS FOR
AN INCREASED LIKELIHOOD OF BELOW AVERAGE TEMPERATURES.  THERE ARE NO
STRONG CLIMATE SIGNALS THAT WOULD POINT TOWARD AN UNUSUALLY WET
(SNOWY) OR DRY MONTH.

DURING THE MONTH OF APRIL TEMPERATURES UNDERGO THE LARGEST RISE OF
ANY MONTH OF THE YEAR. THE AVERAGE HIGH AT CARIBOU (BANGOR) CLIMBS
FROM 40 (46) DEGREES ON THE 1ST TO 56 (59) DEGREES BY THE END OF THE
MONTH. THE AVERAGE LOW RISES FROM 23 (27) ON THE 1ST TO 36 (37) BY
THE END OF THE MONTH.  THERE IS A GAIN OVER OVER 1 1/2 HOURS OF
USABLE DAYLIGHT DURING THE MONTH OF APRIL.

$$

CB/VJN
