000
CXUS54 KMRX 011833
CLMCHA

CLIMATE REPORT
NATIONAL WEATHER SERVICE MORRISTOWN TN
133 PM EST THU JAN 1 2015

...................................

...THE CHATTANOOGA CLIMATE SUMMARY FOR THE MONTH OF DECEMBER 2014...

CLIMATE NORMAL PERIOD 1981 TO 2010
CLIMATE RECORD PERIOD 1879 TO 2014

WEATHER         OBSERVED          NORMAL  DEPART
                 VALUE   DATE(S)  VALUE   FROM
                                          NORMAL
................................................
TEMPERATURE (F)
HIGHEST            68   12/01
LOWEST             26   12/15
AVG. MAXIMUM     53.7              52.1     1.6
AVG. MINIMUM     38.1              33.1     5.0
MEAN             45.9              42.6     3.3
DAYS MAX >= 90      0
DAYS MAX <= 32      0
DAYS MIN <= 32     10
DAYS MIN <= 0       0

PRECIPITATION (INCHES)
RECORD
 MAXIMUM        13.68   1961
 MINIMUM         0.44   1889
TOTALS           4.40              4.90   -0.50
DAYS >= .01        13
DAYS >= .10         8
DAYS >= .50         3
DAYS >= 1.00        1
GREATEST
 24 HR. TOTAL    2.40   12/23 TO 12/24

SNOWFALL (INCHES)
TOTALS            0.0               0.3    -0.3
SINCE 7/1           T
SNOWDEPTH AVG.      0
DAYS >= TRACE       0
GREATEST
 SNOW DEPTH         0   MM

DEGREE_DAYS
HEATING TOTAL     585               695    -110
 SINCE 7/1       1261              1284     -23
COOLING TOTAL       0                 1      -1
 SINCE 1/1       1910              1742     168
.................................................



-  INDICATES NEGATIVE NUMBERS.
R  INDICATES RECORD WAS SET OR TIED.
MM INDICATES DATA IS MISSING.
T  INDICATES TRACE AMOUNT.

$$
