000
CXUS54 KHGX 011755
CLMCLL

CLIMATE REPORT
NATIONAL WEATHER SERVICE HOUSTON/GALVESTON TX
1254 PM CDT FRI APR 1 2016

...................................

...THE COLLEGE STATION CLIMATE SUMMARY FOR THE MONTH OF MARCH 2016...

CLIMATE NORMAL PERIOD 1981 TO 2010
CLIMATE RECORD PERIOD 1902 TO 2016

WEATHER         OBSERVED          NORMAL  DEPART  LAST YEAR`S
                 VALUE   DATE(S)  VALUE   FROM    VALUE  DATE(S)
                                          NORMAL
................................................................
TEMPERATURE (F)
RECORD
 HIGH              96   03/30/1946
 LOW               17   03/05/2002
                        03/05/1989
                        03/03/1943

HIGHEST            89   03/14        MM      MM       83  03/29
LOWEST             35   03/21        MM      MM       27  03/06

AVG. MAXIMUM     75.7              71.7     4.0     68.6
AVG. MINIMUM     54.8              51.0     3.8     50.3
MEAN             65.2              61.4     3.8     59.5

DAYS MAX >= 90      0               0.1    -0.1        0
DAYS MAX <= 32      0               0.0     0.0        0
DAYS MIN <= 32      0               0.9    -0.9        3
DAYS MIN <= 0       0               0.0     0.0        0

PRECIPITATION (INCHES)
RECORD
 MAXIMUM         8.66   2012
 MINIMUM         0.29   1971

TOTALS           4.43              3.17    1.26     5.83
DAILY AVG.       0.14              0.10    0.04     0.19

DAYS >= .01         6               8.3    -2.3       10
DAYS >= .10         6               4.9     1.1        7
DAYS >= .50         3               2.2     0.8        3
DAYS >= 1.00        2               1.1     0.9        1
GREATEST
 24 HR. TOTAL    2.77   03/09 TO 03/10

SNOWFALL (INCHES)
RECORDS
 TOTAL            0.1   2008
TOTALS            0.0               0.0     0.0        T
SINCE 7/1         0.0                 T     0.0        T

SNOWDEPTH AVG.      0                MM      MM        0
DAYS >= 1.0         0               0.0     0.0        0
GREATEST
 SNOW DEPTH         0   MM                             0  MM
 24 HR TOTAL      0.0   03/31 TO 03/31

DEGREE_DAYS
HEATING TOTAL      76               172     -96      211
 SINCE 7/1       1123              1559    -436     1752
COOLING TOTAL      90                59      31       46
 SINCE 1/1        115                87      28       47
.................................................................

WIND (MPH)
AVERAGE WIND SPEED              10.5
HIGHEST WIND SPEED/DIRECTION    33/310    DATE  03/24
HIGHEST GUST SPEED/DIRECTION    49/290    DATE  03/24

SKY COVER
AVERAGE SKY COVER           0.50

AVERAGE RH (PERCENT)     69

WEATHER CONDITIONS. NUMBER OF DAYS WITH
THUNDERSTORM              5     MIXED PRECIP               0
HEAVY RAIN                5     RAIN                       6
LIGHT RAIN               10     FREEZING RAIN              0
LT FREEZING RAIN          0     HAIL                       0
HEAVY SNOW                0     SNOW                       0
LIGHT SNOW                0     SLEET                      0
FOG                      18     FOG W/VIS <= 1/4 MILE      4
HAZE                      4

-  INDICATES NEGATIVE NUMBERS.
R  INDICATES RECORD WAS SET OR TIED.
MM INDICATES DATA IS MISSING.
T  INDICATES TRACE AMOUNT.

$$
